MONTHLY CLIMATOLOGICAL SUMMARY for Mai        2013

CITY: Mannheim-Seckenheim    ELEV: 96 m  LAT: 49 28' 7"   LONG: 8 33' 26" 

    TEMPERATURE (C), BAROMETER (hPa), RAIN  (l/m), WIND SPEED (km/h)

        MEAN            TEMPERATURE                                              WIND                   DOM
 DAY    TEMP    HIGH   TIME     LOW   TIME     HUM       Baro      Rain    SPEED      HIGH   TIME       DIR
--------------------------------------------------------------------------------------------------------------
   1    12.9    17.3  17:45     9.0  06:40      82     1019.0       0.0      8.5      22.5  16:45        NO
   2    15.0    19.9  15:15    10.0  06:50      76     1016.9       0.2      8.6      19.3  16:15        NO
   3    14.8    18.2  15:40    12.2  04:05      80     1014.2       2.0      5.7      19.3  13:55        NO
   4    13.8    17.2  16:50    12.1  06:55      91     1016.9      11.6      5.2      17.7  18:50         S
   5    15.4    22.3  16:05     9.2  06:35      76     1020.8       0.2      5.0      16.1  16:35      O-NO
   6    17.8    24.2  16:45    10.4  06:10      65     1016.2       0.0      6.3      22.5  23:15        NO
   7    16.0    21.1  16:10    13.0  23:50      83     1013.5      12.2      4.4      12.9  14:35         S
   8    17.6    24.4  16:20    10.2  06:05      69     1012.1       0.6      5.9      17.7  22:50        SW
   9    17.9    21.5  15:15    15.0  05:50      79     1012.6       1.0      6.9      19.3  16:00        SW
  10    15.5    18.9  13:30    12.8  06:05      69     1014.5       0.8     10.3      30.6  16:55         W
  11    13.8    17.8  14:30    11.4  21:55      77     1015.2       2.0      6.4      20.9  15:05        SW
  12    11.3    14.8  14:05     8.2  08:15      80     1015.3       6.8     12.1      45.1  15:15         W
  13    11.3    14.9  17:15     8.9  06:35      88     1016.5       7.0     10.6      24.1  15:30        SW
  14    14.2    18.6  15:25    10.3  02:35      76     1009.9       0.0      7.0      20.9  14:10        SW
  15    15.5    21.2  12:35     9.8  03:10      78     1001.2       0.4      5.4      20.9  12:35         W
  16    14.7    18.2  17:35    10.3  05:55      86      996.7       0.6      3.9      14.5  16:45        NW
  17    13.1    14.8  00:00    12.0  23:50      88      999.4       0.8      5.9      17.7  15:55         W
  18    15.8    21.8  17:10    10.5  06:35      69     1006.4       0.2      6.6      16.1  22:25        SW
  19    13.6    18.9  11:40    10.7  23:30      81     1006.4      13.6      8.6      29.0  12:35        SW
  20    11.7    14.3  14:10    10.4  05:25      88     1010.1       4.6     14.1      27.4  09:15        SW
  21    12.7    17.1  15:00     9.7  02:15      84     1010.1       2.6     10.4      25.7  16:15        SW
  22    11.2    12.9  14:30     9.9  23:50      83     1010.3       5.4     12.6      27.4  14:45        NW
  23     8.6    11.7  12:55     6.1  23:40      87     1008.4       8.4      6.8      25.7  14:00        SW
  24     8.0    13.8  16:05     3.9  05:35      79     1010.7       0.2      5.0      17.7  16:15         W
  25     9.8    15.4  16:00     2.7  05:50      71     1011.9       0.0      9.2      24.1  23:10      N-NO
  26     8.8    10.7  00:00     7.9  08:25      92     1011.5      21.4      9.9      20.9  13:00        SW
  27    12.8    18.2  18:10     8.7  05:40      79     1009.6       7.0      5.9      14.5  15:20      S-SW
  28    15.5    23.5  17:45     6.6  05:35      70     1003.0       3.2      6.2      27.4  20:15        SW
  29    11.1    13.4  00:00     9.2  23:50      92     1002.0      12.8      7.6      24.1  11:45        SW
  30    12.8    17.8  17:55     7.2  05:20      76     1006.1       0.0      7.2      19.3  23:15        NW
  31    13.5    16.4  23:20    10.3  04:40      90     1003.3      30.4     11.7      30.6  09:10      N-NO
--------------------------------------------------------------------------------------------------------------
Avg:    13.4    24.4      8     2.7     25      80     1010.3     156.0      7.7      45.1     12        SW


Distribution WD Values         5573
Distribution WD N-NO        5.652%
Distribution WD NO          9.510%
Distribution WD NO-O        3.661%
Distribution WD O           1.830%
Distribution WD O-SO        1.453%
Distribution WD SO          1.938%
Distribution WD SO-S        4.899%
Distribution WD S           7.142%
Distribution WD S-SW       11.340%
Distribution WD SW         19.720%
Distribution WD SW-W        7.231%
Distribution WD W          11.610%
Distribution WD W-NW        3.140%
Distribution WD NW          3.768%
Distribution WD NW-N        2.620%
Distribution WD N           4.486%

Rain days >0.0 l/m Month     26
Rain days >2.0 l/m Month     15
Rain days >20.0 l/m Month    2


Ice days    max <  0C      0
Cold days   min <= 0C      0
Cool days   max < 10C      0
Summer days max >=25C      0
Hot days    max >=30C      0

Last year same Month: Ice days    max <  0C      0
Last year same Month: Cold days   min <= 0C      0
Last year same Month: Cool days   max < 10C      0
Last year same Month: Summer days max >=25C     13
Last year same Month: Hot days    max >=30C      2

 1999-2020  Werner Krenn - Wetterstation Bedien- und Auswertesoftware - V2.99.8.8