MONTHLY CLIMATOLOGICAL SUMMARY for Mrz       2013

CITY: Mannheim-Seckenheim    ELEV: 96 m  LAT: 49 28' 7"   LONG: 8 33' 26" 

    TEMPERATURE (C), BAROMETER (hPa), RAIN  (l/m), WIND SPEED (km/h)

        MEAN            TEMPERATURE                                              WIND                   DOM
 DAY    TEMP    HIGH   TIME     LOW   TIME     HUM       Baro      Rain    SPEED      HIGH   TIME       DIR
--------------------------------------------------------------------------------------------------------------
   1     3.2     3.9  20:15     2.4  09:10      81     1023.3       0.0      8.5      17.7  19:45        NO
   2     3.2     6.8  16:00    -0.3  23:15      70     1023.3       0.0      5.7      14.5  07:00      O-NO
   3     1.6     7.2  16:00    -2.8  07:00      83     1022.2       0.0      3.6      16.1  10:45        NO
   4     3.8    12.2  15:25    -2.3  06:55      74     1018.6       0.2      3.5      14.5  14:10         O
   5     4.5    12.8  15:00    -1.7  07:05      76     1010.8       0.0      2.0       8.0  11:45        SO
   6     6.8    16.7  16:20    -0.7  07:20      74     1002.4       0.0      3.1      12.9  13:35        NO
   7    11.2    17.4  15:00     6.0  04:00      71      999.1       0.0      3.7      12.9  13:40         S
   8    12.0    16.7  13:35     7.4  07:05      79      998.6       0.2      4.1      17.7  23:30         W
   9    11.3    15.8  12:25     7.4  22:25      84     1000.8       3.0      8.2      20.9  11:50        SW
  10     7.2    12.8  15:15     3.2  23:30      85      999.0       0.2      9.3      30.6  14:55      N-NO
  11     2.4     3.6  14:35     1.3  07:40      86     1001.2       0.2     11.0      17.7  14:00        NO
  12    -0.2     1.4  00:00    -2.6  23:00      89      998.8       5.4     11.6      19.3  15:40        NO
  13    -2.1     0.8  16:10    -4.9  23:50      82     1004.3       0.0      7.7      14.5  03:15      N-NO
  14    -1.7     2.7  14:15    -6.4  06:30      83     1010.6       0.0      4.6      14.5  13:40         W
  15    -0.2     3.7  16:05    -4.2  06:55      65     1016.0       0.0      7.3      19.3  12:50         N
  16     3.9     9.3  14:15    -2.3  06:45      53     1012.7       0.0     10.1      24.1  15:50      O-SO
  17     5.9     8.3  13:35     4.4  09:55      74     1000.9       6.0     12.1      29.0  15:55         O
  18     5.6     8.0  12:55     2.2  23:25      91      994.4       5.2      4.5      11.3  05:25         S
  19     5.0     8.2  13:00     1.7  00:40      89      999.1       3.6      8.4      35.4  13:50      W-SW
  20     5.5     9.6  15:30     3.1  02:25      89     1003.3       6.6      8.3      24.1  12:50        SW
  21     4.4     7.3  15:30     2.8  03:20      81     1016.2       0.0      6.9      19.3  00:40        NO
  22     5.0    10.4  14:50     0.5  06:25      68     1014.3       0.0     11.0      24.1  17:50        NO
  23     3.2     4.8  14:00     1.6  02:55      63     1012.7       0.0     13.7      29.0  19:00      O-NO
  24     3.1     5.8  14:40     0.9  06:40      52     1011.2       0.0     16.6      25.7  02:35      O-NO
  25     1.7     3.9  14:50    -0.6  07:35      60     1010.1       0.0     14.8      24.1  05:10        NO
  26     1.2     3.4  16:50    -0.3  23:25      62     1009.5       0.0      9.8      20.9  04:15        NO
  27     1.3     5.3  14:40    -1.6  06:30      62     1009.2       0.0      9.2      17.7  13:40         O
  28     4.6     9.3  15:25     0.8  07:10      62     1006.3       0.0      5.9      16.1  21:30         O
  29     3.6     6.7  15:10     0.6  06:40      71     1006.6       0.0      7.2      22.5  03:35         W
  30     3.8     8.2  12:55    -0.1  02:45      69     1004.3       0.0     11.4      25.7  17:05         N
  31     2.7     6.3  14:30    -0.6  06:15      67     1009.0       0.0     10.6      22.5  14:25      N-NO
--------------------------------------------------------------------------------------------------------------
Avg:     4.0    17.4      7    -6.4     14      74     1008.0      30.6      8.2      35.4     19        NO


Distribution WD Values         6077
Distribution WD N-NO       12.259%
Distribution WD NO         22.676%
Distribution WD NO-O       13.675%
Distribution WD O           9.281%
Distribution WD O-SO        4.558%
Distribution WD SO          1.909%
Distribution WD SO-S        2.287%
Distribution WD S           3.192%
Distribution WD S-SW        2.238%
Distribution WD SW          4.311%
Distribution WD SW-W        3.916%
Distribution WD W           5.924%
Distribution WD W-NW        1.053%
Distribution WD NW          0.954%
Distribution WD NW-N        1.827%
Distribution WD N           9.939%

Rain days >0.0 l/m Month     10
Rain days >2.0 l/m Month     6
Rain days >20.0 l/m Month    0


Ice days    max <  0C      0
Cold days   min <= 0C     15
Cool days   max < 10C     23
Summer days max >=25C      0
Hot days    max >=30C      0

Last year same Month: Ice days    max <  0C      0
Last year same Month: Cold days   min <= 0C      3
Last year same Month: Cool days   max < 10C      2
Last year same Month: Summer days max >=25C      0
Last year same Month: Hot days    max >=30C      0

 1999-2020  Werner Krenn - Wetterstation Bedien- und Auswertesoftware - V2.99.8.8