MONTHLY CLIMATOLOGICAL SUMMARY for Dezember   2012

CITY: Mannheim-Seckenheim    ELEV: 96 m  LAT: 49 28' 7"   LONG: 8 33' 26" 

    TEMPERATURE (C), BAROMETER (hPa), RAIN  (l/m), WIND SPEED (km/h)

        MEAN            TEMPERATURE                                              WIND                   DOM
 DAY    TEMP    HIGH   TIME     LOW   TIME     HUM       Baro      Rain    SPEED      HIGH   TIME       DIR
--------------------------------------------------------------------------------------------------------------
   1    -0.5     3.3  14:05    -3.6  07:45      89     1014.0       0.2      2.6      12.9  23:20      S-SO
   2     1.2     2.2  16:05    -0.2  00:00      93     1012.2       4.2      6.7      19.3  01:05        SW
   3     1.8     3.8  23:55     0.6  08:25      92     1013.3       1.6      9.9      29.0  20:05        SW
   4     3.9     5.0  14:55     1.8  09:20      93     1001.7      11.2      9.9      25.7  14:30        SW
   5     3.4     4.7  14:10     1.3  22:40      91     1002.8       3.0      7.2      22.5  15:20         W
   6     1.2     3.0  12:20    -1.3  20:55      81     1013.4       0.2     10.8      30.6  04:40         W
   7    -0.5     0.8  12:25    -1.5  03:15      88     1007.4       1.8      6.6      20.9  09:30      O-SO
   8    -3.0    -0.3  00:00    -6.1  21:40      88     1019.5       0.0      4.2      12.9  03:00        NO
   9    -1.6     2.2  23:10    -6.3  02:10      93     1019.5       1.6     14.1      32.2  15:05        SW
  10     3.2     4.9  11:25     1.5  23:50      86     1010.4       0.4     14.5      27.4  22:00         W
  11     0.5     1.7  14:25    -3.1  23:50      82     1021.9       0.2     10.2      22.5  02:40        NW
  12    -3.5    -0.7  14:35    -5.8  23:55      89     1023.1       0.0      3.9      16.1  10:50      S-SO
  13    -2.9     0.9  23:55    -6.6  02:50      86     1013.1       0.4      2.7      14.5  13:30      S-SW
  14     4.2     7.1  16:30     0.9  00:00      90     1003.4       3.4      7.1      20.9  16:20         S
  15     7.8     9.7  13:05     5.5  00:50      93     1002.9       2.4      9.6      22.5  11:15         S
  16     7.7     9.1  14:10     6.3  21:00      91     1007.1       3.0     10.4      27.4  15:10         S
  17     7.2     8.8  13:20     5.8  08:05      94     1006.4       3.8      9.4      20.9  17:15        SW
  18     5.8     7.0  14:55     4.8  21:35      95     1013.4       7.4      3.1      17.7  00:00        SW
  19     5.1     7.1  15:20     1.6  23:30      94     1022.0       0.0      2.7       8.0  10:25        SO
  20     2.5     4.0  13:25     0.6  05:55      87     1015.5       5.4      7.7      24.1  10:00         O
  21     4.8     6.5  21:55     2.6  00:00      97     1011.6       5.6      1.3       6.4  01:10      S-SW
  22     6.5     7.6  14:50     5.8  07:35      97     1015.8      10.2      4.8      17.7  20:35      O-SO
  23    12.0    14.1  13:50     6.5  00:00      88     1009.9       2.6     16.5      35.4  10:05        SW
  24    11.6    14.3  14:30     9.2  08:35      77     1008.7       0.0      7.7      25.7  00:50         S
  25    10.4    14.3  12:05     9.0  22:10      77     1004.7       0.6     13.1      38.6  13:30        SW
  26     9.1     9.7  00:15     8.0  09:50      79     1011.6       0.4     17.9      37.0  13:50        SW
  27     8.3     9.2  00:45     6.9  22:35      90     1007.7      10.6     15.7      32.2  19:35        SW
  28     7.6     8.4  13:50     7.1  09:20      86     1024.3       0.6     10.7      24.1  01:50         W
  29     8.6    11.0  15:00     7.6  00:00      82     1018.6       0.2      7.3      19.3  14:00      S-SO
  30     8.9    10.4  03:35     7.6  18:50      75     1018.5       0.0     17.3      37.0  08:20        SW
  31     7.6     9.3  11:20     5.4  22:50      81     1017.9       0.0     10.7      25.7  12:20         S
--------------------------------------------------------------------------------------------------------------
Avg:     4.5    14.3     24    -6.6     13      88     1012.7      81.0      8.9      38.6     25        SW


Distribution WD Values         5878
Distribution WD N-NO        1.174%
Distribution WD NO          1.599%
Distribution WD NO-O        0.681%
Distribution WD O           3.930%
Distribution WD O-SO        5.495%
Distribution WD SO          6.482%
Distribution WD SO-S        9.799%
Distribution WD S          14.001%
Distribution WD S-SW       10.633%
Distribution WD SW         24.141%
Distribution WD SW-W        7.945%
Distribution WD W           9.272%
Distribution WD W-NW        1.854%
Distribution WD NW          1.361%
Distribution WD NW-N        0.527%
Distribution WD N           1.106%

Rain days >0.0 l/m Month     25
Rain days >2.0 l/m Month     13
Rain days >20.0 l/m Month    0


Ice days    max <  0C      2
Cold days   min <= 0C      9
Cool days   max < 10C     26
Summer days max >=25C      0
Hot days    max >=30C      0

Last year same Month: Ice days    max <  0C      0
Last year same Month: Cold days   min <= 0C      3
Last year same Month: Cool days   max < 10C     23
Last year same Month: Summer days max >=25C      0
Last year same Month: Hot days    max >=30C      0

 1999-2020  Werner Krenn - Wetterstation Bedien- und Auswertesoftware - V2.99.8.8