MONTHLY CLIMATOLOGICAL SUMMARY for November   2012

CITY: Mannheim-Seckenheim    ELEV: 96 m  LAT: 49 28' 7"   LONG: 8 33' 26" 

    TEMPERATURE (C), BAROMETER (hPa), RAIN  (l/m), WIND SPEED (km/h)

        MEAN            TEMPERATURE                                              WIND                   DOM
 DAY    TEMP    HIGH   TIME     LOW   TIME     HUM       Baro      Rain    SPEED      HIGH   TIME       DIR
--------------------------------------------------------------------------------------------------------------
   1     8.8    13.8  13:55     4.8  04:30      83      990.6       0.8      8.3      32.2  15:40        SW
   2     9.2    11.9  12:35     7.3  07:35      82     1000.0       8.2     12.8      30.6  11:05         S
   3     9.6    13.7  15:40     7.5  08:30      92     1003.0      17.6      9.9      33.8  15:40         S
   4     9.2    10.7  15:15     7.7  03:50      94     1002.0       5.6      7.3      20.9  10:35         S
   5     8.0     9.8  12:55     6.6  06:00      92     1003.4       2.2      8.3      19.3  08:00        SW
   6     5.6     9.8  14:00     3.2  06:00      88     1017.2       1.0      3.7      17.7  16:00         W
   7     7.1     8.7  14:25     3.8  00:00      94     1025.5       4.2     11.5      22.5  06:30        SW
   8     8.5     9.0  15:50     8.1  04:55      90     1021.6       0.0      5.7      16.1  09:20      S-SW
   9     7.6    11.2  14:45     4.3  08:10      88     1015.9       0.0      2.9      11.3  14:10        SO
  10     9.3    11.9  20:25     6.4  00:00      95     1004.5      11.2      4.2      12.9  19:35      S-SO
  11    10.0    11.7  00:20     5.7  23:50      91     1010.7       0.6      3.3      14.5  00:55         S
  12     6.5     9.1  14:30     2.9  23:50      86     1025.4       0.0      2.2      11.3  14:45         W
  13     3.6     8.9  14:35     0.7  07:15      92     1031.3       0.2      2.0       9.7  12:30        NO
  14     5.3     8.3  15:00     0.4  03:55      90     1027.8       0.0      6.3      17.7  09:05         O
  15     6.4     7.4  00:00     5.2  22:55      83     1022.5       0.0      6.0      16.1  11:30      O-NO
  16     5.7     6.4  14:25     5.3  00:00      85     1018.8       0.0      3.1       9.7  13:55      S-SW
  17     5.3     6.2  13:00     3.9  07:20      89     1013.7       0.0      5.4      14.5  12:05      O-SO
  18     8.0    11.8  13:25     5.2  06:05      88     1012.5       0.0      3.3      12.9  11:35         S
  19     6.6     9.8  13:55     4.1  05:40      92     1017.0       0.2      1.7       8.0  14:30        SW
  20     3.8     4.9  00:00     2.5  05:45      95     1019.7       0.0      2.9       8.0  04:45      W-SW
  21     4.7     7.4  14:20     2.9  04:35      89     1017.9       0.0      6.2      16.1  14:00      S-SO
  22     6.2    11.1  14:30     1.9  23:50      92     1022.8       0.2      2.6       8.0  13:35      N-NO
  23     5.3     8.4  23:55     0.8  03:25      94     1019.7       0.0      3.5      11.3  16:10         S
  24     9.8    13.3  13:15     5.3  08:20      84     1016.8       0.0      3.2      11.3  02:40      S-SO
  25    11.2    15.8  11:40     6.1  22:00      72     1013.7       0.0     11.4      33.8  11:45        SW
  26     8.1    10.8  14:25     4.9  01:50      94     1008.3       7.6      3.4      14.5  15:55      S-SO
  27     8.3     9.5  13:10     7.3  22:35      93     1005.5       0.6      4.7      14.5  13:35         S
  28     7.2     7.9  13:25     6.3  22:00      94     1001.4       6.6     11.4      25.7  22:40         N
  29     5.2     6.4  00:00     3.7  21:25      81     1000.3       1.0     17.0      30.6  04:00         N
  30     2.9     5.2  13:30    -1.1  23:59      81     1008.5       0.2      4.6      14.5  06:25        NO
--------------------------------------------------------------------------------------------------------------
Avg:     7.1    15.8     25    -1.1     30      89     1013.3      68.0      6.0      33.8      3        SW


Distribution WD Values         3991
Distribution WD N-NO        5.262%
Distribution WD NO          5.287%
Distribution WD NO-O        5.036%
Distribution WD O           5.162%
Distribution WD O-SO        4.460%
Distribution WD SO          6.490%
Distribution WD SO-S       10.323%
Distribution WD S          13.130%
Distribution WD S-SW        9.622%
Distribution WD SW         14.959%
Distribution WD SW-W        3.483%
Distribution WD W           4.460%
Distribution WD W-NW        1.729%
Distribution WD NW          2.155%
Distribution WD NW-N        1.729%
Distribution WD N           6.715%

Rain days >0.0 l/m Month     17
Rain days >2.0 l/m Month     8
Rain days >20.0 l/m Month    0


Ice days    max <  0C      0
Cold days   min <= 0C      1
Cool days   max < 10C     18
Summer days max >=25C      0
Hot days    max >=30C      0

Last year same Month: Ice days    max <  0C      0
Last year same Month: Cold days   min <= 0C      6
Last year same Month: Cool days   max < 10C     19
Last year same Month: Summer days max >=25C      0
Last year same Month: Hot days    max >=30C      0

 1999-2020  Werner Krenn - Wetterstation Bedien- und Auswertesoftware - V2.99.8.8