MONTHLY CLIMATOLOGICAL SUMMARY for August     2012

CITY: Mannheim-Seckenheim    ELEV: 96 m  LAT: 49 28' 7"   LONG: 8 33' 26" 

    TEMPERATURE (C), BAROMETER (hPa), RAIN  (l/m), WIND SPEED (km/h)

        MEAN            TEMPERATURE                                              WIND                   DOM
 DAY    TEMP    HIGH   TIME     LOW   TIME     HUM       Baro      Rain    SPEED      HIGH   TIME       DIR
--------------------------------------------------------------------------------------------------------------
   1    23.1    31.8  16:50    13.8  06:05      64     1012.8       0.0      5.7      20.9  15:40         O
   2    24.1    28.5  14:20    19.9  06:50      60     1012.2       0.0      9.7      22.5  13:40        SW
   3    23.1    28.6  15:30    17.3  06:20      57     1015.0       0.0      6.9      25.7  14:55        SW
   4    21.8    28.7  16:05    15.2  05:55      60     1013.0       0.0      5.0      20.9  15:10        SW
   5    22.6    27.2  15:50    18.2  06:00      69     1008.4       0.4      7.6      30.6  13:15        SW
   6    18.8    22.6  14:00    15.7  20:50      87     1012.1      12.8     10.0      30.6  20:05      S-SW
   7    18.3    22.3  18:15    15.2  23:40      77     1020.1       0.8     10.1      22.5  11:15        SW
   8    18.0    23.8  17:40    12.0  06:20      71     1022.9       0.0      3.5      14.5  11:35      N-NO
   9    20.0    25.9  17:55    14.3  02:10      69     1022.4       0.0      5.4      14.5  15:50      N-NO
  10    20.0    25.0  15:40    15.8  06:40      65     1022.5       0.0     10.8      22.5  14:30         N
  11    19.0    25.0  16:35    12.4  06:15      60     1020.0       0.0      9.3      25.7  10:55      O-NO
  12    20.7    26.7  16:05    15.3  06:40      51     1013.8       0.0      8.3      22.5  09:30         O
  13    21.0    28.1  14:30    13.1  06:15      60     1012.1       0.0      3.9      14.5  13:00        NO
  14    23.8    29.8  14:50    17.8  07:05      55     1011.7       0.0      4.7      17.7  14:45      O-NO
  15    25.9    33.2  15:30    19.7  03:50      49     1009.5       0.0      6.6      24.1  14:00         O
  16    21.7    26.1  16:50    17.6  08:00      71     1016.3       7.2      7.2      27.4  01:30        SW
  17    22.0    29.2  17:05    15.1  06:05      66     1018.7       0.0      4.3      16.1  11:20         O
  18    25.2    33.9  16:55    16.5  06:30      61     1017.8       0.0      4.8      17.7  16:20         O
  19    27.9    37.3  17:05    19.7  06:25      58     1016.5       0.0      5.2      20.9  11:40        SW
  20    27.8    35.6  15:00    22.6  03:45      63     1016.7       0.2      6.8      32.2  16:40         W
  21    26.9    33.8  14:50    20.4  06:55      66     1014.8       0.0      5.6      17.7  13:10        SW
  22    24.2    28.3  15:45    20.6  22:45      63     1014.4       0.6      9.0      27.4  14:00         W
  23    21.6    28.2  16:30    15.1  06:45      55     1013.5       0.0      5.3      14.5  14:20        NO
  24    21.0    25.9  14:35    17.8  04:20      85     1006.5       6.0      9.7      27.4  01:15        SW
  25    21.6    27.2  15:05    18.4  06:50      73     1008.1       0.2     14.2      32.2  14:15        SW
  26    18.3    20.2  14:05    15.6  06:05      72     1014.1       0.2     17.8      37.0  13:50        SW
  27    18.7    25.2  15:35    12.0  07:00      66     1019.6       0.0      5.7      17.7  18:25         O
  28    20.6    26.5  14:10    14.5  06:15      61     1016.0       0.0      6.9      27.4  14:40        SW
  29    22.6    29.3  16:25    16.4  06:55      65     1016.3       0.0      5.9      20.9  16:00        SW
  30    19.2    23.3  00:10    15.3  22:35      83     1015.8       1.6      6.2      32.2  01:35        SW
  31    15.6    19.9  15:30    13.1  07:05      82     1017.4       1.8      6.6      20.9  20:15        SW
--------------------------------------------------------------------------------------------------------------
Avg:    21.8    37.3     19    12.0      8      66     1015.2      31.8      7.4      37.0     26        SW


Distribution WD Values         5118
Distribution WD N-NO        5.451%
Distribution WD NO          6.467%
Distribution WD NO-O        6.038%
Distribution WD O           8.128%
Distribution WD O-SO        4.943%
Distribution WD SO          3.009%
Distribution WD SO-S        5.569%
Distribution WD S           6.565%
Distribution WD S-SW        9.320%
Distribution WD SW         20.418%
Distribution WD SW-W        6.057%
Distribution WD W          10.004%
Distribution WD W-NW        1.387%
Distribution WD NW          1.290%
Distribution WD NW-N        1.524%
Distribution WD N           3.830%

Rain days >0.0 l/m Month     11
Rain days >2.0 l/m Month     3
Rain days >20.0 l/m Month    0


Ice days    max <  0C      0
Cold days   min <= 0C      0
Cool days   max < 10C      0
Summer days max >=25C     25
Hot days    max >=30C      6

Last year same Month: Ice days    max <  0C      0
Last year same Month: Cold days   min <= 0C      0
Last year same Month: Cool days   max < 10C      0
Last year same Month: Summer days max >=25C     20
Last year same Month: Hot days    max >=30C      5

 1999-2020  Werner Krenn - Wetterstation Bedien- und Auswertesoftware - V2.99.8.8