MONTHLY CLIMATOLOGICAL SUMMARY for Mai        2012

CITY: Mannheim-Seckenheim    ELEV: 96 m  LAT: 49 28' 7"   LONG: 8 33' 26" 

    TEMPERATURE (C), BAROMETER (hPa), RAIN  (l/m), WIND SPEED (km/h)

        MEAN            TEMPERATURE                                              WIND                   DOM
 DAY    TEMP    HIGH   TIME     LOW   TIME     HUM       Baro      Rain    SPEED      HIGH   TIME       DIR
--------------------------------------------------------------------------------------------------------------
   1    18.8    23.6  16:50    12.2  06:30      61     1014.0       0.0      9.4      27.4  01:50         W
   2    17.8    22.6  17:10    12.8  23:45      73     1011.9       2.6     11.4      25.7  17:50        SW
   3    14.9    20.6  15:55     9.4  06:10      67     1011.6       0.0      6.4      17.7  11:25        SW
   4    17.3    24.6  15:05     8.9  06:10      59     1004.8       0.0      5.8      17.7  12:10        SW
   5    14.2    17.3  00:00    11.1  23:00      85     1003.5       8.8      6.4      29.0  15:45        SW
   6    12.7    17.3  12:50    10.2  02:30      89     1008.0       9.8      6.1      29.0  15:55        SW
   7    12.5    16.3  15:40     9.6  03:25      83     1015.8       3.4      4.2      11.3  12:10        NO
   8    15.8    23.7  15:30     8.4  06:10      71     1013.9       0.2      7.7      25.7  19:50        SW
   9    17.5    22.1  16:10    14.8  07:05      84     1014.5       8.8     10.0      27.4  17:00        SW
  10    21.4    29.0  16:50    14.1  06:10      73     1018.5       0.0      7.5      22.5  13:05         S
  11    23.4    32.1  16:15    16.3  23:40      67     1019.2      11.0      9.9      33.8  19:50        SW
  12    13.9    16.9  16:25    10.9  23:50      63     1028.9       0.2     15.1      29.0  16:05         N
  13    11.6    15.8  15:50     6.9  06:10      56     1028.7       0.0     10.6      20.9  13:20        NO
  14    12.5    18.5  16:00     5.1  06:00      56     1018.7       0.0      5.1      19.3  13:50      S-SW
  15    11.0    15.8  15:40     7.6  23:55      68     1010.0       1.2     11.5      41.8  18:30         W
  16     9.6    14.7  15:40     6.7  01:00      73     1019.5       5.2     13.5      30.6  15:45         W
  17    11.5    17.5  16:55     3.8  05:50      63     1020.5       0.0      8.0      25.7  22:30         O
  18    16.2    23.6  14:50     9.8  06:25      57     1010.0       1.0     11.5      22.5  00:15         O
  19    18.6    25.4  16:30    14.2  05:40      75     1009.9       8.0      6.5      32.2  19:50        NO
  20    20.7    26.4  18:10    14.6  05:25      73     1004.0       0.2      9.3      24.1  04:20        NO
  21    21.0    25.9  15:00    17.0  23:55      73      996.4       0.8      7.3      16.1  00:20      N-NO
  22    20.1    25.7  16:35    15.7  02:15      76     1004.2       0.0      6.5      22.5  14:30      O-SO
  23    21.7    29.0  16:45    17.0  06:15      79     1016.6       0.2      4.9      16.1  15:45         W
  24    22.7    30.1  14:30    16.3  05:50      68     1020.9       0.2      8.3      22.5  18:35        NO
  25    21.3    26.2  17:05    15.7  06:20      41     1020.8       0.0     12.7      29.0  11:05        NO
  26    21.1    26.5  17:20    16.2  04:25      40     1018.3       0.0     11.1      29.0  13:15        NO
  27    18.9    24.2  14:50    14.5  05:20      55     1016.7       0.0      4.5      14.5  15:15      O-NO
  28    19.7    27.6  16:25    11.6  05:00      60     1013.7       0.0      4.9      30.6  16:25        SW
  29    21.4    27.3  15:40    14.8  06:00      53     1012.8       0.0      9.0      30.6  15:45         N
  30    20.7    25.2  14:00    17.1  06:30      69     1015.3       5.4      5.6      24.1  23:15         W
  31    18.5    24.6  14:15    14.2  05:35      83     1016.0       2.0      6.2      25.7  22:55         W
--------------------------------------------------------------------------------------------------------------
Avg:    17.4    32.1     11     3.8     17      68     1014.1      69.0      8.3      41.8     15        NO


Distribution WD Values         5861
Distribution WD N-NO        8.685%
Distribution WD NO         15.134%
Distribution WD NO-O        5.579%
Distribution WD O           4.777%
Distribution WD O-SO        2.901%
Distribution WD SO          2.696%
Distribution WD SO-S        5.392%
Distribution WD S           5.920%
Distribution WD S-SW        7.371%
Distribution WD SW         13.035%
Distribution WD SW-W        4.743%
Distribution WD W           7.354%
Distribution WD W-NW        2.491%
Distribution WD NW          2.679%
Distribution WD NW-N        3.122%
Distribution WD N           8.121%

Rain days >0.0 l/m Month     18
Rain days >2.0 l/m Month     9
Rain days >20.0 l/m Month    0


Ice days    max <  0C      0
Cold days   min <= 0C      0
Cool days   max < 10C      0
Summer days max >=25C     13
Hot days    max >=30C      2

Last year same Month: Ice days    max <  0C      0
Last year same Month: Cold days   min <= 0C      0
Last year same Month: Cool days   max < 10C      0
Last year same Month: Summer days max >=25C     14
Last year same Month: Hot days    max >=30C      1

 1999-2020  Werner Krenn - Wetterstation Bedien- und Auswertesoftware - V2.99.8.8