MONTHLY CLIMATOLOGICAL SUMMARY for Januar     2012

CITY: Mannheim-Seckenheim    ELEV: 96 m  LAT: 49 28' 7"   LONG: 8 33' 26" 

    TEMPERATURE (C), BAROMETER (hPa), RAIN  (l/m), WIND SPEED (km/h)

        MEAN            TEMPERATURE                                              WIND                   DOM
 DAY    TEMP    HIGH   TIME     LOW   TIME     HUM       Baro      Rain    SPEED      HIGH   TIME       DIR
--------------------------------------------------------------------------------------------------------------
   1    11.3    13.2  22:25     8.8  00:05      95     1014.1       0.6     11.0      22.5  20:55         S
   2    10.5    13.1  00:05     6.8  21:50      87     1011.3       5.8     13.5      29.0  11:15        SW
   3     7.9    12.1  23:45     4.6  08:40      79     1017.5       0.2     18.7      38.6  18:45        SW
   4     7.5    12.0  00:00     6.0  23:55      77     1016.2       1.2     20.9      45.1  01:30        SW
   5     6.8     9.8  12:55     3.9  13:15      85      998.9       1.2     26.0      46.7  12:55        SW
   6     5.9     7.9  13:50     4.1  02:50      79     1015.4       0.2     18.6      40.2  02:15         W
   7     5.1     7.8  18:05     3.5  02:55      87     1019.2       0.2     14.5      32.2  08:40        SW
   8     6.6     8.7  15:10     5.3  04:20      81     1021.1       0.6     14.7      37.0  03:40         W
   9     5.4     6.6  23:55     3.6  07:25      92     1028.2       0.4      6.1      17.7  00:40        SW
  10     7.2     8.9  13:55     5.3  22:50      96     1032.6       0.0      3.2      17.7  00:25        SW
  11     5.9     7.8  14:20     4.7  21:05      96     1033.7       0.0      4.7      11.3  10:35      S-SO
  12     5.1     6.8  18:40     3.4  09:25      91     1027.2       0.0     13.3      33.8  19:50      S-SO
  13     4.7     6.4  12:15     2.3  06:50      81     1026.4       0.2     12.7      30.6  14:35         W
  14     1.7     5.0  14:55    -1.1  09:25      87     1026.8       0.0      2.0       9.7  00:10         S
  15     0.6     3.9  14:35    -2.1  23:30      89     1025.0       0.0      1.6       8.0  14:00         N
  16    -1.2     3.3  15:15    -3.8  08:10      83     1026.7       0.0      2.2       8.0  11:00        NO
  17    -2.1     2.3  15:25    -4.7  08:10      86     1030.3       0.0      1.2       6.4  11:15      S-SW
  18    -0.1     4.3  15:25    -4.1  06:30      86     1030.8       2.2      5.1      16.1  22:50      S-SO
  19     5.8     9.5  17:50     2.6  00:00      94     1020.2       9.8     15.8      37.0  17:10        SW
  20     5.1     7.3  05:10     2.4  22:05      85     1015.5       5.6     15.2      35.4  05:40         W
  21     5.7    10.3  21:40     1.9  02:50      93     1011.7      12.4     14.0      37.0  21:55        SW
  22     7.1     8.3  21:10     5.8  03:25      80     1011.1       0.2     19.0      35.4  02:00      W-SW
  23     6.5     8.4  11:55     4.4  20:55      80     1015.8       0.2     12.0      29.0  15:40         W
  24     4.1     6.3  15:05     0.3  23:50      82     1020.3       0.0      6.5      29.0  01:50         W
  25    -0.1     5.1  13:40    -1.9  08:40      93     1022.0       0.2      2.9      11.3  13:45        SW
  26     1.0     4.9  14:35    -2.9  07:25      84     1019.7       0.0      4.5      16.1  20:25         O
  27     2.9     3.7  15:45     1.5  08:00      92     1023.2       1.6      2.3       6.4  00:40         N
  28     3.3     4.6  13:10     2.0  23:40      90     1026.4       0.2      4.6      14.5  21:55        NO
  29     1.3     2.0  00:00     0.4  23:25      84     1025.6       0.0     10.0      17.7  14:10      N-NO
  30     1.0     2.4  15:00    -0.3  23:30      75     1024.4       0.0      3.9      11.3  08:45      N-NO
  31    -0.9     1.3  14:45    -3.7  22:55      72     1021.9       0.4      9.6      25.7  15:55        NO
--------------------------------------------------------------------------------------------------------------
Avg:     4.2    13.2      1    -4.7     17      86     1021.3      43.4     10.0      46.7      5         W


Distribution WD Values         5919
Distribution WD N-NO        4.122%
Distribution WD NO          5.220%
Distribution WD NO-O        1.318%
Distribution WD O           1.977%
Distribution WD O-SO        1.892%
Distribution WD SO          3.075%
Distribution WD SO-S        5.981%
Distribution WD S           5.541%
Distribution WD S-SW        6.352%
Distribution WD SW         18.652%
Distribution WD SW-W       15.374%
Distribution WD W          21.828%
Distribution WD W-NW        3.024%
Distribution WD NW          1.368%
Distribution WD NW-N        1.318%
Distribution WD N           2.957%

Rain days >0.0 l/m Month     20
Rain days >2.0 l/m Month     5
Rain days >20.0 l/m Month    0


Ice days    max <  0C      0
Cold days   min <= 0C      9
Cool days   max < 10C     26
Summer days max >=25C      0
Hot days    max >=30C      0

Last year same Month: Ice days    max <  0C      2
Last year same Month: Cold days   min <= 0C     12
Last year same Month: Cool days   max < 10C     23
Last year same Month: Summer days max >=25C      0
Last year same Month: Hot days    max >=30C      0

 1999-2020  Werner Krenn - Wetterstation Bedien- und Auswertesoftware - V2.99.8.8