MONTHLY CLIMATOLOGICAL SUMMARY for Februar 2011 CITY: Mannheim-Seckenheim ELEV: 96 m LAT: 49° 28' 7" LONG: 8° 33' 26" TEMPERATURE (°C), BAROMETER (hPa), RAIN (l/m²), WIND SPEED (km/h) MEAN TEMPERATURE WIND DOM DAY TEMP HIGH TIME LOW TIME HUM Baro Rain SPEED HIGH TIME DIR -------------------------------------------------------------------------------------------------------------- 1 -2.7 -1.8 14:20 -3.5 02:20 85 1027.9 0.0 5.8 14.5 15:50 SW 2 -1.0 0.6 20:15 -3.0 04:00 88 1031.4 0.2 5.4 14.5 22:45 S-SO 3 0.9 1.7 23:50 0.3 07:40 93 1029.2 6.0 6.5 20.9 05:20 S-SO 4 5.4 8.7 20:35 1.7 00:00 88 1027.0 0.0 11.5 29.0 22:00 S-SO 5 9.6 11.3 14:20 8.0 01:30 76 1026.5 0.0 15.2 32.2 05:40 SW 6 8.2 11.2 13:20 1.9 23:55 78 1027.0 0.0 10.0 20.9 02:35 SW 7 4.4 9.6 16:05 0.3 07:20 84 1022.7 0.2 6.4 17.7 12:20 S-SO 8 5.4 9.8 14:30 1.1 23:50 86 1022.5 0.4 3.2 11.3 13:20 S-SO 9 1.1 3.2 16:10 -1.0 07:30 98 1023.5 0.0 2.3 8.0 15:50 S-SW 10 4.1 7.5 23:55 1.3 08:10 94 1020.5 2.0 7.5 16.1 05:55 S-SO 11 9.8 12.3 15:00 7.4 00:00 88 1014.4 0.8 8.6 20.9 14:30 SW 12 9.3 12.1 14:35 6.2 23:40 83 1014.6 0.0 4.1 22.5 12:50 S-SO 13 7.2 9.7 14:20 5.8 08:30 88 1011.0 8.0 3.7 11.3 20:35 O 14 6.8 11.1 14:40 3.8 07:15 88 1006.6 0.0 1.9 8.0 11:50 O 15 6.2 7.3 14:35 5.3 09:20 87 1001.2 0.6 4.5 11.3 10:30 O 16 6.3 10.9 15:05 2.4 23:50 83 999.5 0.0 5.1 17.7 18:55 O-NO 17 3.8 6.1 17:10 1.3 02:20 82 1002.5 0.0 6.6 11.3 04:20 NO 18 3.6 4.2 15:30 2.9 06:40 89 1012.9 0.0 4.3 9.7 00:10 N-NO 19 4.3 6.3 16:25 3.2 22:50 85 1015.7 0.0 3.7 16.1 20:25 NO 20 2.5 3.6 13:25 0.9 22:45 80 1014.8 0.2 7.3 19.3 14:20 NO 21 0.3 1.7 13:45 -1.7 06:40 78 1016.4 0.6 6.9 12.9 02:20 NO 22 0.2 3.2 15:50 -2.1 23:55 66 1017.2 0.0 8.5 16.1 16:55 NO 23 -0.9 3.8 15:50 -6.2 07:25 63 1025.5 0.0 4.7 12.9 13:20 O 24 2.6 4.6 16:00 0.6 01:00 77 1025.6 0.4 4.5 12.9 11:40 S 25 4.4 6.8 16:35 1.5 23:45 92 1028.3 0.0 2.2 9.7 13:40 W-SW 26 4.4 8.6 12:45 -0.8 07:25 86 1018.2 2.8 6.1 20.9 11:25 S-SO 27 6.4 8.4 13:45 3.1 23:55 89 1013.7 2.8 4.9 22.5 15:05 W 28 4.8 10.7 15:05 -0.7 07:40 81 1022.4 0.2 6.4 20.9 14:00 NO -------------------------------------------------------------------------------------------------------------- Avg: 4.2 12.3 11 -6.2 23 84 1018.5 25.2 6.0 32.2 5 NO Distribution WD Values 4807 Distribution WD N-NO 5.409% Distribution WD NO 14.937% Distribution WD NO-O 7.198% Distribution WD O 7.489% Distribution WD O-SO 3.953% Distribution WD SO 6.491% Distribution WD SO-S 11.879% Distribution WD S 10.131% Distribution WD S-SW 7.510% Distribution WD SW 11.462% Distribution WD SW-W 4.473% Distribution WD W 2.663% Distribution WD W-NW 0.957% Distribution WD NW 0.749% Distribution WD NW-N 1.706% Distribution WD N 2.996% Rain days >0.0 l/m² Month 14 Rain days >2.0 l/m² Month 5 Rain days >20.0 l/m² Month 0 Ice days max < 0°C 1 Cold days min <= 0°C 8 Cool days max < 10°C 21 Summer days max >=25°C 0 Hot days max >=30°C 0 Last year same Month: Ice days max < 0°C 5 Last year same Month: Cold days min <= 0°C 13 Last year same Month: Cool days max < 10°C 20 Last year same Month: Summer days max >=25°C 0 Last year same Month: Hot days max >=30°C 0 © 1999-2020 Werner Krenn - Wetterstation Bedien- und Auswertesoftware - V2.99.8.8