MONTHLY CLIMATOLOGICAL SUMMARY for Juli       2010

CITY: Mannheim-Seckenheim    ELEV: 96 m  LAT: 49 28' 7"   LONG: 8 33' 26" 

    TEMPERATURE (C), BAROMETER (hPa), RAIN  (l/m), WIND SPEED (km/h)

        MEAN            TEMPERATURE                                              WIND                   DOM
 DAY    TEMP    HIGH   TIME     LOW   TIME     HUM       Baro      Rain    SPEED      HIGH   TIME       DIR
--------------------------------------------------------------------------------------------------------------
   1    24.8    32.1  16:15    17.6  04:55      55     1015.3       0.0      4.2      14.5  15:20        SW
   2    26.3    32.4  17:15    19.2  05:40      59     1013.9       0.0      4.5      12.9  09:45        NO
   3    27.3    35.8  16:25    20.4  05:40      62     1014.4       0.0      6.0      20.9  17:00        SW
   4    24.5    28.3  18:10    21.9  09:30      74     1017.7       1.0      6.7      14.5  00:05         N
   5    23.7    29.3  15:55    19.2  06:15      57     1017.9       0.0     10.3      25.7  16:05         W
   6    20.7    24.6  13:50    17.0  23:50      57     1021.3       0.0     10.6      24.1  13:05         N
   7    21.6    28.0  17:15    13.8  05:30      51     1021.2       0.0      4.9      17.7  14:15      O-NO
   8    24.8    32.4  17:40    15.9  05:35      48     1018.6       0.0      5.5      19.3  14:55         O
   9    26.5    33.8  16:30    18.1  05:50      55     1017.4       0.0      5.0      20.9  14:35        SW
  10    28.7    36.6  16:00    20.4  05:20      56     1016.3       0.0      5.2      17.7  18:20        NO
  11    27.5    33.4  16:40    22.4  06:15      63     1015.1       0.0      8.3      32.2  00:40        SW
  12    27.0    35.9  15:00    20.1  23:55      63     1012.2       2.6      9.3      37.0  18:00         W
  13    23.4    30.0  15:45    17.9  05:40      68     1011.3       0.0      7.2      20.9  15:45        SW
  14    26.5    35.9  18:05    18.8  05:00      62     1007.2       1.6      7.8      51.5  19:55      O-NO
  15    22.2    26.1  17:15    19.1  23:50      64     1013.8       0.4     11.7      27.4  13:00        SW
  16    24.7    32.6  16:30    16.9  04:55      56     1014.5       0.0      5.8      19.3  14:10        SW
  17    21.7    23.6  15:50    18.4  11:00      68     1018.4       3.2      8.4      20.9  20:25        SW
  18    21.2    26.6  15:50    15.3  06:00      52     1024.7       0.0      7.3      17.7  15:25        NO
  19    22.4    28.9  16:40    15.6  05:20      52     1021.1       0.0      6.9      19.3  14:35        NO
  20    23.8    30.9  17:20    15.8  04:45      50     1013.5       0.0      6.2      20.9  12:35      O-NO
  21    26.9    34.8  16:15    18.8  05:45      52     1007.6       0.0      9.3      30.6  14:55        SW
  22    21.0    23.7  00:00    19.1  05:55      87     1012.8       5.4      4.2      11.3  02:05         S
  23    18.4    20.7  17:35    15.8  23:20      90     1016.0       2.6      5.9      24.1  19:45        SW
  24    18.3    23.5  17:35    15.1  06:20      75     1018.5       6.4     10.4      25.7  17:25         W
  25    17.1    22.9  16:10    10.5  06:25      67     1016.4       0.0      6.0      17.7  14:55        SW
  26    17.7    23.4  14:35    15.4  04:30      87     1012.6       9.6      6.4      20.9  16:55        SW
  27    18.0    21.7  17:35    15.7  03:20      80     1015.8       0.2      8.1      25.7  00:50        NW
  28    17.8    21.5  18:15    15.1  05:05      89     1015.4       3.2      8.0      22.5  16:55        SW
  29    16.5    19.5  10:40    14.7  06:15      88     1010.9       2.4      5.2      29.0  11:30        SW
  30    18.1    23.2  17:10    14.2  06:10      74     1014.4       0.0      4.1      12.9  17:05        SW
  31    19.8    26.9  17:10    12.1  05:50      65     1015.6       0.0      6.3      29.0  12:55        SW
--------------------------------------------------------------------------------------------------------------
Avg:    22.5    36.6     10    10.5     25      65     1015.5      38.6      7.0      51.5     14        SW


Distribution WD Values         5701
Distribution WD N-NO        5.017%
Distribution WD NO          9.226%
Distribution WD NO-O        6.016%
Distribution WD O           4.736%
Distribution WD O-SO        2.771%
Distribution WD SO          3.508%
Distribution WD SO-S        5.052%
Distribution WD S           4.490%
Distribution WD S-SW        6.946%
Distribution WD SW         14.910%
Distribution WD SW-W        7.578%
Distribution WD W           8.735%
Distribution WD W-NW        4.718%
Distribution WD NW          5.069%
Distribution WD NW-N        3.982%
Distribution WD N           7.244%

Rain days >0.0 l/m Month     12
Rain days >2.0 l/m Month     8
Rain days >20.0 l/m Month    0


Ice days    max <  0C      0
Cold days   min <= 0C      0
Cool days   max < 10C      0
Summer days max >=25C     20
Hot days    max >=30C     13

Last year same Month: Ice days    max <  0C      0
Last year same Month: Cold days   min <= 0C      0
Last year same Month: Cool days   max < 10C      0
Last year same Month: Summer days max >=25C     20
Last year same Month: Hot days    max >=30C      6

 1999-2020  Werner Krenn - Wetterstation Bedien- und Auswertesoftware - V2.99.8.8