MONTHLY CLIMATOLOGICAL SUMMARY for Juni       2010

CITY: Mannheim-Seckenheim    ELEV: 96 m  LAT: 49 28' 7"   LONG: 8 33' 26" 

    TEMPERATURE (C), BAROMETER (hPa), RAIN  (l/m), WIND SPEED (km/h)

        MEAN            TEMPERATURE                                              WIND                   DOM
 DAY    TEMP    HIGH   TIME     LOW   TIME     HUM       Baro      Rain    SPEED      HIGH   TIME       DIR
--------------------------------------------------------------------------------------------------------------
   1    15.7    20.3  16:10    11.4  06:45      73     1014.4       0.2      8.6      22.5  14:20         N
   2    16.6    21.2  16:05    13.7  03:35      71     1014.4       0.0     10.6      33.8  19:40        NO
   3    18.7    24.9  17:35    14.5  02:40      63     1016.3       0.0     12.4      24.1  15:10         N
   4    19.8    26.3  16:30    12.4  05:35      59     1018.1       0.0      5.7      17.7  18:20        NO
   5    20.9    29.1  17:05    11.9  05:35      55     1017.7       0.0      4.0      12.9  15:15         O
   6    21.5    30.7  16:40    14.1  05:50      68     1011.9       8.8      7.2      35.4  19:10        SW
   7    19.8    24.6  17:00    16.6  05:50      71     1011.6       1.6      9.4      22.5  10:00        SW
   8    20.1    27.1  15:05    13.4  05:40      71     1007.2       0.4      5.8      25.7  16:30        SW
   9    23.3    29.6  16:20    18.1  23:25      69     1004.7      24.8      9.7      35.4  23:00      S-SO
  10    23.3    31.7  17:05    17.4  04:15      77     1003.7       2.4      7.3      46.7  23:55        NO
  11    22.0    27.7  17:20    17.4  07:35      75     1007.6       3.8      9.2      41.8  00:05        SW
  12    20.4    25.3  16:45    15.7  23:00      74     1010.0       3.0     10.7      29.0  19:35        SW
  13    17.0    19.9  13:25    13.9  06:05      71     1013.9       0.8      9.8      20.9  11:35         N
  14    17.8    22.8  17:00    14.5  00:45      75     1013.1       0.0      6.7      20.9  13:40        NO
  15    18.5    23.9  15:50    13.8  06:00      72     1016.6       0.0     14.4      30.6  16:05      N-NO
  16    19.2    24.2  16:35    14.6  05:25      55     1015.9       0.0     19.4      33.8  09:30        NO
  17    15.9    18.6  00:00    13.6  08:00      81     1014.0       6.8     10.2      24.1  05:55        NO
  18    18.5    24.6  16:00    15.1  05:25      73     1010.0       0.4     13.0      29.0  18:25         N
  19    14.9    18.1  18:35    12.2  07:35      62     1007.9       0.2     12.4      24.1  17:00         N
  20    13.8    18.1  17:15     8.8  05:35      67     1011.8       0.0      9.8      17.7  15:20         N
  21    14.6    19.1  16:00    11.3  23:40      65     1018.5       0.0     10.4      22.5  14:45         N
  22    15.7    22.3  18:20     8.6  05:45      61     1021.7       0.0      6.4      20.9  17:55        NO
  23    17.9    24.5  17:35    10.3  05:40      60     1020.8       0.0      4.7      14.5  17:35        NO
  24    20.2    27.2  17:10    11.9  05:45      60     1017.3       0.0      4.6      14.5  13:40         W
  25    21.5    29.1  16:15    14.2  05:00      63     1014.2       0.0      5.0      25.7  18:40         W
  26    22.7    28.1  16:55    17.1  04:50      60     1014.6       0.0      8.9      17.7  11:40      N-NO
  27    23.5    30.2  16:35    16.4  06:00      54     1016.5       0.0      5.1      16.1  12:10        NO
  28    24.4    31.2  16:50    17.1  05:25      56     1016.7       0.0      5.0      16.1  15:05        NO
  29    24.6    30.7  17:15    17.2  05:40      58     1016.6       0.0      6.8      19.3  19:25         N
  30    24.5    30.3  15:40    19.1  04:20      58     1017.6       0.0      6.8      16.1  13:05         N
--------------------------------------------------------------------------------------------------------------
Avg:    19.6    31.7     10     8.6     22      66     1013.8      53.2      8.7      46.7     10        NO


Distribution WD Values         6600
Distribution WD N-NO       16.576%
Distribution WD NO         20.288%
Distribution WD NO-O        4.758%
Distribution WD O           1.909%
Distribution WD O-SO        0.924%
Distribution WD SO          1.212%
Distribution WD SO-S        1.924%
Distribution WD S           1.424%
Distribution WD S-SW        2.848%
Distribution WD SW          5.439%
Distribution WD SW-W        3.030%
Distribution WD W           5.667%
Distribution WD W-NW        3.152%
Distribution WD NW          3.894%
Distribution WD NW-N        7.364%
Distribution WD N          19.591%

Rain days >0.0 l/m Month     12
Rain days >2.0 l/m Month     6
Rain days >20.0 l/m Month    1


Ice days    max <  0C      0
Cold days   min <= 0C      0
Cool days   max < 10C      0
Summer days max >=25C     15
Hot days    max >=30C      6

Last year same Month: Ice days    max <  0C      0
Last year same Month: Cold days   min <= 0C      0
Last year same Month: Cool days   max < 10C      0
Last year same Month: Summer days max >=25C     10
Last year same Month: Hot days    max >=30C      0

 1999-2020  Werner Krenn - Wetterstation Bedien- und Auswertesoftware - V2.99.8.8