MONTHLY CLIMATOLOGICAL SUMMARY for Februar    2010

CITY: Mannheim-Seckenheim    ELEV: 96 m  LAT: 49 28' 7"   LONG: 8 33' 26" 

    TEMPERATURE (C), BAROMETER (hPa), RAIN  (l/m), WIND SPEED (km/h)

        MEAN            TEMPERATURE                                              WIND                   DOM
 DAY    TEMP    HIGH   TIME     LOW   TIME     HUM       Baro      Rain    SPEED      HIGH   TIME       DIR
--------------------------------------------------------------------------------------------------------------
   1    -0.5     1.4  23:05    -2.0  01:35      86     1011.3       0.0     14.5      27.4  11:20      W-SW
   2     1.5     2.8  11:55    -0.5  08:25      88     1013.4       1.2     20.6      45.1  20:45      W-SW
   3     2.7     4.1  07:00     1.2  09:45      95     1010.1      13.6      8.9      33.8  00:50      W-SW
   4     5.3    10.0  14:55     1.7  23:35      90     1013.6       0.0      5.1      14.5  11:15      O-SO
   5     2.9     5.4  14:40     0.2  03:30      92     1008.7       2.2      2.6       9.7  09:45      W-NW
   6     4.4     6.3  14:00     2.9  04:50      95     1012.5       0.0      4.3      11.3  19:45      O-NO
   7     3.8     5.7  13:20     2.6  23:40      91     1018.3       0.0      7.6      12.9  01:35      N-NO
   8     0.0     2.6  00:00    -1.2  20:00      80     1010.8       0.0      8.4      17.7  08:40         O
   9    -1.8    -0.4  13:35    -4.2  23:35      81     1004.8       0.0     10.6      19.3  18:10      O-NO
  10    -3.7    -2.1  13:15    -5.3  23:40      80     1008.2       0.2      8.2      17.7  00:25      N-NO
  11    -3.0    -0.4  15:40    -5.3  00:00      87     1008.1       2.0     15.4      32.2  18:15      N-NO
  12    -0.7     1.1  14:45    -2.0  01:05      87     1013.4       0.6     11.0      20.9  10:05      N-NO
  13    -1.9    -0.7  15:00    -3.2  23:40      84     1015.8       0.4      8.3      17.7  12:55      N-NO
  14    -2.1    -0.2  14:40    -3.6  03:25      90     1013.6       2.8      3.5       9.7  16:25        SW
  15    -1.2     0.9  14:25    -3.6  02:40      85     1008.9       0.0      6.1      16.1  11:55      S-SO
  16    -0.1     3.5  14:45    -3.0  23:50      73     1003.1       0.0      5.7      14.5  01:20        SO
  17    -0.2     2.9  14:00    -3.6  07:15      81      995.8       0.0      3.9       9.7  11:20        NO
  18     4.2     8.6  15:45     1.7  00:05      89      997.7       0.2      6.2      17.7  15:35      S-SW
  19     3.3     5.0  14:35     1.8  07:40      92      995.0       2.2      4.8      24.1  18:35         W
  20     2.2     6.1  14:45    -0.2  06:10      89     1000.1       2.2      6.4      20.9  15:15      W-SW
  21     3.2     6.5  15:40     0.8  06:55      88     1001.4       0.0      8.2      22.5  08:40      W-SW
  22     7.2    12.8  15:55     3.5  00:00      82      994.0       1.6     10.1      22.5  15:20         S
  23     9.9    11.2  15:30     8.4  07:05      87      994.1       1.8     14.3      30.6  13:10      W-SW
  24    10.0    13.9  14:40     7.9  02:10      83     1000.1       0.0      8.9      20.9  21:10      S-SW
  25    10.6    13.9  13:25     8.8  20:30      72      998.4       2.0     14.0      30.6  09:25        SW
  26     8.4    12.3  10:55     5.6  23:55      83      995.5       3.4     18.0      48.3  14:00      W-SW
  27     8.7    13.7  15:45     3.8  01:35      63     1003.5       0.0     12.1      25.7  12:10      W-SW
  28    10.5    16.8  12:30     6.7  01:45      67      991.6       6.4     27.6      66.0  13:55         W
--------------------------------------------------------------------------------------------------------------
Avg:     3.0    16.8     28    -5.3     10      84     1005.1      42.8      9.8      66.0     28      W-SW


Distribution WD Values         6458
Distribution WD N-NO       11.180%
Distribution WD NO          6.720%
Distribution WD NO-O        6.364%
Distribution WD O           5.141%
Distribution WD O-SO        5.203%
Distribution WD SO          4.413%
Distribution WD SO-S        5.528%
Distribution WD S           7.247%
Distribution WD S-SW        7.804%
Distribution WD SW         10.173%
Distribution WD SW-W       14.726%
Distribution WD W           5.884%
Distribution WD W-NW        1.502%
Distribution WD NW          0.867%
Distribution WD NW-N        0.836%
Distribution WD N           6.411%

Rain days >0.0 l/m Month     16
Rain days >2.0 l/m Month     9
Rain days >20.0 l/m Month    0


Ice days    max <  0C      5
Cold days   min <= 0C     13
Cool days   max < 10C     20
Summer days max >=25C      0
Hot days    max >=30C      0

Last year same Month: Ice days    max <  0C      0
Last year same Month: Cold days   min <= 0C     14
Last year same Month: Cool days   max < 10C     27
Last year same Month: Summer days max >=25C      0
Last year same Month: Hot days    max >=30C      0

 1999-2020  Werner Krenn - Wetterstation Bedien- und Auswertesoftware - V2.99.8.8