MONTHLY CLIMATOLOGICAL SUMMARY for Januar     2010

CITY: Mannheim-Seckenheim    ELEV: 96 m  LAT: 49 28' 7"   LONG: 8 33' 26" 

    TEMPERATURE (C), BAROMETER (hPa), RAIN  (l/m), WIND SPEED (km/h)

        MEAN            TEMPERATURE                                              WIND                   DOM
 DAY    TEMP    HIGH   TIME     LOW   TIME     HUM       Baro      Rain    SPEED      HIGH   TIME       DIR
--------------------------------------------------------------------------------------------------------------
   1     2.6     7.2  00:05     0.4  23:30      92      994.8       0.0     11.1      17.7  06:10      N-NO
   2    -0.1     0.9  14:45    -1.1  09:55      84     1015.3       2.0     10.9      22.5  03:45        NW
   3    -0.1     1.4  14:45    -2.7  23:05      86     1019.3       0.0     11.6      22.5  02:10      W-SW
   4    -2.7    -1.6  14:20    -4.0  06:55      81     1016.8       0.0      6.9      14.5  11:25      N-NO
   5    -4.4    -1.6  15:50    -8.2  08:10      82     1008.1       0.0      6.4      14.5  19:25      O-NO
   6    -3.2    -2.7  02:35    -4.1  09:55      78     1003.9       0.0      5.2      11.3  02:15      O-NO
   7    -2.2    -0.4  15:50    -3.7  03:10      86     1009.4       0.0      4.4       9.7  18:55      N-NO
   8    -2.0    -0.8  14:35    -3.7  20:35      84     1012.5       0.0     14.6      32.2  20:50      N-NO
   9    -2.5    -1.2  15:20    -4.1  01:15      89     1009.2       5.0     11.8      27.4  00:35      N-NO
  10    -1.7    -0.4  13:15    -2.7  07:30      90     1012.9       1.5      4.2      11.3  05:20      N-NO
  11    -1.5    -0.7  12:55    -2.1  07:40      93     1016.5       2.0      1.8       6.4  04:20      N-NO
  12    -0.7     0.2  15:05    -1.6  05:05      90     1014.1       0.0      6.6      22.5  22:55         O
  13    -1.6    -0.2  00:00    -2.7  08:10      87     1007.2       2.0      4.2      22.5  03:00         O
  14     0.6     3.3  15:25    -1.2  02:15      93     1009.0       0.0      4.0      14.5  17:15        NO
  15     0.7     1.6  00:00     0.2  08:15      86     1021.7       0.0      5.3      11.3  04:10      O-SO
  16     0.4     1.4  13:05    -0.8  08:10      87     1020.4       2.0      7.2      19.3  07:35      O-SO
  17     3.8     6.1  16:55     0.7  00:00      95     1015.2      10.0     10.1      22.5  10:00         W
  18     3.4     6.1  14:50     1.4  23:50      94     1025.9       0.0      3.7       9.7  10:25        SW
  19     1.6     2.6  15:55     1.0  06:05      95     1023.0       0.0      3.5       9.7  11:05        SW
  20     2.1     4.6  12:20    -0.4  23:50      91     1016.1       0.0      4.5      19.3  15:35      O-SO
  21     1.4     2.6  15:55    -1.3  01:30      89     1021.5       0.0      1.7       6.4  10:10        NO
  22     2.7     4.9  14:45     0.0  23:40      86     1025.0       0.0      3.9      14.5  17:45      O-SO
  23    -0.0     0.6  22:35    -0.7  05:40      85     1024.5       0.0      6.2      17.7  17:25         O
  24     0.5     1.2  10:55    -0.8  04:35      91     1023.2       4.2      1.6       6.4  02:35      N-NO
  25    -0.2     0.7  00:05    -0.9  08:30      94     1027.2       3.6      1.0       6.4  20:15      N-NO
  26    -2.4    -0.7  00:05    -6.3  23:45      87     1034.5       0.0      8.3      16.1  23:45      N-NO
  27    -5.9    -2.4  22:40    -9.4  08:20      85     1029.0       0.6      7.5      25.7  21:10        NO
  28     0.4     2.5  13:40    -2.5  00:00      90     1007.7       5.4     11.4      24.1  13:40      W-SW
  29     1.8     2.3  02:20     1.1  21:35      92      991.5       4.0     15.7      30.6  13:15      W-SW
  30    -0.1     1.9  00:00    -4.6  23:55      86      993.7       3.0     10.1      29.0  12:05         W
  31    -2.2     1.4  14:25    -6.3  03:10      90     1005.8       0.6      6.6      16.1  14:30        SW
--------------------------------------------------------------------------------------------------------------
Avg:    -0.4     7.2      1    -9.4     27      88     1014.7      45.9      6.8      32.2      8      N-NO


Distribution WD Values         6113
Distribution WD N-NO       15.933%
Distribution WD NO         11.353%
Distribution WD NO-O        8.817%
Distribution WD O           7.378%
Distribution WD O-SO        6.134%
Distribution WD SO          3.304%
Distribution WD SO-S        2.601%
Distribution WD S           3.583%
Distribution WD S-SW        4.237%
Distribution WD SW          6.216%
Distribution WD SW-W        8.376%
Distribution WD W           6.118%
Distribution WD W-NW        3.141%
Distribution WD NW          3.386%
Distribution WD NW-N        1.767%
Distribution WD N           7.656%

Rain days >0.0 l/m Month     14
Rain days >2.0 l/m Month     7
Rain days >20.0 l/m Month    0


Ice days    max <  0C     11
Cold days   min <= 0C     24
Cool days   max < 10C     31
Summer days max >=25C      0
Hot days    max >=30C      0

Last year same Month: Ice days    max <  0C     11
Last year same Month: Cold days   min <= 0C     27
Last year same Month: Cool days   max < 10C     30
Last year same Month: Summer days max >=25C      0
Last year same Month: Hot days    max >=30C      0

 1999-2020  Werner Krenn - Wetterstation Bedien- und Auswertesoftware - V2.99.8.8