MONTHLY CLIMATOLOGICAL SUMMARY for November   2009

CITY: Mannheim-Seckenheim    ELEV: 96 m  LAT: 49 28' 7"   LONG: 8 33' 26" 

    TEMPERATURE (C), BAROMETER (hPa), RAIN  (l/m), WIND SPEED (km/h)

        MEAN            TEMPERATURE                                              WIND                   DOM
 DAY    TEMP    HIGH   TIME     LOW   TIME     HUM       Baro      Rain    SPEED      HIGH   TIME       DIR
--------------------------------------------------------------------------------------------------------------
   1     7.8    13.7  14:10     2.9  05:55      85     1017.9       1.4      1.5      13.1  10:10      W-SW
   2    10.3    11.6  12:05     6.6  23:55      90     1004.5       9.2      4.3      21.3  17:50      W-SW
   3     8.2    11.2  12:25     5.7  02:55      84     1000.9       1.1      3.8      17.3  12:10         S
   4     9.5    10.8  11:20     7.8  23:56      84      992.3       8.9     12.4      30.7  07:20      W-SW
   5     9.0    11.8  13:25     7.0  22:55      79     1000.4       0.0      9.4      29.0  13:55        SW
   6     8.0    12.2  14:40     4.6  23:50      83     1009.3       0.0      3.4      16.0  15:10        SW
   7     6.2     8.5  13:56     4.7  00:00      86     1003.7       1.1      2.2      16.6  09:41         S
   8     7.3     9.5  14:20     6.2  06:55      87     1006.3       1.4      3.7      16.2  16:45        NO
   9     6.0     7.4  02:10     5.1  21:55      90     1009.9      12.8      7.3      16.0  14:25         N
  10     5.9     6.7  15:50     5.1  00:10      90     1012.4       0.7      1.0      12.7  16:30        SW
  11     6.3     8.6  13:40     3.3  23:50      88     1012.4       0.7      0.6       9.4  11:55        SW
  12     4.6     8.1  22:35     0.7  06:50      90     1013.2       0.7      1.5      15.1  10:55         O
  13    11.1    14.5  15:20     8.0  00:10      88     1014.7       0.0      1.4      11.1  11:00         S
  14    10.7    13.3  15:30     8.1  04:00      85     1013.0       1.4      3.8      30.5  15:35        SW
  15    10.2    13.0  13:55     7.5  07:15      83     1016.2       0.0      2.1      14.6  00:05         S
  16    11.5    13.3  21:30     9.7  06:15      90     1012.7       7.8      1.9      13.2  13:30         S
  17    11.2    13.4  13:45     8.9  23:55      91     1014.7       2.1      2.3      24.3  14:05         S
  18     9.5    12.6  15:10     7.6  22:35      85     1024.1       0.0      5.4      22.5  13:45        SW
  19     7.6    12.5  14:35     5.0  08:10      85     1025.8       0.4      1.2      12.5  12:40        SO
  20     8.6    14.4  14:15     3.7  05:45      84     1024.8       0.0      1.0      12.1  12:30         O
  21    11.0    14.4  13:45     7.9  23:55      82     1025.5       0.0      0.5       8.3  01:30         W
  22    10.6    13.2  14:40     7.9  00:00      82     1017.2       0.4      6.3      20.9  22:35        SW
  23    11.2    12.9  12:35     9.5  00:15      76     1012.6       2.5     22.6      41.0  16:10      W-SW
  24    12.0    13.6  16:45     9.8  07:20      86     1015.7       5.0     10.7      26.3  00:05      W-SW
  25    11.4    14.8  14:20     8.3  08:00      74     1013.6       0.0      6.5      18.1  12:05      S-SW
  26     9.7    12.1  14:25     7.5  08:10      77     1014.6       1.1     11.3      28.5  14:30      W-SW
  27     9.6    11.6  15:10     6.6  23:50      69     1010.1       0.0     13.8      45.0  14:40      W-SW
  28     9.4    11.6  20:00     6.1  00:55      75     1009.3       0.7     10.3      28.7  12:45        SW
  29    10.0    14.4  14:50     7.1  08:20      64     1001.8       0.0      5.4      36.9  14:45        SO
  30     6.8     8.4  00:40     5.9  23:50      89      999.9       2.5      0.4       8.1  03:25         W
--------------------------------------------------------------------------------------------------------------
Avg:     9.0    14.8     25     0.7     12      83     1011.6      61.8      5.3      45.0     27      W-SW


Distribution WD Values         4549
Distribution WD N-NO        2.638%
Distribution WD NO          2.308%
Distribution WD NO-O        1.978%
Distribution WD O           3.891%
Distribution WD O-SO        3.034%
Distribution WD SO          4.880%
Distribution WD SO-S        5.452%
Distribution WD S          10.772%
Distribution WD S-SW       10.222%
Distribution WD SW         20.818%
Distribution WD SW-W       22.313%
Distribution WD W           5.781%
Distribution WD W-NW        0.440%
Distribution WD NW          0.659%
Distribution WD NW-N        0.703%
Distribution WD N           4.111%

Rain days >0.0 l/m Month     20
Rain days >2.0 l/m Month     8
Rain days >20.0 l/m Month    0


Ice days    max <  0C      0
Cold days   min <= 0C      0
Cool days   max < 10C      7
Summer days max >=25C      0
Hot days    max >=30C      0

Last year same Month: Ice days    max <  0C      0
Last year same Month: Cold days   min <= 0C      6
Last year same Month: Cool days   max < 10C     13
Last year same Month: Summer days max >=25C      0
Last year same Month: Hot days    max >=30C      0

 1999-2020  Werner Krenn - Wetterstation Bedien- und Auswertesoftware - V2.99.8.8