MONTHLY CLIMATOLOGICAL SUMMARY for September  2009

CITY: Mannheim-Seckenheim    ELEV: 96 m  LAT: 49 28' 7"   LONG: 8 33' 26" 

    TEMPERATURE (C), BAROMETER (hPa), RAIN  (l/m), WIND SPEED (km/h)

        MEAN            TEMPERATURE                                              WIND                   DOM
 DAY    TEMP    HIGH   TIME     LOW   TIME     HUM       Baro      Rain    SPEED      HIGH   TIME       DIR
--------------------------------------------------------------------------------------------------------------
   1    22.5    32.2  15:50    15.7  04:55      62     1014.2       1.4      5.7      31.2  17:40         W
   2    20.4    25.3  14:10    14.8  06:20      70     1015.8       0.0      3.2      19.1  13:45      W-SW
   3    18.4    22.1  13:35    16.1  04:35      71     1007.8       7.8      9.5      31.6  15:25      W-SW
   4    15.0    18.4  11:30    11.8  22:55      79     1010.3      13.8      5.3      35.9  19:50      W-SW
   5    14.3    19.4  15:15    10.8  05:25      75     1022.4       0.7      8.4      22.3  12:15      W-SW
   6    14.7    20.7  17:06     9.7  06:50      76     1026.6       0.0      2.2      13.1  13:35      W-SW
   7    15.2    23.9  17:25     8.9  07:10      76     1024.3       0.0      0.7       7.7  13:20      W-SW
   8    17.5    28.4  16:40     9.2  06:55      71     1024.1       0.0      1.5      11.5  14:20      O-NO
   9    18.1    25.3  15:15    10.9  06:35      70     1024.1       0.0      3.3      15.5  14:10         N
  10    17.8    23.1  14:50    14.0  04:20      79     1027.2       0.0      8.5      24.5  18:45         N
  11    16.6    21.4  15:26    12.7  06:55      71     1029.4       0.0      8.8      21.5  16:05      N-NO
  12    17.2    22.5  16:40    13.0  07:35      61     1025.1       0.0     10.4      20.9  18:10      N-NO
  13    14.1    18.2  14:10     9.9  07:10      74     1021.2       0.7      6.9      21.0  16:10         N
  14    12.7    16.1  13:20    10.4  05:05      85     1017.8       2.1      4.8      14.1  15:50        NO
  15    13.1    17.4  17:10     8.1  05:35      86     1016.9       0.0      2.6       9.9  17:00        NO
  16    17.3    22.2  16:20    13.0  05:20      82     1013.8       0.0      8.1      19.8  23:55         N
  17    17.7    20.2  16:50    15.9  02:55      79     1015.8       0.0      7.4      16.5  15:10         N
  18    18.4    21.8  15:50    15.0  07:55      78     1017.6       0.0      2.2      11.0  09:50        NO
  19    18.3    22.2  14:05    14.0  07:40      80     1016.2       0.0      0.8       7.6  14:10        NO
  20    18.9    25.6  15:30    15.4  00:05      81     1019.3       0.0      2.1      26.5  16:00         W
  21    17.9    22.1  16:00    15.3  05:10      84     1024.0       0.0      4.6      19.5  12:30         N
  22    17.4    24.8  16:05    13.2  08:10      82     1026.4       0.0      1.0      11.3  11:25         W
  23    17.1    25.3  16:20    12.9  04:50      78     1026.4       0.0      1.2      16.1  17:10      W-SW
  24    16.4    23.1  16:55    11.0  04:45      80     1024.1       0.0      4.1      17.9  20:05         N
  25    16.4    21.9  15:40    11.7  07:55      71     1025.6       0.0      6.1      19.3  15:50        NO
  26    14.4    22.8  15:35     8.5  07:40      72     1026.4       0.0      2.0      13.5  15:30      O-NO
  27    14.7    23.2  16:05     8.2  07:35      73     1026.0       0.0      1.5      11.3  17:40         W
  28    14.4    22.5  15:20     8.2  07:20      77     1024.8       0.0      1.7      12.3  13:55         W
  29    15.0    18.9  16:50    10.0  04:40      76     1021.9       0.0      2.2      13.5  13:00         W
  30    15.9    20.0  14:50    11.9  23:45      77     1019.3       0.0      0.4       9.8  15:00        SW
--------------------------------------------------------------------------------------------------------------
Avg:    16.6    32.2      1     8.1     15      76     1021.2      26.6      4.2      35.9      4         N


Distribution WD Values         4372
Distribution WD N-NO       15.005%
Distribution WD NO         14.250%
Distribution WD NO-O        5.329%
Distribution WD O           2.768%
Distribution WD O-SO        0.663%
Distribution WD SO          0.206%
Distribution WD SO-S        0.229%
Distribution WD S           0.526%
Distribution WD S-SW        0.961%
Distribution WD SW          3.362%
Distribution WD SW-W       12.145%
Distribution WD W          12.351%
Distribution WD W-NW        2.676%
Distribution WD NW          3.797%
Distribution WD NW-N        6.633%
Distribution WD N          19.099%

Rain days >0.0 l/m Month     6
Rain days >2.0 l/m Month     3
Rain days >20.0 l/m Month    0


Ice days    max <  0C      0
Cold days   min <= 0C      0
Cool days   max < 10C      0
Summer days max >=25C      6
Hot days    max >=30C      1

Last year same Month: Ice days    max <  0C      0
Last year same Month: Cold days   min <= 0C      0
Last year same Month: Cool days   max < 10C      0
Last year same Month: Summer days max >=25C      3
Last year same Month: Hot days    max >=30C      0

 1999-2020  Werner Krenn - Wetterstation Bedien- und Auswertesoftware - V2.99.8.8