MONTHLY CLIMATOLOGICAL SUMMARY for Juli       2008

CITY: Mannheim-Seckenheim    ELEV: 96 m  LAT: 49 28' 7"   LONG: 8 33' 26" 

    TEMPERATURE (C), BAROMETER (hPa), RAIN  (l/m), WIND SPEED (km/h)

        MEAN            TEMPERATURE                                              WIND                   DOM
 DAY    TEMP    HIGH   TIME     LOW   TIME     HUM       Baro      Rain    SPEED      HIGH   TIME       DIR
--------------------------------------------------------------------------------------------------------------
   1    23.9    31.9  15:30    15.2  05:10      57     1017.0       0.0      2.8      12.9  11:45      O-NO
   2    26.8    35.3  16:15    18.6  05:45      55     1011.2       0.0      4.5      17.7  18:30      W-SW
   3    20.7    25.5  00:05    17.3  23:45      80     1012.0       7.8      4.5      18.1  11:20      W-SW
   4    19.1    24.5  15:35    14.2  05:50      65     1017.4       0.0      6.6      19.5  09:25         W
   5    20.6    28.0  15:55    11.8  05:20      56     1016.0       0.0      2.7      13.0  14:55      W-SW
   6    20.2    24.8  12:40    16.7  05:25      74     1011.3       0.7      3.5      15.1  14:15         W
   7    18.5    23.5  16:10    14.2  03:00      67     1010.1       1.4     10.4      29.3  18:00      W-SW
   8    17.3    20.9  14:35    14.7  00:05      69     1014.2       0.4     13.8      32.9  17:05      W-SW
   9    18.8    23.7  13:45    15.0  05:39      65     1017.8       0.4      7.1      23.4  14:05         W
  10    23.3    30.2  17:00    15.5  06:05      61     1014.3       0.0      5.7      21.8  11:50      W-SW
  11    21.1    27.3  12:00    17.3  22:15      75     1011.4       4.6      3.3      30.2  16:45         W
  12    19.5    24.3  16:40    15.6  04:30      68     1012.3       0.0      7.5      20.0  17:10         W
  13    18.0    21.4  13:00    15.0  07:25      64     1014.1       0.0      4.5      13.5  17:15      N-NO
  14    18.3    23.9  14:00    11.6  05:55      56     1022.4       0.0      5.9      26.9  11:15         N
  15    20.8    28.0  16:15    12.4  06:10      57     1027.5       0.0      4.4      19.1  16:40      W-SW
  16    20.2    27.4  15:45    15.0  23:35      67     1021.4       0.7      7.7      29.1  18:25         W
  17    16.8    19.1  14:15    14.8  05:55      80     1017.2       0.7      1.8      15.4  14:20      W-SW
  18    17.7    22.1  15:10    14.9  07:30      76     1014.9       3.5      2.6      16.6  14:55      W-SW
  19    20.8    26.8  15:30    16.8  01:45      66     1012.9       0.0      9.8      33.2  17:15      W-SW
  20    18.5    24.6  16:25    12.4  06:15      63     1015.2       0.4     10.3      32.6  18:35         W
  21    15.0    19.8  15:25    11.4  05:10      68     1020.4       1.1      7.8      27.1  16:45         W
  22    15.0    18.6  19:25    10.7  06:15      77     1024.5       1.4      4.4      17.1  19:15         W
  23    18.2    24.9  15:55    11.0  06:20      67     1025.4       0.0      3.5      14.2  17:05        NO
  24    21.3    28.3  16:25    13.5  04:45      56     1019.6       0.0      8.1      21.3  13:05      O-NO
  25    23.6    30.5  15:05    16.3  06:00      60     1014.0       0.0      4.6      20.1  13:50      O-NO
  26    22.2    32.7  14:45    17.3  05:35      75     1013.7       5.3      3.1      39.6  15:55        NO
  27    22.7    31.0  15:05    17.9  06:15      78     1016.4       0.0      2.7      17.5  16:25        NO
  28    25.8    33.6  15:05    18.6  04:50      64     1015.3       0.0      4.5      21.8  12:59      O-NO
  29    24.0    29.2  16:20    19.0  05:25      71     1016.6       0.0      3.2      17.1  14:35         W
  30    24.8    32.5  15:50    18.3  05:30      70     1018.7      15.3      4.0      36.1  21:05      O-NO
  31    25.6    33.2  15:35    18.6  06:45      68     1016.5       0.4      3.7      18.1  02:00      O-NO
--------------------------------------------------------------------------------------------------------------
Avg:    20.6    35.3      2    10.7     22      67     1016.5      44.0      5.5      39.6     26         W


Distribution WD Values         5094
Distribution WD N-NO        4.711%
Distribution WD NO          8.441%
Distribution WD NO-O        9.698%
Distribution WD O           4.751%
Distribution WD O-SO        0.609%
Distribution WD SO          0.393%
Distribution WD SO-S        0.393%
Distribution WD S           0.510%
Distribution WD S-SW        1.276%
Distribution WD SW          6.851%
Distribution WD SW-W       23.322%
Distribution WD W          24.853%
Distribution WD W-NW        4.005%
Distribution WD NW          3.298%
Distribution WD NW-N        2.277%
Distribution WD N           4.613%

Rain days >0.0 l/m Month     15
Rain days >2.0 l/m Month     5
Rain days >20.0 l/m Month    0


Ice days    max <  0C      0
Cold days   min <= 0C      0
Cool days   max < 10C      0
Summer days max >=25C     17
Hot days    max >=30C      9

Last year same Month: Ice days    max <  0C      0
Last year same Month: Cold days   min <= 0C      0
Last year same Month: Cool days   max < 10C      0
Last year same Month: Summer days max >=25C     14
Last year same Month: Hot days    max >=30C      5

 1999-2020  Werner Krenn - Wetterstation Bedien- und Auswertesoftware - V2.99.8.8