MONTHLY CLIMATOLOGICAL SUMMARY for November   2007

CITY: Mannheim-Seckenheim    ELEV: 96 m  LAT: 49 28' 7"   LONG: 8 33' 26" 

    TEMPERATURE (C), BAROMETER (hPa), RAIN  (l/m), WIND SPEED (km/h)

        MEAN            TEMPERATURE                                              WIND                   DOM
 DAY    TEMP    HIGH   TIME     LOW   TIME     HUM       Baro      Rain    SPEED      HIGH   TIME       DIR
--------------------------------------------------------------------------------------------------------------
   1     3.6     6.0  15:20     1.3  00:05      93     1034.5       0.4      0.8       7.7  17:55        NO
   2     7.6    11.6  15:10     2.8  00:01      90     1034.0       0.0      0.0       3.3  00:05      W-SW
   3    10.6    12.9  13:30     8.9  07:01      90     1029.5       0.7      0.1       5.0  12:16        SW
   4     9.5    12.0  12:21     7.2  06:55      82     1028.2       0.0      2.0      12.3  12:55      N-NO
   5     7.3    13.1  13:35     2.9  21:15      74     1028.7       0.0      0.9       9.0  14:30      W-SW
   6     7.6    11.6  12:25     4.4  00:00      78     1027.1       2.1      9.1      32.2  12:30         W
   7     7.6     9.4  23:25     6.1  04:00      82     1025.9       0.7     10.0      24.9  20:15      W-SW
   8     9.5    11.1  11:55     7.8  06:10      88     1019.1       1.8      7.3      23.2  23:40      W-SW
   9     6.6     9.8  00:11     4.8  23:55      76     1016.0       4.6     19.1      36.9  12:35         W
  10     6.2     9.1  15:10     3.6  07:45      83     1017.6       5.0     12.6      32.7  12:10      W-SW
  11     9.1    11.3  10:40     5.0  23:50      81     1011.4       7.8     16.3      39.6  13:20         W
  12     5.0     8.6  13:55     1.7  08:00      77     1020.2       0.0      9.3      27.5  13:30         W
  13     4.0     6.2  13:25     2.0  01:00      84     1015.7       7.8      7.2      19.2  13:45      W-SW
  14     2.6     4.3  13:40    -0.3  22:55      85     1010.4       4.6      7.6      20.1  13:35         N
  15     1.4     4.6  12:40    -1.4  22:45      81     1023.8       0.0      8.3      18.8  12:55         N
  16     0.2     3.6  13:35    -3.2  08:05      82     1030.0       0.0      1.7       9.1  14:56        NO
  17     1.9     3.4  15:40     0.7  06:50      88     1028.4       0.7      0.1       5.5  13:25        NO
  18     2.3     5.8  14:05    -0.1  06:45      87     1017.3       0.0      2.3      14.5  21:55      O-NO
  19     1.8     3.9  14:50    -1.6  06:45      83     1013.7       0.0      1.3      12.8  01:25      O-NO
  20     2.7     6.4  14:30    -0.7  03:55      86     1015.6       0.0      0.7       7.2  07:55         O
  21     4.4     6.5  15:50     3.3  20:55      87     1012.9       0.4      1.6      10.8  03:55      W-SW
  22     6.7     9.6  14:00     4.5  03:05      91     1011.2       1.8      0.7      10.3  14:50         W
  23     7.4     8.1  16:15     6.3  23:35      92     1014.8       9.6      1.7      19.3  22:40         N
  24     3.2     6.2  00:00    -1.5  23:25      85     1026.1       0.4      5.0      13.6  01:00         N
  25     3.1     5.8  15:10    -1.6  01:05      89     1022.4       3.2      7.6      28.9  22:10      W-SW
  26     4.1     6.1  11:45     2.5  08:00      82     1026.8       1.1     12.4      32.6  14:10         W
  27     3.6     6.3  14:10    -0.6  23:20      85     1030.1       0.0      2.4      11.5  03:45         W
  28    -0.5     3.5  14:15    -2.5  23:50      91     1025.1       0.4      0.9       8.5  15:15         N
  29     0.8     3.1  13:50    -2.8  00:55      89     1015.8       1.8      3.0      13.8  19:50        SW
  30     5.2     7.8  21:30     1.3  07:15      90     1014.5       2.1      1.8      13.2  21:30      W-SW
--------------------------------------------------------------------------------------------------------------
Avg:     4.8    13.1      5    -3.2     16      85     1021.6      56.8      5.1      39.6     11         W


Distribution WD Values         4344
Distribution WD N-NO        7.666%
Distribution WD NO          5.824%
Distribution WD NO-O        3.706%
Distribution WD O           2.555%
Distribution WD O-SO        0.460%
Distribution WD SO          0.529%
Distribution WD SO-S        0.322%
Distribution WD S           0.668%
Distribution WD S-SW        1.128%
Distribution WD SW          4.627%
Distribution WD SW-W       22.053%
Distribution WD W          32.390%
Distribution WD W-NW        4.075%
Distribution WD NW          2.256%
Distribution WD NW-N        3.062%
Distribution WD N           8.679%

Rain days >0.0 l/m Month     20
Rain days >2.0 l/m Month     9
Rain days >20.0 l/m Month    0


Ice days    max <  0C      0
Cold days   min <= 0C     11
Cool days   max < 10C     23
Summer days max >=25C      0
Hot days    max >=30C      0

Last year same Month: Ice days    max <  0C      0
Last year same Month: Cold days   min <= 0C      1
Last year same Month: Cool days   max < 10C     10
Last year same Month: Summer days max >=25C      0
Last year same Month: Hot days    max >=30C      0

 1999-2020  Werner Krenn - Wetterstation Bedien- und Auswertesoftware - V2.99.8.8