MONTHLY CLIMATOLOGICAL SUMMARY for Juni       2007

CITY: Mannheim-Seckenheim    ELEV: 96 m  LAT: 49 28' 7"   LONG: 8 33' 26" 

    TEMPERATURE (C), BAROMETER (hPa), RAIN  (l/m), WIND SPEED (km/h)

        MEAN            TEMPERATURE                                              WIND                   DOM
 DAY    TEMP    HIGH   TIME     LOW   TIME     HUM       Baro      Rain    SPEED      HIGH   TIME       DIR
--------------------------------------------------------------------------------------------------------------
   1    14.3    16.0  11:26    13.0  23:26      83     1015.3      23.8      0.8       9.2  01:30         W
   2    17.2    24.0  13:00    11.0  05:05      79     1021.0       0.7      3.2      19.4  14:25        NO
   3    19.9    26.1  15:35    13.9  06:15      69     1021.4       0.0      4.9      15.0  11:46      N-NO
   4    20.4    25.8  16:26    14.1  05:21      71     1020.0       0.0      4.5      19.5  15:50        NO
   5    20.7    25.0  17:56    16.7  03:50      69     1018.2       0.0      6.5      20.8  18:40        NO
   6    22.3    28.8  16:16    15.2  05:20      66     1014.9       0.0      8.5      22.1  13:00        NO
   7    25.6    31.3  13:55    18.9  05:45      58     1013.1       0.0      8.1      19.8  17:15      O-NO
   8    25.2    32.1  16:01    17.7  05:54      60     1015.3       0.0      3.3      12.1  00:06        NO
   9    21.8    29.7  12:35    16.8  23:21      74     1016.7       0.4      4.2      24.7  17:16         W
  10    22.4    29.6  14:46    14.5  05:36      70     1015.3       0.0      4.1      20.8  16:55        NO
  11    21.1    26.5  16:21    17.0  06:06      74     1014.2       5.7      4.8      20.3  03:06        NO
  12    21.4    26.5  15:00    17.1  06:06      75     1011.7       0.0      4.5      22.5  20:05         W
  13    21.8    28.9  16:01    15.0  05:06      66     1010.5       0.0      2.9      12.1  17:35         W
  14    22.4    31.3  16:01    15.4  04:20      69     1007.1      14.6      3.9      58.2  20:35      W-SW
  15    19.1    23.4  12:11    15.9  23:36      84     1007.3       5.7      5.2      19.6  20:25      W-SW
  16    18.4    23.4  16:25    13.5  05:50      72     1010.7       2.1      5.4      23.6  14:41      W-SW
  17    20.7    28.1  16:25    14.1  05:45      65     1010.2       1.1      3.9      20.7  13:11      W-SW
  18    21.9    27.9  14:40    17.2  04:20      71     1012.0      14.9      8.0      27.4  10:40      W-SW
  19    23.7    30.8  16:46    16.2  05:05      66     1014.6       0.0      3.2      13.9  17:06      O-NO
  20    26.1    30.6  14:31    21.9  06:40      60     1012.8       0.4      6.1      19.8  15:16         W
  21    20.4    23.4  00:00    16.0  23:50      78     1013.2       3.5      5.8      20.6  18:50      W-SW
  22    16.8    21.2  16:36    13.5  05:35      81     1013.9      10.6      3.0      15.7  14:36         W
  23    15.8    20.3  15:35    13.7  02:01      86     1014.1      20.6      6.2      23.1  14:46      W-SW
  24    19.4    25.7  16:36    12.8  06:10      70     1015.2       0.0      3.1      15.4  17:20      W-SW
  25    18.5    25.3  13:15    14.1  23:56      80     1008.3      12.4      5.1      32.7  14:26      W-SW
  26    15.1    19.2  15:15    12.5  08:44      76     1005.8       2.5     15.3      38.8  12:55         W
  27    15.2    19.6  16:25    11.8  06:35      63     1011.3       0.0     11.5      26.2  17:30         W
  28    15.5    20.2  15:25    13.4  05:40      71     1015.0       1.4     10.9      29.7  15:05      W-SW
  29    16.4    20.2  13:05    12.6  05:05      74     1017.4       0.7      4.4      20.5  13:10      W-SW
  30    17.6    22.4  17:30    14.7  00:55      77     1018.5       0.0      4.3      16.0  17:25      W-SW
--------------------------------------------------------------------------------------------------------------
Avg:    19.9    32.1      8    11.0      2      72     1013.8     121.0      5.5      58.2     14      W-SW


Distribution WD Values         5421
Distribution WD N-NO        7.452%
Distribution WD NO         11.345%
Distribution WD NO-O        7.397%
Distribution WD O           3.652%
Distribution WD O-SO        0.369%
Distribution WD SO          0.553%
Distribution WD SO-S        0.332%
Distribution WD S           0.793%
Distribution WD S-SW        1.476%
Distribution WD SW          8.172%
Distribution WD SW-W       23.151%
Distribution WD W          20.808%
Distribution WD W-NW        3.302%
Distribution WD NW          2.306%
Distribution WD NW-N        2.417%
Distribution WD N           6.475%

Rain days >0.0 l/m Month     17
Rain days >2.0 l/m Month     11
Rain days >20.0 l/m Month    2


Ice days    max <  0C      0
Cold days   min <= 0C      0
Cool days   max < 10C      0
Summer days max >=25C     18
Hot days    max >=30C      5

Last year same Month: Ice days    max <  0C      0
Last year same Month: Cold days   min <= 0C      0
Last year same Month: Cool days   max < 10C      0
Last year same Month: Summer days max >=25C     20
Last year same Month: Hot days    max >=30C      8

 1999-2020  Werner Krenn - Wetterstation Bedien- und Auswertesoftware - V2.99.8.8