MONTHLY CLIMATOLOGICAL SUMMARY for Juni 2006 CITY: Mannheim-Seckenheim ELEV: 96 m LAT: 49° 28' 7" LONG: 8° 33' 26" TEMPERATURE (°C), BAROMETER (hPa), RAIN (l/m²), WIND SPEED (km/h) MEAN TEMPERATURE WIND DOM DAY TEMP HIGH TIME LOW TIME HUM Baro Rain SPEED HIGH TIME DIR -------------------------------------------------------------------------------------------------------------- 1 10.4 13.4 17:15 8.7 07:16 71 1023.9 1.1 11.8 30.2 14:41 W-NW 2 12.5 17.6 17:01 8.7 05:00 67 1028.3 0.7 5.4 18.3 10:36 NO 3 13.1 20.0 13:06 6.4 03:06 71 1028.6 0.0 4.3 16.5 14:40 N 4 13.5 16.2 16:11 10.1 23:50 69 1024.7 1.4 8.2 27.6 11:51 NW 5 13.1 17.6 16:41 8.0 02:01 65 1024.1 0.0 5.4 19.1 17:16 N-NO 6 14.2 19.6 14:40 9.2 06:01 59 1027.2 0.0 5.0 20.2 11:15 NO 7 14.9 22.6 16:01 5.8 05:42 63 1028.6 0.0 2.8 13.0 15:11 O-NO 8 16.8 24.7 16:33 7.4 06:02 57 1028.1 0.0 2.9 15.3 16:58 O-NO 9 18.7 26.4 16:13 8.9 05:58 54 1026.4 0.0 2.6 13.8 13:28 NO 10 20.5 28.6 16:23 10.8 05:18 56 1024.0 0.0 3.1 13.1 15:08 O-NO 11 21.6 28.0 16:29 15.0 03:38 48 1026.2 0.0 6.7 19.5 13:08 O-NO 12 22.9 30.4 15:33 14.6 03:23 46 1025.4 0.0 5.7 16.5 15:58 O-NO 13 23.7 33.4 16:48 13.2 05:44 53 1022.2 0.0 2.5 12.5 17:43 NO 14 25.4 34.2 16:13 15.9 05:43 55 1017.5 0.0 2.2 11.5 15:38 W 15 24.1 32.0 16:13 18.7 05:38 66 1016.9 3.6 4.1 22.0 17:53 NO 16 21.2 26.1 15:38 16.4 06:18 69 1017.9 0.0 8.2 21.3 17:38 N 17 19.9 26.4 16:09 12.4 05:55 56 1020.0 0.0 6.2 20.7 14:19 N 18 23.5 32.3 16:50 13.1 05:34 58 1017.3 0.0 3.3 16.7 14:54 W-SW 19 23.4 30.3 16:29 17.7 23:59 67 1015.7 5.8 4.3 37.0 19:34 W-SW 20 22.3 27.7 12:30 16.2 05:24 76 1017.6 0.7 1.9 13.0 15:19 W 21 23.3 28.5 14:59 19.0 03:54 66 1015.3 0.0 7.1 28.9 16:34 W 22 20.3 24.0 14:44 17.8 23:59 61 1016.0 0.0 8.6 25.0 16:09 W 23 19.2 24.8 16:14 12.6 05:24 52 1019.8 0.0 5.5 16.3 13:34 NO 24 22.6 31.0 15:49 14.0 04:44 55 1016.4 0.0 3.7 13.8 15:29 NO 25 24.5 33.9 16:24 17.5 05:34 66 1012.3 9.0 4.0 34.9 20:19 O-NO 26 22.0 28.0 15:54 17.2 05:15 72 1016.7 7.6 4.7 20.4 15:39 W-SW 27 22.5 28.9 16:11 16.3 05:37 68 1019.2 0.4 4.7 18.0 20:35 N-NO 28 20.5 25.7 16:50 16.4 05:05 75 1019.9 0.4 6.0 13.1 15:50 N-NO 29 22.8 28.6 16:26 17.3 06:36 68 1020.5 14.8 5.3 16.6 16:11 NO 30 23.0 29.3 16:36 16.0 05:56 62 1024.2 0.0 4.4 16.5 16:06 NO -------------------------------------------------------------------------------------------------------------- Avg: 19.9 34.2 14 5.8 7 62 1021.4 45.4 5.0 37.0 19 NO Distribution WD Values 5301 Distribution WD N-NO 11.602% Distribution WD NO 17.751% Distribution WD NO-O 12.337% Distribution WD O 5.905% Distribution WD O-SO 0.755% Distribution WD SO 0.377% Distribution WD SO-S 0.302% Distribution WD S 0.490% Distribution WD S-SW 0.830% Distribution WD SW 2.716% Distribution WD SW-W 8.829% Distribution WD W 10.998% Distribution WD W-NW 5.546% Distribution WD NW 5.735% Distribution WD NW-N 4.905% Distribution WD N 10.922% Rain days >0.0 l/m² Month 11 Rain days >2.0 l/m² Month 5 Rain days >20.0 l/m² Month 0 Ice days max < 0°C 0 Cold days min <= 0°C 0 Cool days max < 10°C 0 Summer days max >=25°C 20 Hot days max >=30°C 8 Last year same Month: Ice days max < 0°C 0 Last year same Month: Cold days min <= 0°C 0 Last year same Month: Cool days max < 10°C 0 Last year same Month: Summer days max >=25°C 19 Last year same Month: Hot days max >=30°C 10 © 1999-2020 Werner Krenn - Wetterstation Bedien- und Auswertesoftware - V2.99.8.8