MONTHLY CLIMATOLOGICAL SUMMARY for April 2019 CITY: Mannheim-Seckenheim ELEV: 96 m LAT: 49° 28' 7" LONG: 8° 33' 26" TEMPERATURE (°C), BAROMETER (hPa), RAIN (l/m²), WIND SPEED (km/h) MEAN TEMPERATURE WIND DOM DAY TEMP HIGH TIME LOW TIME HUM Baro Rain SPEED HIGH TIME DIR -------------------------------------------------------------------------------------------------------------- 1 12.6 19.8 15:40 5.7 07:20 63 1017.6 0.0 4.7 16.1 00:10 NO 2 14.9 22.3 16:05 7.2 06:50 57 1008.1 0.0 5.8 20.9 16:00 W-SW 3 9.6 15.2 00:00 5.6 22:55 84 1002.3 8.8 3.5 14.5 00:00 W-SW 4 5.9 7.2 16:45 5.0 11:00 94 999.8 1.4 1.9 9.7 10:45 W-SW 5 7.0 9.6 13:30 4.7 05:55 91 1004.1 0.4 1.2 11.3 12:15 NO 6 9.9 17.1 17:20 2.1 05:50 81 1002.9 0.2 1.8 12.9 13:35 O-SO 7 12.6 19.7 16:25 7.0 04:10 76 1003.1 0.0 1.4 11.3 14:30 O-SO 8 11.4 15.0 18:05 8.1 23:45 85 1008.3 0.0 1.7 8.0 15:15 S 9 11.6 16.4 13:55 8.2 00:00 89 1008.7 2.8 0.9 8.0 13:25 O-SO 10 10.8 14.6 17:35 7.8 23:45 77 1010.3 0.2 3.9 17.7 13:35 NO 11 8.3 14.0 16:50 2.3 07:10 57 1017.4 0.0 6.6 20.9 11:20 N-NO 12 6.2 11.2 15:30 0.8 06:30 60 1020.3 0.0 6.3 19.3 15:25 NO 13 4.8 7.3 15:30 3.4 23:20 75 1020.1 0.8 6.1 17.7 10:10 NO 14 6.3 13.1 15:55 1.5 06:30 76 1020.3 0.4 5.0 20.9 19:30 NO 15 10.2 18.9 16:00 1.4 04:40 68 1020.9 0.0 3.7 17.7 16:10 NO 16 12.6 19.3 16:50 4.3 06:20 60 1016.4 0.2 2.1 11.3 14:20 SO 17 14.3 20.1 17:05 10.3 06:40 76 1020.1 2.4 1.6 11.3 14:50 O-NO 18 16.6 23.3 16:40 7.6 06:10 49 1021.6 0.0 5.5 16.1 10:55 O-NO 19 18.1 25.7 16:00 10.0 07:05 45 1024.5 0.0 2.5 14.5 18:25 O-NO 20 17.5 26.1 16:25 8.4 06:35 47 1024.6 0.0 3.0 16.1 12:20 O 21 17.9 26.3 15:40 8.8 07:05 43 1017.4 0.0 2.6 12.9 13:15 O-SO 22 18.4 26.2 16:40 7.7 06:45 40 1006.6 0.0 5.8 27.4 11:40 O-NO 23 17.4 21.6 17:55 13.8 06:35 52 997.4 0.0 4.1 19.3 00:50 O-NO 24 16.5 26.4 17:45 10.1 06:10 67 1001.0 0.0 4.4 38.6 19:00 W-SW 25 15.8 27.1 16:35 6.6 05:40 63 1006.8 0.0 4.6 25.7 19:30 SW 26 10.7 13.0 15:35 8.9 04:00 87 1013.1 4.2 2.6 12.9 11:25 W-SW 27 10.2 13.2 14:35 7.0 23:55 86 1014.9 7.0 5.6 20.9 13:40 W-SW 28 8.7 14.0 16:05 4.8 05:50 82 1018.8 1.6 3.2 16.1 16:15 W-SW 29 8.9 15.3 15:20 3.5 05:50 85 1021.3 3.2 1.6 12.9 15:45 N-NO 30 13.1 19.2 17:05 9.6 00:10 71 1018.3 3.0 4.1 16.1 13:10 NO -------------------------------------------------------------------------------------------------------------- Avg: 12.0 27.1 25 0.8 12 70 1012.9 36.6 3.6 38.6 24 NO Distribution WD Values 1861 Distribution WD N-NO 15.422% Distribution WD NO 23.375% Distribution WD NO-O 14.240% Distribution WD O 11.714% Distribution WD O-SO 6.663% Distribution WD SO 2.740% Distribution WD SO-S 1.881% Distribution WD S 2.149% Distribution WD S-SW 1.988% Distribution WD SW 5.427% Distribution WD SW-W 7.630% Distribution WD W 3.063% Distribution WD W-NW 0.376% Distribution WD NW 0.161% Distribution WD NW-N 0.591% Distribution WD N 2.579% Rain days >0.0 l/m² Month 15 Rain days >2.0 l/m² Month 7 Rain days >20.0 l/m² Month 0 Ice days max < 0°C 0 Cold days min <= 0°C 0 Cool days max < 10°C 3 Summer days max >=25°C 6 Hot days max >=30°C 0 Last year same Month: Ice days max < 0°C 0 Last year same Month: Cold days min <= 0°C 0 Last year same Month: Cool days max < 10°C 0 Last year same Month: Summer days max >=25°C 8 Last year same Month: Hot days max >=30°C 0 © 1999-2020 Werner Krenn - Wetterstation Bedien- und Auswertesoftware - V2.99.8.8