MONTHLY CLIMATOLOGICAL SUMMARY for April 2017 CITY: Mannheim-Seckenheim ELEV: 96 m LAT: 49° 28' 7" LONG: 8° 33' 26" TEMPERATURE (°C), BAROMETER (hPa), RAIN (l/m²), WIND SPEED (km/h) MEAN TEMPERATURE WIND DOM DAY TEMP HIGH TIME LOW TIME HUM Baro Rain SPEED HIGH TIME DIR -------------------------------------------------------------------------------------------------------------- 1 14.7 21.9 17:25 8.9 06:10 64 1010.8 0.0 2.5 14.5 19:15 S-SW 2 13.7 18.7 17:45 10.2 07:20 71 1017.1 0.8 2.3 11.3 13:05 N-NO 3 13.8 20.4 16:35 8.3 07:40 65 1022.4 0.0 2.7 12.9 12:15 N-NO 4 12.2 18.3 16:10 5.4 07:20 66 1021.4 0.0 3.1 11.3 13:40 N-NO 5 11.9 17.6 16:35 5.2 07:40 64 1022.0 0.0 4.2 19.3 18:40 N-NO 6 9.8 14.6 17:10 5.2 07:45 63 1024.7 0.0 4.9 17.7 01:10 N-NO 7 9.9 15.1 16:30 3.2 07:00 70 1024.0 0.0 2.9 14.5 12:10 N 8 11.6 19.4 16:40 4.9 04:50 72 1022.9 0.0 1.6 8.0 11:50 O-SO 9 13.6 23.6 17:00 4.3 07:05 66 1021.9 0.0 1.2 8.0 15:30 N-NO 10 15.1 25.8 14:40 8.8 02:30 63 1017.8 0.0 5.6 22.5 15:30 N-NO 11 10.6 16.2 15:55 4.9 06:15 61 1023.7 0.0 3.2 16.1 15:30 N-NO 12 12.7 21.0 15:50 5.4 05:45 59 1017.4 0.0 5.7 20.9 16:20 SW 13 14.0 17.3 16:10 10.8 05:40 60 1013.5 0.0 6.4 20.9 13:45 SW 14 12.4 17.4 17:40 7.3 03:05 61 1014.9 0.0 2.1 9.7 10:30 S-SW 15 11.6 14.3 12:20 7.2 05:50 70 1014.8 0.4 4.7 19.3 18:45 SW 16 10.0 13.0 13:45 7.2 06:55 65 1018.5 0.2 4.7 19.3 15:30 S-SW 17 8.2 10.6 17:40 6.3 02:30 79 1016.3 4.8 4.7 17.7 14:30 N-NO 18 6.3 10.3 16:35 3.2 23:50 74 1022.2 0.8 7.5 20.9 03:40 N-NO 19 4.7 8.6 16:10 1.1 23:50 73 1030.6 0.4 6.3 25.7 16:55 N-NO 20 5.3 12.6 17:35 -2.3 05:35 60 1034.0 0.0 3.0 14.5 13:35 N-NO 21 9.7 17.8 15:35 2.5 02:10 56 1029.3 0.0 2.4 12.9 14:55 NO 22 11.1 13.5 11:30 9.1 23:50 64 1022.8 0.0 5.6 22.5 16:55 N-NO 23 8.4 13.7 17:20 2.3 06:55 59 1023.6 0.0 4.2 12.9 14:15 N-NO 24 9.6 17.9 15:55 0.1 06:40 59 1015.4 0.0 2.1 14.5 11:25 O-SO 25 9.0 13.1 09:50 6.6 06:25 68 1007.2 0.0 3.1 14.5 11:15 N-NO 26 8.9 12.2 14:25 5.9 06:35 63 1010.1 0.0 3.1 12.9 17:20 N-NO 27 9.1 13.8 16:50 6.4 07:25 65 1013.4 0.0 2.5 14.5 17:40 N-NO 28 9.7 15.1 16:35 3.1 06:55 57 1013.2 0.0 4.0 12.9 12:45 SW 29 11.1 16.9 16:15 6.6 07:05 61 1016.1 0.0 1.8 11.3 16:25 S 30 12.9 20.7 16:35 2.7 06:25 53 1010.3 0.0 7.6 20.9 12:25 O -------------------------------------------------------------------------------------------------------------- Avg: 10.7 25.8 10 -2.3 20 64 1019.1 7.4 3.9 25.7 19 N-NO Distribution WD Values 1974 Distribution WD N-NO 23.151% Distribution WD NO 8.105% Distribution WD NO-O 4.661% Distribution WD O 5.167% Distribution WD O-SO 4.053% Distribution WD SO 2.533% Distribution WD SO-S 2.077% Distribution WD S 2.533% Distribution WD S-SW 8.308% Distribution WD SW 11.803% Distribution WD SW-W 4.306% Distribution WD W 0.608% Distribution WD W-NW 0.659% Distribution WD NW 2.685% Distribution WD NW-N 4.965% Distribution WD N 14.387% Rain days >0.0 l/m² Month 6 Rain days >2.0 l/m² Month 1 Rain days >20.0 l/m² Month 0 Ice days max < 0°C 0 Cold days min <= 0°C 1 Cool days max < 10°C 1 Summer days max >=25°C 1 Hot days max >=30°C 0 Last year same Month: Ice days max < 0°C 0 Last year same Month: Cold days min <= 0°C 0 Last year same Month: Cool days max < 10°C 2 Last year same Month: Summer days max >=25°C 0 Last year same Month: Hot days max >=30°C 0 © 1999-2020 Werner Krenn - Wetterstation Bedien- und Auswertesoftware - V2.99.8.8