MONTHLY CLIMATOLOGICAL SUMMARY for Mai 2011 CITY: Mannheim-Seckenheim ELEV: 96 m LAT: 49° 28' 7" LONG: 8° 33' 26" TEMPERATURE (°C), BAROMETER (hPa), RAIN (l/m²), WIND SPEED (km/h) MEAN TEMPERATURE WIND DOM DAY TEMP HIGH TIME LOW TIME HUM Baro Rain SPEED HIGH TIME DIR -------------------------------------------------------------------------------------------------------------- 1 16.0 20.7 15:30 11.1 07:20 54 1007.0 0.0 11.0 27.4 16:00 NO 2 14.3 20.2 15:55 8.4 06:30 50 1006.0 0.0 13.0 25.7 13:35 NO 3 10.3 14.5 15:35 6.3 06:00 59 1011.7 0.0 12.3 24.1 10:25 NO 4 10.0 16.3 17:55 2.4 05:45 53 1019.1 0.0 5.8 17.7 13:00 NO 5 12.5 20.2 16:30 3.9 05:35 52 1022.0 0.0 5.5 20.9 16:15 O 6 16.5 23.9 16:05 7.4 06:10 46 1019.9 0.0 5.7 17.7 12:50 O 7 19.3 28.3 15:20 10.6 05:00 45 1018.1 0.0 6.3 20.9 17:25 O 8 21.6 28.2 15:35 14.0 06:45 31 1018.0 0.0 8.8 19.3 13:30 O 9 20.7 26.9 15:25 14.6 06:20 33 1021.4 0.0 10.6 25.7 02:40 O 10 20.0 26.1 16:50 13.2 06:10 41 1022.9 0.0 4.5 11.3 02:45 O 11 20.8 25.1 13:50 16.8 05:35 59 1020.3 0.0 6.9 25.7 10:25 NO 12 18.6 24.6 16:00 14.2 04:25 61 1015.7 0.0 10.0 30.6 17:25 W 13 16.4 22.1 16:10 9.8 06:00 51 1019.8 0.0 6.3 17.7 00:00 O-NO 14 15.4 22.7 13:35 10.8 06:25 62 1014.4 1.0 6.8 30.6 16:50 W 15 12.2 17.3 14:50 7.2 05:00 73 1020.3 3.4 7.6 30.6 15:10 W 16 13.6 17.9 16:20 9.2 05:25 74 1023.8 0.4 7.5 24.1 14:50 SW 17 17.0 21.8 17:15 13.0 23:55 67 1020.5 0.0 8.0 20.9 17:00 SW 18 18.6 26.5 16:20 9.7 05:45 59 1016.4 0.0 6.0 29.0 17:20 SW 19 18.8 27.7 14:00 12.2 06:00 65 1014.7 2.4 6.6 45.1 14:30 SW 20 19.9 26.8 16:05 14.7 05:45 66 1017.0 8.0 7.1 24.1 20:55 W 21 19.9 27.6 16:35 13.8 04:55 71 1018.4 0.0 4.2 12.9 13:35 SW 22 20.6 27.7 16:25 13.8 05:45 67 1016.5 1.4 8.7 29.0 23:10 SW 23 18.2 24.1 18:20 10.5 05:35 48 1023.5 0.0 6.3 19.3 00:20 SW 24 18.9 25.9 14:00 11.6 05:50 52 1021.6 0.0 11.7 29.0 13:10 W 25 17.4 24.2 16:10 9.7 05:30 42 1024.5 0.0 6.7 17.7 11:45 O-NO 26 19.5 27.8 13:00 13.1 06:00 51 1012.4 1.0 12.2 37.0 14:10 SW 27 14.9 19.4 12:55 11.4 23:45 65 1014.7 1.4 9.1 27.4 15:10 SW 28 15.6 21.8 16:40 10.3 03:45 66 1016.8 0.0 6.7 22.5 14:40 SW 29 19.0 26.3 16:40 12.0 05:50 54 1015.5 0.0 7.9 22.5 15:25 SW 30 22.8 31.8 15:50 12.7 05:25 50 1012.1 0.0 6.6 24.1 15:45 SW 31 19.0 24.9 11:40 12.2 23:55 71 1012.0 7.6 13.6 32.2 15:20 W -------------------------------------------------------------------------------------------------------------- Avg: 17.4 31.8 30 2.4 4 56 1017.3 26.6 8.1 45.1 19 SW Distribution WD Values 5839 Distribution WD N-NO 5.943% Distribution WD NO 10.139% Distribution WD NO-O 8.375% Distribution WD O 10.909% Distribution WD O-SO 3.597% Distribution WD SO 2.192% Distribution WD SO-S 3.648% Distribution WD S 4.059% Distribution WD S-SW 5.446% Distribution WD SW 14.729% Distribution WD SW-W 7.724% Distribution WD W 9.351% Distribution WD W-NW 2.894% Distribution WD NW 2.329% Distribution WD NW-N 2.312% Distribution WD N 6.354% Rain days >0.0 l/m² Month 9 Rain days >2.0 l/m² Month 4 Rain days >20.0 l/m² Month 0 Ice days max < 0°C 0 Cold days min <= 0°C 0 Cool days max < 10°C 0 Summer days max >=25°C 14 Hot days max >=30°C 1 Last year same Month: Ice days max < 0°C 0 Last year same Month: Cold days min <= 0°C 0 Last year same Month: Cool days max < 10°C 1 Last year same Month: Summer days max >=25°C 3 Last year same Month: Hot days max >=30°C 0 © 1999-2020 Werner Krenn - Wetterstation Bedien- und Auswertesoftware - V2.99.8.8