MONTHLY CLIMATOLOGICAL SUMMARY for Oktober    2009

CITY: Mannheim-Seckenheim    ELEV: 96 m  LAT: 49 27' 47"   LONG: 8 33' 26" 

    TEMPERATURE (C), BAROMETER (hPa), RAIN  (l/m), WIND SPEED (km/h)

        MEAN            TEMPERATURE                                              WIND                   DOM
 DAY    TEMP    HIGH   TIME     LOW   TIME     HUM       Baro      Rain    SPEED      HIGH   TIME       DIR
--------------------------------------------------------------------------------------------------------------
   1    14.3    20.1  15:20    10.2  07:00      79     1014.1       0.0      4.3      24.6  17:25         W
   2    13.6    17.2  16:10     9.8  08:10      66     1017.1       0.0      4.6      21.8  14:40         W
   3    13.6    19.4  15:25     7.5  07:35      68     1014.7       0.0      7.4      36.3  16:00      W-SW
   4    15.3    18.5  13:15    12.7  07:50      64     1012.9       0.0     13.4      35.4  13:15        SW
   5    13.6    16.8  12:50    10.7  07:55      76     1015.1       4.3      3.6      15.1  10:25         S
   6    16.7    20.9  13:45    13.3  02:15      86     1013.1       2.8      3.5      15.0  02:20         S
   7    19.5    25.8  15:15    14.6  06:15      78     1012.7       0.0      3.2      15.0  15:50        SW
   8    18.7    22.0  12:15    14.2  23:35      78     1012.6       0.0      9.3      24.5  11:25         N
   9    14.2    19.6  15:55     9.9  07:25      74     1018.4       0.0      6.7      20.5  05:10         N
  10    14.7    18.2  16:45    12.4  02:10      85     1013.0      16.3      4.3      24.8  18:35         W
  11    13.0    15.0  15:50    10.2  08:15      83     1014.4       1.1      8.1      24.4  19:20      W-SW
  12    11.0    13.1  13:35     9.5  22:20      76     1015.3      17.7     13.1      32.3  10:15         W
  13     9.4    12.9  16:00     6.7  06:30      79     1025.2       1.1      7.2      27.0  16:40         N
  14     5.2     8.0  13:20     2.3  08:10      76     1028.0       0.4      6.1      25.5  16:35      N-NO
  15     4.0     7.4  16:15     0.0  07:26      73     1026.6       0.0      5.5      18.3  14:55         N
  16     5.9    10.3  18:00     2.7  07:05      84     1021.6       3.9      7.3      27.5  17:56      W-NW
  17     7.8    10.2  12:56     6.4  20:40      83     1019.8       6.7      8.5      27.5  11:25         N
  18     6.2     9.8  13:20     1.5  23:45      80     1022.1       0.0      3.7      14.7  12:45         N
  19     4.0    11.6  15:45    -1.1  08:35      80     1019.4       0.0      1.3      11.5  17:25         O
  20     5.7    13.2  15:35     0.7  08:25      76     1010.4       0.0      2.9      14.2  15:00         O
  21     7.3    14.4  16:10     2.4  04:05      77     1005.2       0.0      1.9       9.8  18:05        NO
  22     8.2    11.6  16:20     4.5  23:20      81     1003.0       0.0      0.9       7.3  16:55        NO
  23     7.2    10.1  22:05     3.8  02:45      91     1011.6       0.0      0.2       4.9  03:40      W-SW
  24    11.4    13.9  13:35     9.3  05:55      87     1016.3       0.0      1.9      18.7  12:46      S-SW
  25    12.8    18.2  14:25     8.7  21:35      83     1015.5       3.9      2.9      18.4  14:05         W
  26    11.2    15.0  14:25     6.5  06:20      83     1018.9       0.4      4.6      26.0  14:55      W-SW
  27    10.7    14.5  15:15     6.8  23:50      84     1022.3       0.0      0.8      10.6  15:40        NO
  28     8.2    13.8  13:55     4.9  06:20      87     1020.1       0.0      0.5       8.3  12:10        SW
  29     7.0     8.6  18:00     4.3  04:25      92     1022.0       0.4      1.2       8.5  11:00        NO
  30    10.1    15.0  14:35     7.5  23:55      83     1025.8       0.0      3.5      20.9  14:10         O
  31     7.1    11.5  13:30     3.2  07:20      79     1025.5       0.0      2.8      17.6  02:10         O
--------------------------------------------------------------------------------------------------------------
Avg:    10.6    25.8      7    -1.1     19      80     1017.2      58.9      4.7      36.3      3      W-SW


Distribution WD Values         4478
Distribution WD N-NO        7.6%
Distribution WD NO          5.9%
Distribution WD NO-O        3.1%
Distribution WD O           6.9%
Distribution WD O-SO        3.3%
Distribution WD SO          2.5%
Distribution WD SO-S        2.1%
Distribution WD S           3.8%
Distribution WD S-SW        3.4%
Distribution WD SW          9.1%
Distribution WD SW-W       12.6%
Distribution WD W          11.6%
Distribution WD W-NW        6.2%
Distribution WD NW          5.1%
Distribution WD NW-N        4.8%
Distribution WD N          12.0%

Rain days >0.0 l/m Month     12
Rain days >2.0 l/m Month     7
Rain days >20.0 l/m Month    0


Ice days    max <  0C      0
Cold days   min <= 0C      1
Cool days   max < 10C      4
Summer days max >=25C      1
Hot days    max >=30C      0

Last year same Month: Ice days    max <  0C      0
Last year same Month: Cold days   min <= 0C      0
Last year same Month: Cool days   max < 10C      4
Last year same Month: Summer days max >=25C      0
Last year same Month: Hot days    max >=30C      0

 1999-2009  Werner Krenn / Mischa Thurnherr - Wetterstation Bedien- und Auswertesoftware - V2.95.0