MONTHLY CLIMATOLOGICAL SUMMARY for Juni       2009

CITY: Mannheim-Seckenheim    ELEV: 96 m  LAT: 49 27' 47"   LONG: 8 33' 26" 

    TEMPERATURE (C), BAROMETER (hPa), RAIN  (l/m), WIND SPEED (km/h)

        MEAN            TEMPERATURE                                              WIND                   DOM
 DAY    TEMP    HIGH   TIME     LOW   TIME     HUM       Baro      Rain    SPEED      HIGH   TIME       DIR
--------------------------------------------------------------------------------------------------------------
   1    18.7    24.3  13:35    12.2  05:05      66     1018.0       0.0      6.6      21.5  12:50        NO
   2    20.8    27.6  17:14    13.7  06:14      58     1015.9       0.0      8.9      23.6  19:39         N
   3    17.3    20.8  15:49    13.4  23:55      48     1015.2       0.0     11.1      26.9  18:49         N
   4    14.0    17.9  16:54    11.0  07:44      51     1014.2       0.0      9.8      21.9  13:54         N
   5    14.2    18.9  16:24    10.6  06:20      54     1009.5       0.0      8.6      18.5  13:24        NO
   6    12.3    15.7  15:59     9.4  08:05      78      999.3       6.7      6.4      20.6  17:19         W
   7    13.8    19.2  16:59     9.4  01:49      84     1003.2       9.9      2.6      24.0  17:44         W
   8    16.5    21.9  14:40    11.1  02:05      70     1008.5       1.4      3.2      13.8  10:05      W-SW
   9    17.2    23.6  17:09    14.3  08:59      80     1009.3       7.1      4.4      34.6  19:19      W-SW
  10    18.3    23.2  17:34    13.1  04:04      64     1013.7       0.0      7.0      25.2  13:09      W-SW
  11    17.0    20.3  17:09    13.2  23:50      72     1013.3       5.7     15.0      38.7  11:49         W
  12    16.3    22.5  17:35     9.0  05:39      61     1020.0       0.0      9.0      29.2  17:40         W
  13    17.3    24.5  15:24     8.6  05:55      64     1020.7       0.0      2.7      12.3  14:04         W
  14    20.5    28.0  14:04    11.2  05:55      67     1017.6       0.0      4.0      20.0  20:14      W-SW
  15    19.3    24.8  11:34    13.5  22:19      83     1014.4      14.6      6.0      25.8  21:19      W-SW
  16    17.6    23.4  17:34    13.5  03:59      73     1020.3       1.8      7.5      25.8  18:20         W
  17    18.9    26.8  17:49    10.3  05:49      66     1021.6       0.0      3.2      19.3  15:44        NO
  18    21.7    28.9  15:14    14.3  05:34      66     1016.4       0.0      5.1      24.6  13:29         W
  19    19.8    21.4  00:05    17.1  23:59      61     1017.1       0.0      8.6      24.0  14:59         W
  20    17.0    20.7  12:29    11.7  06:29      57     1020.4       0.0      6.2      19.9  17:35         N
  21    14.7    19.2  12:24    11.4  23:59      72     1020.4       4.6      4.5      20.0  22:34         N
  22    14.1    19.8  17:39     9.4  03:00      77     1022.4       0.7      9.6      22.1  16:40         N
  23    16.8    20.9  14:44    11.5  05:44      68     1021.7       0.0     10.4      26.0  12:34         N
  24    20.1    24.5  18:09    15.0  05:54      61     1016.2       0.0      8.5      22.5  14:19         N
  25    21.0    26.7  14:39    15.6  05:35      74     1010.7       1.8      3.9      17.4  15:24         N
  26    21.3    28.8  17:14    14.8  05:39      74     1009.3       0.0      2.8      14.9  13:34        NO
  27    20.8    25.4  13:45    17.3  06:05      81     1011.8       1.1      2.0      11.1  17:40         W
  28    22.0    28.6  16:40    17.0  02:56      76     1013.6       0.0      3.0      15.3  13:46        NO
  29    23.5    29.8  16:35    16.7  05:20      69     1015.8       0.0      4.4      16.3  15:05        NO
  30    22.7    29.7  13:55    18.6  06:55      75     1017.7      22.7      2.5      27.0  18:30      O-NO
--------------------------------------------------------------------------------------------------------------
Avg:    18.2    29.8     29     8.6     13      68     1014.9      78.1      6.2      38.7     11         W


Distribution WD Values         5588
Distribution WD N-NO       12.1%
Distribution WD NO         12.0%
Distribution WD NO-O        5.8%
Distribution WD O           2.5%
Distribution WD O-SO        0.4%
Distribution WD SO          0.3%
Distribution WD SO-S        0.3%
Distribution WD S           0.4%
Distribution WD S-SW        0.4%
Distribution WD SW          3.2%
Distribution WD SW-W       12.3%
Distribution WD W          18.2%
Distribution WD W-NW        5.0%
Distribution WD NW          5.7%
Distribution WD NW-N        6.1%
Distribution WD N          15.3%

Rain days >0.0 l/m Month     12
Rain days >2.0 l/m Month     7
Rain days >20.0 l/m Month    1


Ice days    max <  0C      0
Cold days   min <= 0C      0
Cool days   max < 10C      0
Summer days max >=25C     10
Hot days    max >=30C      0

Last year same Month: Ice days    max <  0C      0
Last year same Month: Cold days   min <= 0C      0
Last year same Month: Cool days   max < 10C      0
Last year same Month: Summer days max >=25C     16
Last year same Month: Hot days    max >=30C      4

 1999-2009  Werner Krenn / Mischa Thurnherr - Wetterstation Bedien- und Auswertesoftware - V2.94.3