MONTHLY CLIMATOLOGICAL SUMMARY for Mai        2009

CITY: Mannheim-Seckenheim    ELEV: 96 m  LAT: 49 27' 47"   LONG: 8 33' 26" 

    TEMPERATURE (C), BAROMETER (hPa), RAIN  (l/m), WIND SPEED (km/h)

        MEAN            TEMPERATURE                                              WIND                   DOM
 DAY    TEMP    HIGH   TIME     LOW   TIME     HUM       Baro      Rain    SPEED      HIGH   TIME       DIR
--------------------------------------------------------------------------------------------------------------
   1    13.7    21.8  16:10     6.0  06:00      77     1020.7       0.0      3.4      14.1  12:49         W
   2    15.9    23.5  16:24     8.7  06:49      70     1024.8       0.0      5.4      19.3  16:59         N
   3    15.7    23.4  14:15     9.6  06:34      69     1022.4       0.4      5.8      26.9  19:04         W
   4    11.9    15.9  16:44     7.4  23:55      56     1024.2       0.0      9.4      25.1  15:30         N
   5     9.8    14.2  12:34     5.5  03:25      75     1022.7       2.8      4.0      21.8  13:55      W-SW
   6    14.4    18.4  15:39    10.0  23:55      71     1018.6       0.0      9.4      28.1  17:19         W
   7    15.7    24.2  16:44     8.0  05:54      66     1017.3       0.0      2.8      14.0  13:25      W-SW
   8    17.7    23.8  16:30    11.2  02:24      68     1013.8       0.4      7.7      25.3  17:50         W
   9    17.2    25.2  17:29     9.1  06:25      69     1016.8       0.0      3.6      16.3  23:00        NO
  10    18.0    23.4  16:10    14.4  07:05      74     1017.0       6.7      3.1      16.7  20:35        NO
  11    16.5    21.9  13:54    14.1  22:34      85     1014.7       3.2      4.1      18.9  18:44         N
  12    14.2    17.5  17:10    11.8  10:09      82     1016.9       7.5      5.4      21.0  04:19        NO
  13    15.8    19.2  16:05    11.4  01:24      81     1014.9       0.0      3.5      13.6  15:39      O-NO
  14    16.4    20.6  15:54    13.5  23:55      82     1008.0       1.4      1.5      12.0  18:44      O-NO
  15    15.1    19.1  14:24    12.3  05:34      89     1007.1      14.9      1.2      22.1  17:10      W-SW
  16    13.8    19.3  18:45     7.9  06:25      74     1014.6       0.7      3.4      14.2  09:29      W-SW
  17    17.5    27.1  16:45     9.3  06:04      73     1012.9       5.3      4.0      18.3  21:55         W
  18    16.8    21.8  17:34    12.1  23:55      73     1018.9       0.0      3.2      17.1  14:09      W-SW
  19    17.8    25.9  17:15     8.9  06:05      64     1020.2       0.0      2.8      15.0  13:59        NO
  20    20.5    29.2  16:49    11.9  06:04      64     1018.5       0.0      2.3      10.3  11:15         W
  21    19.4    25.5  13:44    14.1  05:30      77     1012.6       0.0      3.9      16.5  16:59      W-SW
  22    18.6    24.0  16:44    12.5  23:49      66     1014.4      14.6      6.2      25.6  18:24         W
  23    18.3    26.8  16:50     8.9  06:15      59     1018.0       0.0      3.0      22.7  15:55         O
  24    22.1    29.4  18:04    16.3  06:14      62     1016.4       0.0      1.7      10.4  14:04      W-SW
  25    24.6    33.0  17:15    16.2  03:50      65     1014.6       0.0      2.3      12.4  13:50      O-NO
  26    20.0    24.4  00:44    15.2  23:39      79     1012.1       3.2      5.3      25.2  21:40      W-SW
  27    15.2    19.4  14:39     9.9  06:14      60     1024.4       0.0      7.9      32.2  01:15         W
  28    15.8    19.0  14:55    13.2  02:50      71     1026.6       0.7      7.7      23.3  13:34      W-SW
  29    15.5    21.4  16:40     9.2  05:59      60     1028.4       0.0      7.5      24.6  16:19      N-NO
  30    17.0    23.9  16:14     9.8  01:39      57     1023.0       0.0      8.5      28.6  13:40        NO
  31    18.0    22.9  16:34    13.6  05:45      60     1020.2       0.0      8.3      21.1  13:00      O-NO
--------------------------------------------------------------------------------------------------------------
Avg:    16.7    33.0     25     5.5      5      70     1017.9      61.8      4.8      32.2     27         W


Distribution WD Values         4888
Distribution WD N-NO        8.1%
Distribution WD NO         13.2%
Distribution WD NO-O       11.0%
Distribution WD O           4.4%
Distribution WD O-SO        0.7%
Distribution WD SO          0.4%
Distribution WD SO-S        0.3%
Distribution WD S           0.8%
Distribution WD S-SW        1.0%
Distribution WD SW          5.3%
Distribution WD SW-W       17.1%
Distribution WD W          19.1%
Distribution WD W-NW        4.1%
Distribution WD NW          3.5%
Distribution WD NW-N        3.6%
Distribution WD N           7.5%

Rain days >0.0 l/m Month     13
Rain days >2.0 l/m Month     8
Rain days >20.0 l/m Month    0


Ice days    max <  0C      0
Cold days   min <= 0C      0
Cool days   max < 10C      0
Summer days max >=25C      8
Hot days    max >=30C      1

Last year same Month: Ice days    max <  0C      0
Last year same Month: Cold days   min <= 0C      0
Last year same Month: Cool days   max < 10C      0
Last year same Month: Summer days max >=25C     16
Last year same Month: Hot days    max >=30C      1

 1999-2009  Werner Krenn / Mischa Thurnherr - Wetterstation Bedien- und Auswertesoftware - V2.94.3