MONTHLY CLIMATOLOGICAL SUMMARY for Mrz       2009

CITY: Mannheim-Seckenheim    ELEV: 96 m  LAT: 49 27' 47"   LONG: 8 33' 26" 

    TEMPERATURE (C), BAROMETER (hPa), RAIN  (l/m), WIND SPEED (km/h)

        MEAN            TEMPERATURE                                              WIND                   DOM
 DAY    TEMP    HIGH   TIME     LOW   TIME     HUM       Baro      Rain    SPEED      HIGH   TIME       DIR
--------------------------------------------------------------------------------------------------------------
   1     7.2    13.8  16:01     1.1  07:21      81     1010.5       0.0      1.7      11.0  14:36         W
   2     8.0    10.0  15:21     6.6  23:41      89     1013.3       2.5      0.8      13.0  15:51      W-SW
   3     5.7    11.1  15:31     1.5  07:41      80     1014.2       0.0      1.2       9.4  15:36      W-SW
   4     6.9    12.0  16:06     1.7  05:46      75      993.9       0.4      4.5      15.0  16:06        NO
   5     4.9     6.0  00:01     3.5  01:36      88      985.1       4.6      7.2      23.7  13:36      W-NW
   6     4.5     5.4  15:51     3.9  02:06      91      995.3      12.1     11.2      31.9  20:26         W
   7     4.9    10.0  14:56     2.0  23:01      77     1011.7       1.8      9.7      28.7  03:27         W
   8     6.2     8.2  18:16     2.8  00:01      84     1009.2       4.6      7.9      24.6  10:56      W-SW
   9     5.8     7.7  11:36     3.5  07:21      78     1011.2       0.7     12.6      34.3  07:51      W-SW
  10     5.3     7.7  23:55     3.4  02:16      86     1011.9       1.4     10.6      24.4  13:46      W-SW
  11     6.4     9.8  15:46     3.0  23:56      74     1019.9       0.0     10.8      36.9  00:31         W
  12     5.0     7.2  23:51     2.3  00:31      87     1023.0       8.2      2.8      13.3  16:16      W-SW
  13     9.1    12.7  12:26     5.4  23:56      84     1020.5       0.7      2.6      13.2  04:46         W
  14     8.7    13.3  15:12     4.1  03:41      82     1018.0       0.0      2.7      21.3  23:56         W
  15     9.8    11.2  15:46     8.6  05:06      71     1025.4       0.4      9.0      23.3  12:31         W
  16     8.8    11.7  15:11     6.4  23:56      79     1031.7       0.4      2.9      10.3  00:01         N
  17     7.3    13.7  15:41     2.7  06:46      80     1032.1       0.0      3.7      17.0  15:56        NO
  18     6.2    13.1  14:51     1.3  07:21      65     1031.1       0.0      2.5      11.3  14:21         N
  19     5.5    12.3  14:26    -0.8  07:06      62     1025.0       0.0      7.1      24.1  14:21        NO
  20     3.5     8.8  15:02    -1.0  23:27      56     1030.0       0.0      6.5      28.6  11:16        NO
  21     3.0    10.3  15:26    -2.2  04:06      59     1028.5       0.0      2.0      19.6  11:56         W
  22     5.2     8.9  17:36     0.3  06:41      67     1025.4       0.0      4.7      20.6  11:31         W
  23     8.3    10.9  14:36     3.4  22:16      71     1013.6       5.3     14.0      34.0  16:25      W-SW
  24     5.0     8.0  12:56     1.6  23:56      74     1007.5       1.4     14.0      42.6  18:36         W
  25     3.0     5.9  21:06    -0.9  02:26      87     1005.0       1.4      8.7      29.8  14:16      W-SW
  26     6.6     8.4  14:36     5.0  04:36      84     1007.1       2.8     10.4      24.7  00:41      W-SW
  27     8.2    10.1  11:46     7.2  00:01      78     1002.4       3.6     10.6      23.2  12:11      W-SW
  28     8.0    10.9  14:26     6.0  05:36      80      999.6       2.1      6.4      26.6  16:21      W-SW
  29     7.5    11.6  17:31     3.9  06:01      73     1008.1       0.0      6.4      17.2  11:31         W
  30     7.5    14.2  15:36     2.2  07:31      70     1017.8       0.0      5.8      18.8  17:51        NO
  31     9.0    16.1  16:41     1.8  07:40      60     1020.7       0.0      6.0      19.5  14:51        NO
--------------------------------------------------------------------------------------------------------------
Avg:     6.5    16.1     31    -2.2     21      77     1014.5      54.3      6.7      42.6     24         W


Distribution WD Values         5798
Distribution WD N-NO        5.5%
Distribution WD NO          8.4%
Distribution WD NO-O        4.6%
Distribution WD O           1.7%
Distribution WD O-SO        0.4%
Distribution WD SO          0.3%
Distribution WD SO-S        0.4%
Distribution WD S           1.0%
Distribution WD S-SW        1.4%
Distribution WD SW          6.1%
Distribution WD SW-W       24.5%
Distribution WD W          25.4%
Distribution WD W-NW        6.6%
Distribution WD NW          4.4%
Distribution WD NW-N        3.3%
Distribution WD N           6.2%

Rain days >0.0 l/m Month     18
Rain days >2.0 l/m Month     9
Rain days >20.0 l/m Month    0


Ice days    max <  0C      0
Cold days   min <= 0C      4
Cool days   max < 10C     12
Summer days max >=25C      0
Hot days    max >=30C      0

Last year same Month: Ice days    max <  0C      0
Last year same Month: Cold days   min <= 0C      4
Last year same Month: Cool days   max < 10C     16
Last year same Month: Summer days max >=25C      0
Last year same Month: Hot days    max >=30C      0

 1999-2009  Werner Krenn / Mischa Thurnherr - Wetterstation Bedien- und Auswertesoftware - V2.94.1