MONTHLY CLIMATOLOGICAL SUMMARY for Januar     2009

CITY: Mannheim-Seckenheim    ELEV: 96 m  LAT: 49 27' 47"   LONG: 8 33' 26" 

    TEMPERATURE (C), BAROMETER (hPa), RAIN  (l/m), WIND SPEED (km/h)

        MEAN            TEMPERATURE                                              WIND                   DOM
 DAY    TEMP    HIGH   TIME     LOW   TIME     HUM       Baro      Rain    SPEED      HIGH   TIME       DIR
--------------------------------------------------------------------------------------------------------------
   1    -1.4     0.4  11:16    -5.4  23:46      87     1027.6       0.4      2.6      14.0  13:31         N
   2    -2.4    -0.1  15:36    -5.5  00:01      86     1026.9       0.0      0.9       7.2  08:11      N-NO
   3    -2.8     0.7  14:21    -4.9  05:36      83     1026.7       0.0      2.1      12.0  12:11         N
   4    -3.4    -0.8  21:51    -6.4  04:01      86     1021.5       1.5      0.6       7.2  12:26         N
   5    -1.3    -0.5  14:06    -2.6  21:41      85     1017.7       0.0      1.7      13.0  18:46      N-NO
   6    -5.1    -2.0  00:31    -9.5  23:51      76     1021.1       0.0      7.5      15.0  04:31         N
   7    -8.0    -4.3  19:22   -12.3  08:41      72     1022.8       0.0      2.4       8.6  01:57         N
   8    -6.4    -2.5  14:56    -9.2  06:16      82     1029.2       0.0      4.0      13.5  13:26      N-NO
   9    -8.4    -4.1  15:06   -10.9  06:12      84     1029.8       0.0      0.8       7.7  13:46      N-NO
  10    -9.2    -4.3  15:27   -12.3  06:32      85     1030.4       0.0      0.5       7.9  15:31         W
  11    -9.0    -3.8  15:21   -12.2  07:56      86     1033.8       0.0      0.2       5.4  12:42         W
  12    -8.5    -3.1  15:26   -12.2  08:06      86     1028.0       0.0      0.6       7.9  14:27      W-SW
  13    -4.2     0.8  15:12    -7.7  00:02      82     1018.3       0.0      0.4       6.8  07:47         O
  14    -3.4    -0.4  22:17    -8.9  05:11      89     1016.4       1.5      0.1       4.5  11:16         O
  15    -0.1     0.4  12:26    -0.6  00:01      93     1021.3       0.0      0.9       6.5  18:22        NO
  16    -0.2     1.3  08:47    -2.8  23:46      90     1023.4       0.0      2.6      11.0  12:11      W-SW
  17     1.4     4.3  23:16    -2.9  02:26      87     1020.4       0.4      2.2      10.5  13:01        NO
  18     4.2     5.4  17:36     3.2  00:21      87     1007.4       4.6      4.8      22.0  16:51      W-SW
  19     5.3     8.9  17:01     1.8  03:07      87      998.4       2.8      4.7      25.4  12:26        NO
  20     3.6     7.3  00:01    -0.8  22:31      83      998.6       0.0      1.2      27.8  05:46      W-SW
  21     0.9     4.1  15:06    -1.7  04:56      90     1007.3       0.0      0.2       7.2  15:11      W-SW
  22     2.0     5.7  14:46    -1.8  08:31      82     1004.1       0.4      2.8      11.3  11:26        NO
  23     5.8    10.1  14:36     3.3  00:16      81      981.2       7.8     14.1      40.3  18:47      W-SW
  24     3.4     6.3  13:57    -0.4  08:46      82      989.6       0.0      3.1      23.8  00:46      W-SW
  25     2.3     6.8  15:56    -1.4  21:46      83      999.6       0.0      1.7      13.9  23:01      O-NO
  26    -0.3     4.4  13:56    -3.3  08:21      84     1001.3       0.4      1.3      10.0  13:16         W
  27    -0.5     1.3  14:36    -3.5  03:16      90     1012.4       0.0      0.1       6.1  13:21      W-SW
  28     1.7     3.8  14:17     0.5  01:06      81     1017.9       0.0      2.1      13.8  23:11      O-NO
  29     1.4     5.4  14:12    -2.1  23:56      74     1020.7       0.0      3.8      13.1  04:31      O-NO
  30    -0.2     4.8  14:36    -3.3  05:06      79     1022.7       0.0      3.8      15.7  23:21      O-NO
  31     0.8     2.4  17:16    -0.4  04:02      69     1018.4       0.0      9.8      24.6  11:06      O-NO
--------------------------------------------------------------------------------------------------------------
Avg:    -1.4    10.1     23   -12.3      7      84     1016.0      19.7      2.7      40.3     23        NO


Distribution WD Values         3371
Distribution WD N-NO       12.9%
Distribution WD NO         17.1%
Distribution WD NO-O       16.1%
Distribution WD O           7.1%
Distribution WD O-SO        0.9%
Distribution WD SO          0.8%
Distribution WD SO-S        0.5%
Distribution WD S           1.2%
Distribution WD S-SW        1.7%
Distribution WD SW          3.8%
Distribution WD SW-W        9.9%
Distribution WD W           7.2%
Distribution WD W-NW        1.6%
Distribution WD NW          2.0%
Distribution WD NW-N        4.6%
Distribution WD N          12.6%

Rain days >0.0 l/m Month     9
Rain days >2.0 l/m Month     3
Rain days >20.0 l/m Month    0


Ice days    max <  0C     11
Cold days   min <= 0C     27
Cool days   max < 10C     30
Summer days max >=25C      0
Hot days    max >=30C      0

Last year same Month: Ice days    max <  0C      0
Last year same Month: Cold days   min <= 0C      9
Last year same Month: Cool days   max < 10C     25
Last year same Month: Summer days max >=25C      0
Last year same Month: Hot days    max >=30C      0

 1999-2008  Werner Krenn / Mischa Thurnherr - Wetterstation Bedien- und Auswertesoftware - V2.93.19