MONTHLY CLIMATOLOGICAL SUMMARY for November   2008

CITY: Mannheim-Seckenheim    ELEV: 96 m  LAT: 49 27' 47"   LONG: 8 33' 26" 

    TEMPERATURE (C), BAROMETER (hPa), RAIN  (l/m), WIND SPEED (km/h)

        MEAN            TEMPERATURE                                              WIND                   DOM
 DAY    TEMP    HIGH   TIME     LOW   TIME     HUM       Baro      Rain    SPEED      HIGH   TIME       DIR
--------------------------------------------------------------------------------------------------------------
   1     8.0    11.2  15:10     4.5  08:15      89     1007.1       0.4      1.0       9.4  19:16         W
   2     9.2    13.3  14:20     6.7  07:25      89     1014.2       0.0      1.3      11.2  17:45        NO
   3    10.0    14.2  15:20     7.6  02:15      89     1012.9       0.0      0.8       6.8  23:30         W
   4    10.7    14.6  14:50     7.4  07:20      87     1015.3       0.4      3.3      15.6  23:20         N
   5    10.6    12.7  13:46     7.9  07:00      86     1011.5       0.0      2.1      14.9  00:15         N
   6    10.7    12.4  14:40     9.6  06:25      85     1015.3       0.0      0.5       6.8  11:10      N-NO
   7    10.3    13.8  13:40     6.2  23:50      85     1015.3       0.0      0.7       7.8  12:11      O-NO
   8     8.4    14.5  13:55     4.2  23:30      86     1020.4       0.0      0.4       7.4  14:00      W-SW
   9    10.0    14.4  13:25     4.4  00:56      85     1020.8       1.1      4.3      25.1  13:30      W-SW
  10    14.6    17.2  13:05    11.7  00:00      71     1019.1       0.0      8.2      27.4  13:10      W-SW
  11    11.8    14.2  11:25     8.5  23:55      72     1014.5       0.0      8.0      20.4  19:00      W-SW
  12     8.3    12.0  14:00     5.3  22:15      82     1018.7       0.0      2.3      16.1  15:00         W
  13     6.5    10.2  14:15     2.6  22:50      86     1024.6       0.0      0.6       7.7  11:40         W
  14     3.2     6.4  15:50    -0.4  06:40      89     1028.4       0.4      0.7       8.5  12:20      W-SW
  15     7.5     9.4  13:25     4.7  08:20      83     1028.3       0.0      0.9       9.5  14:25        NO
  16     9.6    11.7  14:55     7.7  23:55      90     1027.4       2.1      2.1      18.5  18:45      W-SW
  17     4.6     8.4  13:55     1.0  06:50      86     1029.8       0.0      1.3       9.4  11:45        NO
  18     5.5     7.6  13:20     2.7  06:55      84     1016.6       2.8      1.2      11.4  13:10      W-SW
  19     7.7    10.3  13:35     4.2  08:25      85     1018.9       0.0      3.7      16.3  17:35      W-SW
  20     9.0    10.4  11:40     7.9  03:31      84     1014.1       1.4     11.8      27.9  19:20      W-SW
  21     7.2    10.0  10:01     2.5  23:45      74     1004.5       0.4     20.0      48.7  12:25         W
  22     1.9     3.9  13:15    -0.1  05:55      78     1006.2       1.2     13.7      36.0  12:35         W
  23     1.1     2.9  11:50    -0.5  20:05      81     1003.9       0.0      7.6      31.8  14:20      W-SW
  24     3.0     5.5  14:45     0.1  00:00      88      993.2       3.9      7.2      16.7  21:26      W-SW
  25     0.3     2.1  14:40    -2.3  05:55      88     1012.1       0.0      2.0      16.6  00:10        NO
  26     2.5     5.3  15:35     0.1  08:25      89     1025.5       0.4      0.1       3.6  11:45         S
  27     2.3     6.0  13:55     0.0  19:35      85     1021.9       0.0      1.6      12.3  11:25         S
  28     0.2     2.7  14:00    -1.4  09:15      85     1006.1       0.0      2.6      11.1  19:05         N
  29     1.0     4.7  14:35    -1.1  20:01      86      996.5       0.0      0.9       7.6  10:56        NO
  30     2.6     7.9  15:15     0.0  00:06      83      995.4       0.0      2.0      11.6  03:05      W-SW
--------------------------------------------------------------------------------------------------------------
Avg:     6.6    17.2     10    -2.3     25      84     1014.6      14.3      3.8      48.7     21      W-SW


Distribution WD Values         3622
Distribution WD N-NO        6.9%
Distribution WD NO          5.9%
Distribution WD NO-O        3.1%
Distribution WD O           2.4%
Distribution WD O-SO        0.9%
Distribution WD SO          0.7%
Distribution WD SO-S        0.8%
Distribution WD S           1.8%
Distribution WD S-SW        2.4%
Distribution WD SW          8.1%
Distribution WD SW-W       27.6%
Distribution WD W          23.5%
Distribution WD W-NW        2.5%
Distribution WD NW          2.3%
Distribution WD NW-N        2.8%
Distribution WD N           8.1%

Rain days >0.0 l/m Month     11
Rain days >2.0 l/m Month     3
Rain days >20.0 l/m Month    0


Ice days    max <  0C      0
Cold days   min <= 0C      6
Cool days   max < 10C     13
Summer days max >=25C      0
Hot days    max >=30C      0

Last year same Month: Ice days    max <  0C      0
Last year same Month: Cold days   min <= 0C     11
Last year same Month: Cool days   max < 10C     23
Last year same Month: Summer days max >=25C      0
Last year same Month: Hot days    max >=30C      0

 1999-2008  Werner Krenn / Mischa Thurnherr - Wetterstation Bedien- und Auswertesoftware - V2.93.19