MONTHLY CLIMATOLOGICAL SUMMARY for Oktober    2008

CITY: Mannheim-Seckenheim    ELEV: 96 m  LAT: 49 27' 47"   LONG: 8 33' 26" 

    TEMPERATURE (C), BAROMETER (hPa), RAIN  (l/m), WIND SPEED (km/h)

        MEAN            TEMPERATURE                                              WIND                   DOM
 DAY    TEMP    HIGH   TIME     LOW   TIME     HUM       Baro      Rain    SPEED      HIGH   TIME       DIR
--------------------------------------------------------------------------------------------------------------
   1    13.0    15.0  16:30    11.5  22:50      84     1004.6       8.9     15.7      30.5  13:55      W-SW
   2    11.6    15.6  16:20     8.9  23:15      80     1006.0       1.8      9.2      34.9  12:25      W-SW
   3     9.2    13.9  15:30     7.0  05:20      82     1008.5       3.2      4.4      17.8  17:10      W-SW
   4     8.7    13.0  16:20     6.7  20:20      80     1016.3       1.4      4.0      23.6  17:10         W
   5     9.7    14.5  16:10     4.7  04:20      73     1012.5       0.0      6.7      21.6  22:50         W
   6    14.8    18.0  15:00    11.1  00:50      80     1013.7       1.1     11.1      23.0  06:45      W-SW
   7    15.6    20.9  14:45    13.4  02:15      82     1015.9       0.0      0.9      12.1  14:50      W-SW
   8    15.8    20.1  14:45    12.4  03:45      82     1015.4       0.0      2.1      14.1  23:15        NW
   9    14.5    16.5  16:05    13.3  04:25      81     1027.6       0.0      5.8      14.0  05:25         N
  10    14.2    19.9  15:30    10.3  23:25      83     1032.8       0.0      0.8       7.5  14:00        NO
  11    12.0    17.7  16:00     8.2  07:05      88     1030.4       0.0      0.8       9.0  12:45        NO
  12    12.0    17.0  15:55     9.6  06:10      90     1027.5       0.4      1.2       9.4  09:30         W
  13    13.1    20.2  15:25     8.4  07:44      87     1021.7       0.0      0.8      12.0  15:35      W-SW
  14    16.1    20.2  16:10    13.8  23:55      81     1020.2       0.0      2.5      15.5  14:00         W
  15    14.6    16.7  13:50    12.1  03:10      83     1018.0       0.0      3.4      23.1  22:40      W-SW
  16    12.1    15.0  00:00     7.0  23:45      91     1012.9      11.4      3.3      23.6  16:30      W-SW
  17     7.7    13.1  16:00     4.2  06:05      84     1019.7       0.4      2.3      16.7  15:05         W
  18     6.7    15.2  15:40     2.4  09:10      83     1020.8       0.4      0.6       9.8  13:25      W-SW
  19     7.6    15.0  14:25     3.9  05:34      82     1023.4       0.0      1.1      13.3  14:30      W-SW
  20    10.5    18.4  15:25     3.1  02:45      83     1018.4       0.4      2.2      12.5  15:14        NO
  21    14.2    18.6  14:00    10.0  23:55      84     1012.3       0.4      4.8      15.8  16:30      W-SW
  22     8.8    10.0  15:25     7.8  23:39      89     1021.9       7.1      3.1      14.8  01:35         N
  23     7.5    13.3  15:05     3.4  23:15      85     1029.0       0.0      1.0       7.9  13:45         O
  24     8.5    13.1  15:25     4.7  00:00      82     1025.9       0.0      0.9      11.0  16:15        NO
  25     9.4    16.4  15:45     5.8  22:15      81     1031.1       0.4      0.6       7.0  14:10         W
  26     9.2    13.9  14:40     4.4  02:25      80     1023.7       0.0      2.9      11.6  12:30        NO
  27    10.0    11.8  00:00     8.5  23:00      87     1009.6       8.9      2.6      22.6  08:55      W-SW
  28     8.3     9.3  13:05     7.2  23:15      90     1009.3       2.1      1.1       9.7  08:54         N
  29     7.0     8.4  13:30     5.6  23:40      88     1006.2       3.9      2.2       8.8  18:29      N-NO
  30     4.9     5.9  15:14     3.8  08:05      90      998.0       4.3      3.1      10.4  07:45         N
  31     6.8     9.2  14:30     4.7  00:00      87     1004.9       1.8      1.0       9.1  10:55        NO
--------------------------------------------------------------------------------------------------------------
Avg:    10.8    20.9      7     2.4     18      84     1017.4      57.9      3.3      34.9      2      W-SW


Distribution WD Values         3658
Distribution WD N-NO        8.5%
Distribution WD NO          6.8%
Distribution WD NO-O        3.7%
Distribution WD O           2.5%
Distribution WD O-SO        0.8%
Distribution WD SO          0.8%
Distribution WD SO-S        0.5%
Distribution WD S           1.1%
Distribution WD S-SW        1.8%
Distribution WD SW          8.7%
Distribution WD SW-W       27.2%
Distribution WD W          19.3%
Distribution WD W-NW        2.2%
Distribution WD NW          2.7%
Distribution WD NW-N        3.8%
Distribution WD N           9.5%

Rain days >0.0 l/m Month     18
Rain days >2.0 l/m Month     8
Rain days >20.0 l/m Month    0


Ice days    max <  0C      0
Cold days   min <= 0C      0
Cool days   max < 10C      4
Summer days max >=25C      0
Hot days    max >=30C      0

Last year same Month: Ice days    max <  0C      0
Last year same Month: Cold days   min <= 0C      0
Last year same Month: Cool days   max < 10C      4
Last year same Month: Summer days max >=25C      0
Last year same Month: Hot days    max >=30C      0

 1999-2008  Werner Krenn / Mischa Thurnherr - Wetterstation Bedien- und Auswertesoftware - V2.93.19