MONTHLY CLIMATOLOGICAL SUMMARY for August     2008

CITY: Mannheim-Seckenheim    ELEV: 96 m  LAT: 49 27' 47"   LONG: 8 33' 26" 

    TEMPERATURE (C), BAROMETER (hPa), RAIN  (l/m), WIND SPEED (km/h)

        MEAN            TEMPERATURE                                              WIND                   DOM
 DAY    TEMP    HIGH   TIME     LOW   TIME     HUM       Baro      Rain    SPEED      HIGH   TIME       DIR
--------------------------------------------------------------------------------------------------------------
   1    24.4    27.6  14:05    21.5  23:30      67     1015.1       0.0      6.5      24.3  12:55         W
   2    22.8    27.5  16:00    17.3  06:40      64     1017.4       0.0      6.1      21.3  22:55         W
   3    22.1    26.5  15:50    18.9  05:15      74     1015.4       3.2      5.4      21.2  15:10      W-SW
   4    20.9    24.1  17:15    16.7  09:10      76     1010.4      13.8      8.7      40.7  07:50      W-SW
   5    20.5    25.8  15:45    15.0  04:34      64     1015.7       0.0      4.6      21.8  13:00      W-SW
   6    22.7    30.7  15:30    14.5  05:55      64     1014.1       0.0      2.4      12.6  13:15      O-NO
   7    24.6    31.3  13:10    18.1  06:50      64     1007.4       2.5      6.2      30.7  15:50      W-SW
   8    18.6    21.9  13:55    16.6  06:35      82     1008.6       1.8      8.3      26.3  11:05      W-SW
   9    19.2    24.2  15:45    15.7  06:45      70     1014.7       0.0      5.3      15.3  01:35      W-SW
  10    20.0    25.1  15:10    14.9  06:50      72     1010.6       0.4      4.3      20.0  16:15      W-SW
  11    20.5    27.3  13:34    16.6  06:45      80     1006.6       8.9      1.6      15.2  13:40      W-SW
  12    18.5    19.8  16:10    17.6  22:25      90     1000.9       7.5      5.3      20.0  23:40        SW
  13    19.7    24.2  14:50    15.6  06:30      68     1010.1       0.0     10.2      32.5  13:15      W-SW
  14    19.6    24.8  15:45    14.0  04:40      63     1015.0       0.0      3.2      18.6  14:30      W-SW
  15    15.7    19.2  00:00    13.2  23:35      85     1013.1      12.1      1.8      16.9  01:19        NO
  16    16.3    23.8  15:40    11.4  04:20      77     1012.7       0.0      1.7      12.9  17:20         O
  17    18.5    25.8  15:45    11.0  07:00      69     1010.4       0.0      3.2      16.1  14:14        SW
  18    21.4    27.3  14:55    15.8  07:00      69     1011.9       0.0      4.2      19.6  16:20      W-SW
  19    18.4    21.1  10:10    15.5  23:00      84     1011.8      14.6      1.4      17.7  14:20         W
  20    17.5    20.3  15:00    14.6  06:10      80     1015.4       0.0      4.9      21.2  14:40      W-SW
  21    18.9    24.8  14:25    13.2  06:55      70     1018.4       0.0      4.2      16.1  14:25      W-SW
  22    18.5    24.7  12:35    13.6  05:55      75     1013.3      16.3      3.1      17.9  22:25      W-SW
  23    16.6    21.3  15:15    13.2  07:15      76     1012.7       8.9      5.3      20.0  17:00         W
  24    16.4    22.0  14:50    10.7  07:05      73     1014.5       0.0      2.4      12.9  15:20         W
  25    18.8    23.9  13:45    14.8  04:55      76     1016.7       1.1      4.1      17.3  18:20         W
  26    18.7    24.5  15:30    13.2  06:55      76     1022.2       0.0      1.6      11.3  16:39         W
  27    20.3    27.8  15:34    14.1  03:40      74     1021.1       0.0      2.4      12.3  21:15         W
  28    18.8    22.8  16:10    15.1  23:40      76     1019.8       0.0      2.6      14.6  15:30         W
  29    18.1    22.4  14:20    15.2  00:00      77     1019.4       0.0      0.8       9.0  17:05         N
  30    20.1    28.5  15:40    12.2  06:55      71     1017.7       0.0      3.3      13.6  13:35      O-NO
  31    21.6    28.8  15:20    15.0  05:15      68     1013.6       0.0      2.3      11.8  17:20      W-SW
--------------------------------------------------------------------------------------------------------------
Avg:    19.6    31.3      7    10.7     24      73     1013.8      90.9      4.1      40.7      4      W-SW


Distribution WD Values         4332
Distribution WD N-NO        1.8%
Distribution WD NO          3.5%
Distribution WD NO-O        4.8%
Distribution WD O           3.5%
Distribution WD O-SO        0.6%
Distribution WD SO          0.9%
Distribution WD SO-S        0.9%
Distribution WD S           2.0%
Distribution WD S-SW        3.4%
Distribution WD SW         15.4%
Distribution WD SW-W       31.9%
Distribution WD W          24.0%
Distribution WD W-NW        3.2%
Distribution WD NW          1.8%
Distribution WD NW-N        0.9%
Distribution WD N           1.4%

Rain days >0.0 l/m Month     12
Rain days >2.0 l/m Month     9
Rain days >20.0 l/m Month    0


Ice days    max <  0C      0
Cold days   min <= 0C      0
Cool days   max < 10C      0
Summer days max >=25C     13
Hot days    max >=30C      2

Last year same Month: Ice days    max <  0C      0
Last year same Month: Cold days   min <= 0C      0
Last year same Month: Cool days   max < 10C      0
Last year same Month: Summer days max >=25C     14
Last year same Month: Hot days    max >=30C      5

 1999-2008  Werner Krenn / Mischa Thurnherr - Wetterstation Bedien- und Auswertesoftware - V2.93.19