MONTHLY CLIMATOLOGICAL SUMMARY for Mai        2008

CITY: Mannheim-Seckenheim    ELEV: 96 m  LAT: 49 27' 47"   LONG: 8 33' 26" 

    TEMPERATURE (C), BAROMETER (hPa), RAIN  (l/m), WIND SPEED (km/h)

        MEAN            TEMPERATURE                                              WIND                   DOM
 DAY    TEMP    HIGH   TIME     LOW   TIME     HUM       Baro      Rain    SPEED      HIGH   TIME       DIR
--------------------------------------------------------------------------------------------------------------
   1    12.4    18.3  16:00     7.4  06:45      68     1012.7       0.0      5.4      22.8  13:00      W-SW
   2    13.3    18.9  16:35     8.3  03:20      67     1021.3       0.4      3.7      18.0  16:14         W
   3    14.3    22.3  16:40     6.1  05:55      62     1024.6       0.0      3.8      17.2  18:40      O-NO
   4    15.7    22.5  15:20     9.1  05:30      53     1022.5       0.0      4.5      16.7  14:35      O-NO
   5    16.1    21.4  12:55     8.6  06:15      51     1024.1       0.0      8.5      22.3  17:40      O-NO
   6    18.4    24.7  14:25    11.6  04:30      58     1022.8       0.0      7.8      18.7  13:05      O-NO
   7    18.1    24.4  16:15    10.3  06:20      53     1020.4       0.0      4.5      17.3  12:25      O-NO
   8    17.6    25.1  15:01     8.4  06:35      51     1017.3       0.0      4.3      16.1  14:10      O-NO
   9    19.0    27.4  15:55     9.4  06:31      50     1014.7       0.0      6.0      21.5  15:05      O-NO
  10    20.3    27.4  15:15    11.9  05:30      45     1015.5       0.0      8.6      25.6  18:45      O-NO
  11    20.0    26.0  16:10    12.5  06:15      44     1016.2       0.0      9.3      24.6  13:30        NO
  12    20.5    26.9  16:00    13.6  05:20      42     1015.1       0.0      7.1      22.4  16:25      O-NO
  13    20.7    27.8  14:20    12.8  05:50      45     1012.9       0.0      5.5      17.3  15:35      O-NO
  14    20.8    27.5  14:15    14.5  05:35      50     1011.6       0.0      5.0      19.8  15:40        NO
  15    19.4    25.9  12:35    13.6  05:10      60     1008.7       1.4      4.7      21.8  14:15         W
  16    19.0    25.0  16:30    14.2  06:10      67     1007.1       0.0      3.3      14.8  15:00      W-SW
  17    18.3    21.6  16:40    15.0  06:00      69     1005.2       0.0      6.8      19.6  10:20      W-SW
  18    15.6    18.9  13:10    12.1  03:50      74     1007.1       1.8      5.9      19.6  16:45      N-NO
  19    14.7    18.5  14:55    11.3  07:20      65     1010.5       0.0      8.3      17.6  12:35        NO
  20    15.4    19.7  15:30    11.6  05:40      54     1012.4       0.0     11.7      23.8  10:55        NO
  21    15.3    18.6  17:00    11.2  06:10      54     1014.3       0.0     11.1      22.2  13:55        NO
  22    15.2    18.5  14:30    12.7  05:40      63     1014.4       0.0      3.4      12.7  12:20        NO
  23    16.6    21.8  16:50    10.4  06:25      63     1012.7       0.0      4.3      15.5  18:40        NO
  24    17.9    24.9  16:05    10.5  05:30      64     1009.6       0.0      2.9      13.2  15:00        NO
  25    20.1    26.1  16:50    15.0  05:45      69     1011.0       1.8      2.6      12.0  15:25      O-NO
  26    22.2    26.2  16:00    18.7  00:00      65     1009.6       0.0      4.3      16.8  02:25      O-NO
  27    23.8    29.7  14:55    17.6  06:15      67     1008.1       0.0      5.2      26.5  23:50        NO
  28    25.6    29.4  15:25    20.6  06:35      56     1008.2       0.0     10.2      27.0  01:35         W
  29    24.6    30.7  14:05    18.9  05:50      66     1007.4       0.0      4.5      13.0  19:25         N
  30    21.4    28.4  15:10    17.5  05:55      76     1007.7      14.9      5.6      22.8  17:25         W
  31    18.8    25.9  17:05    15.7  04:30      82     1012.7       2.5      3.1      14.8  16:25         W
--------------------------------------------------------------------------------------------------------------
Avg:    18.4    30.7     29     6.1      3      60     1013.5      22.7      5.9      27.0     28      O-NO


Distribution WD Values         5874
Distribution WD N-NO        9.0%
Distribution WD NO         24.6%
Distribution WD NO-O       25.5%
Distribution WD O           8.5%
Distribution WD O-SO        0.7%
Distribution WD SO          0.4%
Distribution WD SO-S        0.2%
Distribution WD S           0.3%
Distribution WD S-SW        0.5%
Distribution WD SW          2.0%
Distribution WD SW-W        6.6%
Distribution WD W           8.7%
Distribution WD W-NW        2.3%
Distribution WD NW          1.9%
Distribution WD NW-N        2.3%
Distribution WD N           6.4%

Rain days >0.0 l/m Month     6
Rain days >2.0 l/m Month     2
Rain days >20.0 l/m Month    0


Ice days    max <  0C      0
Cold days   min <= 0C      0
Cool days   max < 10C      0
Summer days max >=25C     16
Hot days    max >=30C      1

Last year same Month: Ice days    max <  0C      0
Last year same Month: Cold days   min <= 0C      0
Last year same Month: Cool days   max < 10C      0
Last year same Month: Summer days max >=25C     10
Last year same Month: Hot days    max >=30C      5

 1999-2008  Werner Krenn / Mischa Thurnherr - Wetterstation Bedien- und Auswertesoftware - V2.93.19