MONTHLY CLIMATOLOGICAL SUMMARY for Mrz       2008

CITY: Mannheim-Seckenheim    ELEV: 96 m  LAT: 49 27' 47"   LONG: 8 33' 26" 

    TEMPERATURE (C), BAROMETER (hPa), RAIN  (l/m), WIND SPEED (km/h)

        MEAN            TEMPERATURE                                              WIND                   DOM
 DAY    TEMP    HIGH   TIME     LOW   TIME     HUM       Baro      Rain    SPEED      HIGH   TIME       DIR
--------------------------------------------------------------------------------------------------------------
   1    10.4    12.2  07:30     5.8  09:15      70     1004.7       8.5     25.6      54.7  08:55         W
   2    10.4    12.8  13:10     8.6  04:10      78     1010.5       1.4     15.8      33.2  12:45      W-SW
   3     7.9    11.2  10:40     2.0  23:50      88     1010.4       8.2      6.6      20.1  11:05      W-SW
   4     3.0     5.7  12:50     0.3  07:10      85     1014.8       0.7      4.0      18.3  14:50         N
   5     2.1     5.6  13:10    -1.7  23:55      69     1027.8       0.0      8.7      21.0  04:15      N-NO
   6     2.3     8.9  15:20    -2.6  04:00      72     1025.9       0.0      1.6      10.6  12:40      W-SW
   7     5.5     9.5  15:20     0.8  06:20      76     1016.0       0.0      2.4      13.0  14:50         N
   8     7.1    10.5  13:25     3.6  23:45      83     1012.0       0.0      1.4      10.5  18:40      W-SW
   9     7.9    12.4  15:20     3.4  00:10      72     1005.9       0.0      3.8      19.5  11:05      W-SW
  10     9.7    14.0  13:45     6.6  07:15      71      995.5       2.8      8.3      32.7  17:30      W-SW
  11     9.4    11.1  14:30     8.1  06:50      71      995.4       0.0     17.6      36.6  03:35      W-SW
  12    10.4    12.8  13:30     6.9  23:45      69     1000.9       8.2     20.4      52.7  11:40         W
  13     8.0     9.9  14:55     6.0  07:50      71     1015.0       0.0     15.6      30.6  13:15      W-SW
  14     9.1    11.2  13:55     6.6  04:00      91     1011.8      15.3      5.7      19.5  06:15      W-SW
  15    11.7    16.8  15:55     7.9  06:45      81     1009.8       0.4      2.1      14.0  17:20      O-NO
  16    10.4    12.3  01:25     8.9  22:35      82     1002.5       4.3      8.8      32.1  15:40      W-SW
  17     7.0     9.0  00:00     5.1  23:44      72     1008.7       3.5     11.7      29.1  05:25         W
  18     4.5     7.8  16:05     1.1  07:00      64     1013.6       0.0      8.0      20.8  00:14         W
  19     3.4     8.3  14:10     0.4  03:00      74     1014.1       0.7      6.2      28.6  13:40         W
  20     4.1     7.7  13:05     1.2  00:55      75     1013.2       0.7     11.0      32.5  22:15         W
  21     3.5     6.4  15:00     2.1  04:45      85      986.3       5.7     16.0      34.1  13:50      W-SW
  22     4.3     8.9  15:40     2.4  20:25      83      988.2       2.5      7.4      21.5  14:15      W-SW
  23     0.5     3.0  00:00    -2.6  23:50      80      997.9       0.7      7.7      16.4  03:20         N
  24     0.4     3.6  12:15    -3.2  07:00      81      996.5       0.4      4.3      17.1  14:10      W-SW
  25     2.8     6.5  16:45     0.6  23:50      69     1002.0       0.0     14.8      35.5  11:25         W
  26     4.5     8.7  13:30     0.3  02:05      74     1002.6       0.0      6.8      19.0  13:20      W-SW
  27     5.2     8.0  14:55     1.2  05:29      85     1000.8       1.8      2.0      15.1  19:30      W-SW
  28     8.6    13.5  14:55     2.7  06:45      67     1009.7       0.4      6.9      18.0  15:20      W-SW
  29    10.0    14.5  15:20     7.1  23:40      62     1016.9       1.1     11.9      31.9  02:40      W-SW
  30    13.5    22.9  15:35     4.7  07:15      47     1009.8       0.0      5.4      20.0  15:50      W-SW
  31    11.7    15.7  00:00     9.4  06:50      67     1016.0       0.0      4.7      24.5  02:35      W-SW
--------------------------------------------------------------------------------------------------------------
Avg:     6.8    22.9     30    -3.2     24      75     1007.6      67.1      8.8      54.7      1      W-SW


Distribution WD Values         6452
Distribution WD N-NO        5.0%
Distribution WD NO          3.3%
Distribution WD NO-O        1.7%
Distribution WD O           0.7%
Distribution WD O-SO        0.2%
Distribution WD SO          0.2%
Distribution WD SO-S        0.3%
Distribution WD S           0.7%
Distribution WD S-SW        1.2%
Distribution WD SW          7.1%
Distribution WD SW-W       34.7%
Distribution WD W          31.9%
Distribution WD W-NW        3.2%
Distribution WD NW          1.9%
Distribution WD NW-N        2.2%
Distribution WD N           5.6%

Rain days >0.0 l/m Month     19
Rain days >2.0 l/m Month     9
Rain days >20.0 l/m Month    0


Ice days    max <  0C      0
Cold days   min <= 0C      4
Cool days   max < 10C     16
Summer days max >=25C      0
Hot days    max >=30C      0

Last year same Month: Ice days    max <  0C      0
Last year same Month: Cold days   min <= 0C      0
Last year same Month: Cool days   max < 10C      6
Last year same Month: Summer days max >=25C      0
Last year same Month: Hot days    max >=30C      0

 1999-2007  Werner Krenn / Mischa Thurnherr - Wetterstation Bedien- und Auswertesoftware - V2.93.17