MONTHLY CLIMATOLOGICAL SUMMARY for Januar     2008

CITY: Mannheim-Seckenheim    ELEV: 96 m  LAT: 49 27' 47"   LONG: 8 33' 26" 

    TEMPERATURE (C), BAROMETER (hPa), RAIN  (l/m), WIND SPEED (km/h)

        MEAN            TEMPERATURE                                              WIND                   DOM
 DAY    TEMP    HIGH   TIME     LOW   TIME     HUM       Baro      Rain    SPEED      HIGH   TIME       DIR
--------------------------------------------------------------------------------------------------------------
   1    -0.1     0.7  02:15    -2.8  23:45      91     1026.2       0.0      1.2       7.8  08:35      O-NO
   2    -1.1     1.3  14:26    -3.8  03:20      81     1019.9       0.0      5.4      17.4  20:45      O-NO
   3     0.6     2.4  14:05    -1.1  09:15      71     1008.8       0.0      2.3      18.8  02:20         O
   4     0.3     2.7  14:35    -2.3  07:05      77     1012.1       0.0      0.8       7.4  14:35         W
   5     4.7     6.5  20:00     1.6  00:00      85     1009.8       5.3      3.5      13.7  11:30         W
   6     5.1     8.3  14:40     0.8  20:10      89     1012.3       4.6      4.1      23.0  14:20         W
   7     6.1     9.8  14:50     0.7  00:05      83     1015.8       7.1      8.2      25.8  12:20      W-SW
   8     4.8     8.4  14:35     1.1  23:45      83     1022.4       0.0      2.4      22.5  02:25      W-SW
   9     5.1     8.8  14:45     1.2  00:00      84     1017.3       0.7      4.7      16.0  14:00         W
  10     5.6     8.6  15:35     2.3  08:15      89     1017.7       0.0      0.9      10.6  11:20        SW
  11     8.5    11.6  16:20     5.5  00:00      74     1007.4       0.0      3.6      12.0  15:40        NO
  12     6.3     8.6  00:00     2.1  23:55      78     1009.3       0.0      5.0      17.0  14:10         W
  13     0.9     5.3  14:45    -1.5  23:44      89     1018.2       0.4      0.9      10.1  16:05         W
  14     2.8     5.8  19:10    -2.1  01:15      86     1012.2       0.0      2.6      14.5  19:35      O-NO
  15     6.8     9.6  15:25     2.9  01:40      78     1006.5       0.0      4.5      13.4  16:55        NO
  16     7.7     9.7  00:15     5.4  18:45      82     1000.2       2.8      4.3      21.0  12:15      W-SW
  17     6.9     8.9  14:40     5.0  02:45      83     1010.8       5.3      3.7      18.0  15:30      W-SW
  18     8.8    10.6  12:30     6.0  00:20      84     1016.9       2.5     10.9      27.3  22:10      W-SW
  19    11.9    13.1  14:25    10.1  00:00      82     1024.0       0.0     12.3      32.7  05:15      W-SW
  20    11.7    13.8  14:15     9.6  23:20      75     1025.6       0.0     12.6      31.6  01:25      W-SW
  21    10.0    10.9  12:20     9.2  09:20      74     1018.6       0.0     11.2      29.7  22:20      W-SW
  22     6.7    10.0  05:10     0.7  23:45      74     1018.4       1.4     12.7      31.7  11:05         W
  23     2.9     6.1  15:15    -0.7  04:15      77     1032.5       0.0      1.1       9.8  14:35        SW
  24     5.4     8.8  14:45     2.3  06:45      73     1030.2       2.8      1.4      10.5  19:10        SW
  25     3.0     7.2  14:05    -0.3  07:50      86     1039.2       0.0      1.1      11.8  02:10         W
  26     3.8     7.9  13:30    -0.2  00:00      81     1036.7       0.0      3.5      14.4  13:15      W-SW
  27     5.8     8.8  13:15     2.7  06:05      63     1031.8       0.0      3.9      21.3  12:55         W
  28     6.0     7.4  16:00     4.8  06:15      70     1033.8       0.0      0.3       5.5  10:10        NO
  29     6.3     9.4  13:45     4.0  23:00      77     1028.2       0.0      0.7       9.0  14:25      O-NO
  30     3.7     5.8  12:55     2.4  06:09      86     1024.1       4.3      4.6      21.4  20:35         W
  31     2.6     4.5  14:50     0.9  08:15      84     1021.4       0.0      7.5      29.6  22:20      W-SW
--------------------------------------------------------------------------------------------------------------
Avg:     5.1    13.8     20    -3.8      2      80     1019.6      37.3      4.6      32.7     19      W-SW


Distribution WD Values         4604
Distribution WD N-NO        3.4%
Distribution WD NO          6.2%
Distribution WD NO-O        7.6%
Distribution WD O           4.5%
Distribution WD O-SO        1.2%
Distribution WD SO          1.2%
Distribution WD SO-S        1.1%
Distribution WD S           3.0%
Distribution WD S-SW        3.4%
Distribution WD SW          9.4%
Distribution WD SW-W       28.1%
Distribution WD W          23.4%
Distribution WD W-NW        1.9%
Distribution WD NW          1.8%
Distribution WD NW-N        1.1%
Distribution WD N           2.7%

Rain days >0.0 l/m Month     11
Rain days >2.0 l/m Month     8
Rain days >20.0 l/m Month    0


Ice days    max <  0C      0
Cold days   min <= 0C      9
Cool days   max < 10C     25
Summer days max >=25C      0
Hot days    max >=30C      0

Last year same Month: Ice days    max <  0C      2
Last year same Month: Cold days   min <= 0C      6
Last year same Month: Cool days   max < 10C     17
Last year same Month: Summer days max >=25C      0
Last year same Month: Hot days    max >=30C      0

 1999-2007  Werner Krenn / Mischa Thurnherr - Wetterstation Bedien- und Auswertesoftware - V2.93.17