MONTHLY CLIMATOLOGICAL SUMMARY for Dezember 2006 CITY: Mannheim-Seckenheim ELEV: 96 m LAT: 49° 28' 7" LONG: 8° 33' 26" TEMPERATURE (°C), BAROMETER (hPa), RAIN (l/m²), WIND SPEED (km/h) MEAN TEMPERATURE WIND DOM DAY TEMP HIGH TIME LOW TIME HUM Baro Rain SPEED HIGH TIME DIR -------------------------------------------------------------------------------------------------------------- 1 6.6 10.1 15:10 3.5 23:45 86 1030.6 0.0 1.3 9.4 10:30 SW 2 6.2 9.3 22:45 2.0 08:25 85 1023.0 0.4 1.7 11.8 21:55 W-SW 3 10.5 14.3 18:55 7.4 06:05 80 1013.5 4.7 7.0 26.7 22:40 W 4 9.7 11.5 12:10 7.0 04:30 84 1010.0 5.8 8.2 24.8 12:40 W-SW 5 13.0 15.3 14:21 10.4 20:10 83 1009.2 0.4 8.1 20.5 01:25 W-SW 6 10.3 13.2 01:20 7.6 22:05 83 1010.1 0.7 4.2 18.3 05:10 W-SW 7 8.2 9.9 13:35 5.8 08:40 79 1011.1 1.1 5.8 17.6 20:05 W-SW 8 11.0 13.6 15:25 9.0 23:40 76 1000.4 1.4 8.8 25.2 16:15 W-SW 9 7.0 8.9 00:00 4.2 20:20 86 1011.6 0.7 2.7 14.0 04:05 W-SW 10 4.4 7.6 14:25 0.0 23:05 89 1030.3 0.0 0.2 8.6 15:59 W 11 3.0 6.3 23:35 -0.1 01:20 88 1029.1 2.9 4.1 12.8 22:54 SW 12 5.3 7.0 12:40 1.9 21:10 86 1026.9 3.6 3.8 21.7 05:20 W-SW 13 5.6 8.2 13:55 2.2 02:00 86 1031.6 0.0 2.8 15.5 06:00 W-SW 14 5.0 8.1 14:00 3.1 05:30 86 1033.0 0.0 1.0 7.9 00:40 NO 15 3.3 7.1 14:35 1.3 20:30 86 1031.1 0.4 1.3 8.6 11:05 NO 16 6.1 9.0 19:05 1.8 00:55 82 1025.5 2.5 2.9 14.0 22:30 W 17 4.6 6.6 00:00 2.6 20:55 88 1029.0 1.1 1.8 13.6 17:10 W 18 4.0 5.9 14:50 2.8 01:45 88 1030.7 0.7 2.4 9.6 19:20 NO 19 4.3 5.7 12:35 3.3 05:20 69 1035.4 0.0 5.6 24.4 15:15 NO 20 2.7 5.4 13:15 -0.4 04:45 76 1038.7 0.0 2.5 12.6 02:00 NO 21 4.4 7.7 13:55 1.7 23:50 83 1041.0 0.0 3.1 12.0 14:10 NO 22 2.4 6.9 14:15 -0.2 23:59 85 1042.5 0.0 3.5 12.0 16:15 NO 23 1.8 5.6 14:15 -1.1 07:45 89 1041.7 0.0 2.1 11.0 14:55 NO 24 -0.8 2.0 13:25 -2.3 23:50 92 1038.5 0.4 0.3 8.1 14:15 N 25 -0.1 1.6 15:05 -2.7 00:45 91 1037.9 0.0 1.7 8.0 01:30 N 26 1.1 3.5 13:00 -2.7 23:45 85 1037.5 0.0 1.2 8.7 09:45 O-NO 27 -0.5 0.7 14:30 -3.4 02:15 88 1035.3 0.0 0.8 7.9 11:25 W-SW 28 0.8 2.4 23:50 -0.3 07:36 84 1032.2 1.8 2.2 10.6 11:10 W 29 2.1 5.5 14:55 -0.3 23:40 89 1030.7 0.7 0.2 6.1 12:30 SW 30 4.0 8.8 23:55 -0.8 00:40 79 1027.3 0.4 4.1 22.0 23:20 NO 31 10.2 12.2 02:35 7.9 19:20 74 1029.5 0.4 12.2 37.4 01:30 W -------------------------------------------------------------------------------------------------------------- Avg: 5.0 15.3 5 -3.4 27 84 1027.6 29.9 3.5 37.4 31 W-SW Distribution WD Values 4230 Distribution WD N-NO 8.369% Distribution WD NO 13.712% Distribution WD NO-O 6.572% Distribution WD O 2.766% Distribution WD O-SO 0.733% Distribution WD SO 1.324% Distribution WD SO-S 1.442% Distribution WD S 3.144% Distribution WD S-SW 3.972% Distribution WD SW 10.898% Distribution WD SW-W 19.787% Distribution WD W 16.336% Distribution WD W-NW 1.868% Distribution WD NW 1.537% Distribution WD NW-N 2.009% Distribution WD N 5.532% Rain days >0.0 l/m² Month 19 Rain days >2.0 l/m² Month 5 Rain days >20.0 l/m² Month 0 Ice days max < 0°C 0 Cold days min <= 0°C 11 Cool days max < 10°C 24 Summer days max >=25°C 0 Hot days max >=30°C 0 Last year same Month: Ice days max < 0°C 3 Last year same Month: Cold days min <= 0°C 16 Last year same Month: Cool days max < 10°C 31 Last year same Month: Summer days max >=25°C 0 Last year same Month: Hot days max >=30°C 0 © 1999-2020 Werner Krenn - Wetterstation Bedien- und Auswertesoftware - V2.99.8.8