MONTHLY CLIMATOLOGICAL SUMMARY for November 2006 CITY: Mannheim-Seckenheim ELEV: 96 m LAT: 49° 28' 7" LONG: 8° 33' 26" TEMPERATURE (°C), BAROMETER (hPa), RAIN (l/m²), WIND SPEED (km/h) MEAN TEMPERATURE WIND DOM DAY TEMP HIGH TIME LOW TIME HUM Baro Rain SPEED HIGH TIME DIR -------------------------------------------------------------------------------------------------------------- 1 8.9 12.5 00:00 5.2 23:50 60 1019.1 1.8 16.0 34.8 14:50 W 2 3.7 7.2 13:25 -1.2 07:40 77 1030.4 1.1 4.0 19.5 00:50 W 3 5.8 9.5 14:20 2.9 02:15 77 1031.7 1.4 1.7 13.4 00:00 W 4 6.1 9.3 14:20 4.5 07:55 89 1034.1 0.7 1.2 12.1 15:55 W-SW 5 7.3 10.6 12:40 4.8 00:55 82 1031.9 0.0 4.9 19.5 13:50 W-SW 6 7.3 11.0 14:26 1.6 23:50 80 1031.0 0.0 2.5 15.0 11:10 W-SW 7 2.6 4.7 15:05 0.3 02:15 99 1027.3 0.4 0.4 5.4 20:50 SW 8 8.1 13.7 15:30 2.3 02:55 87 1025.5 0.0 3.9 19.3 21:55 W-SW 9 11.0 14.1 13:10 4.4 23:20 70 1028.7 2.5 7.3 19.8 14:15 W-SW 10 3.7 10.0 14:20 0.2 08:00 86 1036.3 0.0 0.3 7.2 14:10 W-SW 11 6.1 10.7 23:00 2.5 00:05 87 1022.4 1.4 6.1 31.0 23:00 W-SW 12 8.3 10.6 00:00 6.2 20:40 71 1018.5 1.8 12.3 30.0 11:35 W 13 8.3 10.8 15:15 5.6 01:40 82 1016.3 2.2 11.6 40.6 15:45 W-SW 14 11.9 13.5 15:35 10.1 00:25 89 1016.0 1.1 5.8 14.9 15:35 W-SW 15 12.1 16.9 14:35 7.8 22:35 85 1016.6 0.0 1.0 6.7 13:25 NO 16 10.2 15.9 13:55 6.0 07:50 86 1011.4 0.0 0.8 10.3 11:10 W-SW 17 12.9 14.7 12:05 10.9 23:25 76 1012.7 0.4 1.5 16.0 13:25 W-SW 18 11.3 14.0 13:50 8.8 23:50 85 1018.8 2.5 2.5 15.0 13:00 W-SW 19 9.0 12.1 12:35 6.2 02:35 87 1020.5 3.2 3.5 24.5 19:30 W-SW 20 7.5 9.9 13:30 4.9 06:30 69 1019.6 0.0 4.6 21.9 13:55 W-SW 21 8.1 10.0 10:55 5.8 23:15 92 1003.3 7.9 2.8 12.8 07:35 W-SW 22 6.0 7.7 13:10 3.9 21:35 85 1004.8 1.1 4.7 18.7 13:55 W-SW 23 9.8 14.3 16:50 4.4 00:00 74 1000.2 1.1 5.7 16.1 22:55 W-SW 24 12.9 15.3 14:20 9.0 08:15 74 1005.6 0.0 2.8 11.8 12:45 O-NO 25 13.4 15.8 14:19 11.8 07:15 68 1008.7 0.0 0.9 18.5 19:40 W-SW 26 10.7 14.9 13:35 7.3 23:55 85 1021.9 0.0 0.4 6.8 12:45 NO 27 6.7 9.6 15:50 4.5 23:55 92 1025.4 0.4 0.5 7.3 13:30 NO 28 5.4 7.1 15:40 3.2 23:50 93 1024.7 0.4 0.4 7.8 14:05 NO 29 6.9 9.4 14:45 3.1 00:00 93 1032.3 1.1 0.8 10.3 17:50 N-NO 30 7.7 9.1 23:35 5.4 08:35 88 1036.4 0.0 2.0 12.0 13:00 NO -------------------------------------------------------------------------------------------------------------- Avg: 8.3 16.9 15 -1.2 2 82 1021.1 32.4 3.8 40.6 13 W-SW Distribution WD Values 3844 Distribution WD N-NO 3.434% Distribution WD NO 6.035% Distribution WD NO-O 3.512% Distribution WD O 1.847% Distribution WD O-SO 0.676% Distribution WD SO 0.884% Distribution WD SO-S 0.937% Distribution WD S 1.873% Distribution WD S-SW 2.784% Distribution WD SW 9.651% Distribution WD SW-W 28.538% Distribution WD W 25.182% Distribution WD W-NW 5.359% Distribution WD NW 3.824% Distribution WD NW-N 2.081% Distribution WD N 3.382% Rain days >0.0 l/m² Month 19 Rain days >2.0 l/m² Month 5 Rain days >20.0 l/m² Month 0 Ice days max < 0°C 0 Cold days min <= 0°C 1 Cool days max < 10°C 10 Summer days max >=25°C 0 Hot days max >=30°C 0 Last year same Month: Ice days max < 0°C 0 Last year same Month: Cold days min <= 0°C 11 Last year same Month: Cool days max < 10°C 17 Last year same Month: Summer days max >=25°C 0 Last year same Month: Hot days max >=30°C 0 © 1999-2020 Werner Krenn - Wetterstation Bedien- und Auswertesoftware - V2.99.8.8