MONTHLY CLIMATOLOGICAL SUMMARY for September 2006 CITY: Mannheim-Seckenheim ELEV: 96 m LAT: 49° 28' 7" LONG: 8° 33' 26" TEMPERATURE (°C), BAROMETER (hPa), RAIN (l/m²), WIND SPEED (km/h) MEAN TEMPERATURE WIND DOM DAY TEMP HIGH TIME LOW TIME HUM Baro Rain SPEED HIGH TIME DIR -------------------------------------------------------------------------------------------------------------- 1 18.7 26.0 16:11 12.0 07:16 69 1021.1 0.0 2.0 9.2 18:06 W-SW 2 20.4 26.8 14:06 15.8 01:36 72 1015.8 0.0 3.8 17.1 15:16 W-SW 3 20.7 23.2 23:46 18.2 04:31 79 1017.7 0.4 9.5 26.7 20:06 W-SW 4 23.6 27.4 14:16 19.8 07:21 68 1023.5 0.0 9.8 23.6 15:01 W 5 20.5 26.2 15:41 15.0 07:06 70 1026.4 0.0 2.6 11.3 16:06 O 6 20.3 28.6 16:01 13.7 06:46 75 1020.5 0.0 1.6 11.5 13:11 O-NO 7 20.2 29.8 16:16 14.8 07:06 78 1016.1 0.0 5.5 32.1 18:36 N-NO 8 15.9 21.7 16:01 10.2 07:11 66 1028.2 0.0 5.9 17.8 18:26 NO 9 17.2 24.7 15:41 11.0 04:21 61 1027.6 0.0 6.1 17.8 13:41 O-NO 10 18.5 26.8 16:11 11.6 02:11 66 1024.1 0.0 2.1 11.0 05:06 O 11 20.3 29.5 15:56 13.3 07:11 77 1022.2 0.0 1.2 9.9 12:31 W-SW 12 21.3 29.9 15:56 15.4 07:21 75 1019.6 0.0 1.4 8.7 14:11 W-SW 13 20.9 30.0 16:01 14.5 06:16 73 1016.7 0.0 1.6 10.3 12:26 O 14 20.5 27.8 15:31 13.6 06:36 70 1009.9 0.0 1.8 13.2 20:26 O-NO 15 20.3 23.0 14:51 17.3 06:46 68 1005.0 0.4 4.6 15.7 08:26 NO 16 18.9 24.6 14:26 15.2 07:16 81 1009.7 0.4 1.9 9.8 11:31 W-SW 17 18.5 22.4 13:51 16.2 03:26 86 1010.5 0.7 0.8 8.7 13:06 W-SW 18 17.6 18.8 16:11 16.1 23:56 87 1013.9 0.7 3.4 11.7 10:50 W 19 17.7 22.7 13:51 15.0 08:06 80 1017.3 0.0 3.4 15.4 14:31 W-SW 20 16.9 23.1 16:11 12.5 07:36 78 1019.8 0.0 1.0 9.5 12:51 W-SW 21 18.3 27.6 15:51 11.0 06:27 75 1016.7 0.0 2.0 11.3 15:41 O-NO 22 19.0 28.0 15:51 11.8 07:36 75 1014.8 0.0 1.4 10.3 13:07 O-NO 23 19.1 26.9 15:36 13.4 06:56 77 1013.8 0.0 1.6 10.8 10:51 NO 24 19.0 27.1 15:41 13.4 06:36 74 1011.4 0.0 1.7 9.2 14:01 O 25 17.6 22.5 15:11 14.8 04:31 83 1010.8 1.8 2.1 14.3 15:26 W 26 16.4 19.5 16:36 14.7 06:31 87 1017.2 8.3 0.8 8.9 16:41 W-SW 27 17.0 22.8 15:56 13.0 23:56 82 1018.2 0.0 1.1 8.9 15:31 W 28 15.2 21.5 15:11 10.9 06:41 86 1014.7 0.0 0.9 8.3 13:11 W-SW 29 16.5 22.8 15:31 13.3 06:26 83 1013.6 0.0 1.7 13.5 12:01 W-SW 30 18.0 24.6 15:01 13.8 03:41 83 1014.1 6.5 1.7 12.6 13:31 W-SW -------------------------------------------------------------------------------------------------------------- Avg: 18.8 30.0 13 10.2 8 76 1017.0 19.1 2.8 32.1 7 W-SW Distribution WD Values 3513 Distribution WD N-NO 5.038% Distribution WD NO 10.333% Distribution WD NO-O 11.073% Distribution WD O 9.536% Distribution WD O-SO 0.911% Distribution WD SO 0.769% Distribution WD SO-S 0.455% Distribution WD S 0.797% Distribution WD S-SW 1.139% Distribution WD SW 6.718% Distribution WD SW-W 20.638% Distribution WD W 18.446% Distribution WD W-NW 4.071% Distribution WD NW 3.160% Distribution WD NW-N 2.249% Distribution WD N 4.668% Rain days >0.0 l/m² Month 8 Rain days >2.0 l/m² Month 2 Rain days >20.0 l/m² Month 0 Ice days max < 0°C 0 Cold days min <= 0°C 0 Cool days max < 10°C 0 Summer days max >=25°C 15 Hot days max >=30°C 1 Last year same Month: Ice days max < 0°C 0 Last year same Month: Cold days min <= 0°C 0 Last year same Month: Cool days max < 10°C 0 Last year same Month: Summer days max >=25°C 11 Last year same Month: Hot days max >=30°C 4 © 1999-2020 Werner Krenn - Wetterstation Bedien- und Auswertesoftware - V2.99.8.8