MONTHLY CLIMATOLOGICAL SUMMARY for März 2006 CITY: Mannheim-Seckenheim ELEV: 96 m LAT: 49° 28' 7" LONG: 8° 33' 26" TEMPERATURE (°C), BAROMETER (hPa), RAIN (l/m²), WIND SPEED (km/h) MEAN TEMPERATURE WIND DOM DAY TEMP HIGH TIME LOW TIME HUM Baro Rain SPEED HIGH TIME DIR -------------------------------------------------------------------------------------------------------------- 1 0.7 2.7 16:25 -0.5 07:20 73 1007.6 0.4 9.8 26.0 16:00 W-SW 2 -0.2 2.7 14:40 -1.8 06:29 80 1007.6 0.4 6.5 22.0 13:29 W-SW 3 -0.0 1.5 13:44 -1.4 00:00 88 999.7 16.0 0.8 14.1 16:04 O-NO 4 -0.5 2.2 12:09 -3.3 06:09 89 1001.8 0.7 0.0 0.6 12:59 N 5 0.8 5.7 13:59 -1.7 02:09 83 1008.8 0.0 3.3 18.8 15:19 W-SW 6 1.6 4.9 12:44 -1.1 00:04 78 1017.2 0.0 6.0 22.5 13:29 W 7 1.7 6.3 15:54 -0.9 23:59 72 1022.0 0.0 6.2 19.3 12:49 W 8 1.1 6.0 23:54 -1.8 02:24 84 1011.1 15.5 2.4 17.0 23:54 O-NO 9 8.4 10.5 14:04 6.1 00:04 88 1001.9 6.5 10.8 29.1 15:04 W-SW 10 6.2 9.4 12:34 3.4 23:34 79 1005.6 1.8 10.2 27.0 15:54 W-SW 11 2.9 6.5 16:10 -1.7 23:35 84 1009.6 3.2 8.2 31.0 16:15 W-SW 12 -1.6 1.5 14:00 -3.9 07:10 68 1029.4 0.4 11.5 22.7 13:35 N-NO 13 -1.0 4.2 15:35 -5.4 06:30 65 1033.4 0.0 6.7 24.1 14:50 O-NO 14 -0.5 6.6 16:10 -5.1 06:50 66 1028.7 0.0 3.6 11.0 13:50 O-NO 15 0.8 5.3 15:40 -3.0 02:05 71 1023.7 0.0 5.8 20.5 16:20 NO 16 1.9 3.9 15:05 0.5 07:45 66 1024.6 0.0 7.4 21.1 13:40 NO 17 3.4 7.4 12:45 -0.2 07:05 67 1024.6 0.0 8.2 17.4 14:25 NO 18 4.3 10.1 14:45 0.5 06:45 66 1020.9 0.0 9.3 21.5 11:45 O-NO 19 4.6 14.0 16:10 -1.0 05:10 68 1015.2 0.0 3.9 12.1 15:29 NO 20 4.8 16.1 15:40 -3.0 06:45 65 1011.5 0.0 1.1 8.8 12:50 W-SW 21 3.8 5.8 12:40 2.4 00:00 82 1009.1 2.5 4.3 13.1 16:50 N 22 3.8 7.6 15:54 1.3 21:15 79 1011.0 0.7 5.2 14.3 13:40 NO 23 5.8 11.7 15:00 2.6 06:00 57 1013.4 0.0 6.9 17.7 10:25 O-NO 24 6.3 9.5 17:40 1.6 02:45 76 1006.5 1.1 2.6 11.7 04:40 O-NO 25 12.3 15.7 12:40 9.1 01:55 80 1010.4 1.8 9.4 23.5 15:29 W-SW 26 13.8 17.3 17:44 11.5 01:40 84 1014.8 2.5 5.8 17.1 08:50 W-SW 27 14.2 18.3 14:14 11.7 05:15 79 1010.6 5.0 5.5 25.3 08:30 W 28 11.4 15.5 15:40 8.2 23:54 75 1008.9 0.7 6.6 23.8 19:14 W 29 9.3 13.1 17:14 7.3 06:35 75 1013.0 0.4 9.2 26.1 13:35 W 30 10.7 14.0 17:50 8.4 04:39 82 1011.7 1.8 8.6 32.0 23:50 W-SW 31 14.2 17.1 14:05 12.4 23:55 69 1012.6 3.6 16.3 39.5 14:15 W -------------------------------------------------------------------------------------------------------------- Avg: 4.7 18.3 27 -5.4 13 75 1013.8 65.0 6.5 39.5 31 W-SW Distribution WD Values 6183 Distribution WD N-NO 9.332% Distribution WD NO 14.200% Distribution WD NO-O 12.114% Distribution WD O 3.882% Distribution WD O-SO 0.226% Distribution WD SO 0.194% Distribution WD SO-S 0.323% Distribution WD S 0.437% Distribution WD S-SW 1.181% Distribution WD SW 4.917% Distribution WD SW-W 26.088% Distribution WD W 19.068% Distribution WD W-NW 1.504% Distribution WD NW 1.181% Distribution WD NW-N 1.035% Distribution WD N 4.318% Rain days >0.0 l/m² Month 19 Rain days >2.0 l/m² Month 8 Rain days >20.0 l/m² Month 0 Ice days max < 0°C 0 Cold days min <= 0°C 16 Cool days max < 10°C 19 Summer days max >=25°C 0 Hot days max >=30°C 0 Last year same Month: Ice days max < 0°C 0 Last year same Month: Cold days min <= 0°C 10 Last year same Month: Cool days max < 10°C 13 Last year same Month: Summer days max >=25°C 0 Last year same Month: Hot days max >=30°C 0 © 1999-2020 Werner Krenn - Wetterstation Bedien- und Auswertesoftware - V2.99.8.8