MONTHLY CLIMATOLOGICAL SUMMARY for Januar 2006 CITY: Mannheim-Seckenheim ELEV: 96 m LAT: 49° 28' 7" LONG: 8° 33' 26" TEMPERATURE (°C), BAROMETER (hPa), RAIN (l/m²), WIND SPEED (km/h) MEAN TEMPERATURE WIND DOM DAY TEMP HIGH TIME LOW TIME HUM Baro Rain SPEED HIGH TIME DIR -------------------------------------------------------------------------------------------------------------- 1 4.1 6.3 14:03 2.5 06:28 89 1007.5 1.1 1.4 11.8 12:54 O-NO 2 2.7 5.3 14:18 -0.1 20:53 90 1020.7 0.4 1.2 7.5 17:53 N 3 2.1 4.4 14:38 -1.3 22:53 89 1030.6 0.0 1.7 8.8 12:53 N-NO 4 -0.5 2.3 15:03 -3.5 08:18 88 1030.6 0.0 4.0 17.8 18:33 NO 5 1.3 2.5 15:03 -2.3 23:53 78 1022.0 0.0 6.6 21.0 06:08 NO 6 1.3 3.2 14:08 -2.2 00:03 84 1022.7 0.0 1.0 9.1 07:48 NO 7 1.5 2.4 21:43 0.4 09:28 82 1028.0 0.0 0.9 11.5 22:33 O-NO 8 1.0 3.4 14:18 -3.2 23:18 82 1029.7 0.0 1.4 9.0 14:38 O-NO 9 -1.7 -0.3 12:43 -4.1 04:43 87 1032.0 0.0 0.4 7.4 18:19 O-NO 10 -1.8 -1.4 04:08 -2.4 23:59 84 1034.3 0.0 1.2 6.7 11:53 W-SW 11 -2.6 0.1 23:53 -4.2 08:48 86 1033.2 0.4 3.1 10.6 16:13 N-NO 12 0.4 1.8 14:48 -1.4 22:43 92 1035.0 4.0 0.4 6.1 00:54 NO 13 -1.8 0.2 11:59 -4.8 23:55 88 1033.7 0.0 1.7 14.9 13:09 NO 14 -5.1 -3.0 14:39 -7.3 08:49 90 1033.8 0.0 0.6 7.0 15:39 NO 15 -4.3 -2.7 15:29 -7.8 23:59 83 1028.7 0.0 1.2 8.0 12:30 NO 16 -6.0 -2.4 15:34 -9.3 08:19 87 1024.8 0.0 0.1 5.2 21:24 O 17 1.2 3.9 17:24 -3.2 00:04 89 1012.4 5.0 3.0 14.9 16:39 W-SW 18 3.6 5.9 13:04 1.3 23:34 87 1013.4 0.0 6.5 26.0 14:04 W 19 1.0 2.2 13:29 -1.5 06:39 93 1026.5 0.7 0.6 8.0 15:44 W-SW 20 3.7 5.9 21:14 1.8 04:09 92 1023.8 1.8 5.1 25.5 22:19 W-SW 21 4.5 6.7 14:09 2.3 01:29 84 1024.9 0.4 8.4 21.3 14:24 W 22 1.0 4.5 00:04 -3.0 23:39 83 1035.8 0.4 7.3 19.3 20:14 N 23 -4.5 -1.8 15:29 -6.9 08:59 68 1041.8 0.0 4.2 12.2 10:54 NO 24 -5.3 -0.1 15:39 -9.1 08:14 73 1037.1 0.0 0.7 8.3 13:39 W 25 -3.4 -0.4 21:14 -7.3 03:24 79 1023.3 3.0 0.5 7.4 15:14 SW 26 -2.0 -0.8 13:29 -5.8 23:54 85 1018.6 4.5 7.0 16.0 11:49 N-NO 27 -5.8 -2.3 14:34 -8.8 07:19 79 1023.8 0.0 3.6 12.5 12:44 N-NO 28 -4.6 1.3 15:29 -9.2 06:09 77 1025.2 0.0 2.3 9.8 04:44 N 29 -3.6 3.0 14:09 -7.9 07:59 73 1028.9 0.0 1.4 10.4 03:13 W-SW 30 -3.8 3.3 14:48 -9.1 05:29 77 1030.1 0.0 2.1 13.2 07:34 NO 31 -3.5 2.0 14:08 -6.9 05:43 86 1028.2 0.0 1.9 9.6 15:19 N -------------------------------------------------------------------------------------------------------------- Avg: -1.0 6.7 21 -9.3 16 84 1027.1 21.5 2.6 26.0 18 NO Distribution WD Values 3549 Distribution WD N-NO 15.328% Distribution WD NO 24.345% Distribution WD NO-O 8.960% Distribution WD O 3.663% Distribution WD O-SO 0.451% Distribution WD SO 0.676% Distribution WD SO-S 0.394% Distribution WD S 0.817% Distribution WD S-SW 1.352% Distribution WD SW 3.494% Distribution WD SW-W 10.144% Distribution WD W 11.412% Distribution WD W-NW 1.662% Distribution WD NW 2.170% Distribution WD NW-N 3.015% Distribution WD N 12.116% Rain days >0.0 l/m² Month 11 Rain days >2.0 l/m² Month 4 Rain days >20.0 l/m² Month 0 Ice days max < 0°C 10 Cold days min <= 0°C 26 Cool days max < 10°C 31 Summer days max >=25°C 0 Hot days max >=30°C 0 Last year same Month: Ice days max < 0°C 5 Last year same Month: Cold days min <= 0°C 13 Last year same Month: Cool days max < 10°C 24 Last year same Month: Summer days max >=25°C 0 Last year same Month: Hot days max >=30°C 0 © 1999-2020 Werner Krenn - Wetterstation Bedien- und Auswertesoftware - V2.99.8.8