MONTHLY CLIMATOLOGICAL SUMMARY for Dezember   2004

CITY: Mannheim-Seckenheim    ELEV: 96 m  LAT: 49 27' 47"   LONG: 8 33' 26" 

    TEMPERATURE (C), BAROMETER (hPa), RAIN  (l/m), WIND SPEED (km/h)

        MEAN            TEMPERATURE                                              WIND                   DOM
 DAY    TEMP    HIGH   TIME     LOW   TIME     HUM       Baro      Rain    SPEED      HIGH   TIME       DIR
--------------------------------------------------------------------------------------------------------------
   1     5.1     7.5  13:35     4.1  22:35      84     1009.1       1.4      1.0       8.8  15:50      W-SW
   2     5.0     7.2  14:35     3.3  01:00      89     1011.5       0.7      1.3      13.1  20:10      N-NO
   3     4.8     5.2  16:40     4.3  23:45      91     1019.8       1.1      2.2       9.8  18:05         N
   4     3.4     4.3  00:00     2.3  05:24      87     1029.8       0.0      5.1      12.8  05:09      N-NO
   5     2.1     2.8  14:05     1.5  08:40      86     1030.8       0.0      4.0      11.9  11:00         N
   6     2.8     6.3  14:05    -1.0  23:55      86     1030.9       0.0      0.2       3.7  09:45        NO
   7     0.9     2.8  17:39    -2.2  04:00      89     1030.8       0.4      1.1       9.4  05:10        NO
   8     3.3     4.8  14:00     1.3  05:25      83     1031.2       0.0      1.4      13.2  16:50      O-NO
   9     0.4     3.9  00:00    -2.8  23:55      87     1027.7       0.0      0.7       6.2  13:00        NO
  10    -2.8     0.1  14:55    -4.9  08:15      92     1026.6       0.0      0.2       7.1  13:35      W-SW
  11    -1.5    -1.2  23:40    -1.8  07:45      91     1029.3       0.0      0.9       7.2  11:25        NO
  12    -0.8    -0.3  14:25    -1.2  00:00      85     1030.9       0.0      0.6       8.3  20:10      O-NO
  13    -1.1    -0.8  00:00    -1.4  08:05      85     1031.6       0.0      0.8       6.6  18:25      W-SW
  14    -1.3    -0.8  14:30    -1.8  07:30      90     1031.4       0.0      0.4       5.0  05:25      W-SW
  15    -1.9    -1.0  12:41    -2.7  06:05      89     1027.4       0.0      1.5      11.0  13:01      W-SW
  16    -0.6     3.4  23:25    -4.5  08:50      89     1016.3       1.1      1.2       9.6  12:30      S-SW
  17     5.5     7.1  13:20     3.5  00:00      88      999.7       5.8      8.7      44.2  23:55      W-SW
  18     4.4     5.4  03:46     3.4  00:40      75     1007.9       2.5     18.4      41.9  00:55         W
  19     2.1     3.9  14:05    -1.4  23:40      86     1007.3       5.0      5.2      23.6  01:15         N
  20    -2.2     1.4  14:50    -4.9  23:55      83     1021.4       0.0      1.7       8.5  14:05        NO
  21    -4.3    -1.6  14:25    -7.9  08:20      84     1025.0       0.0      1.2       9.5  16:30      W-SW
  22    -2.2     0.5  23:40    -4.7  08:06      81     1024.0       0.0      6.1      22.8  20:50      W-SW
  23     3.7     6.4  22:15     0.5  00:00      91     1014.3       2.5     10.0      26.7  09:50      W-SW
  24     7.6     9.2  23:47     6.5  00:00      90     1008.9       2.2      9.5      22.1  13:52      W-SW
  25     7.0     9.4  00:52     3.8  23:38      83      999.1       0.7      5.7      21.3  04:13      W-SW
  26     3.8     4.7  14:29     2.6  09:24      87     1003.6       0.4      7.5      21.1  21:49         N
  27     2.4     3.8  00:04     1.2  23:44      77     1015.5       0.0      8.5      23.0  08:24         N
  28     1.0     2.2  23:54     0.0  08:14      85     1011.6       0.7      2.7      15.0  14:44      W-SW
  29     2.2     4.3  13:59    -1.1  23:59      87     1024.8       1.4      0.9       7.1  01:34      W-SW
  30     0.7     3.0  22:19    -1.9  02:29      90     1033.8       0.4      2.2       9.8  12:44      S-SO
  31     3.9     5.4  21:49     2.6  05:49      89     1027.9       1.8      3.3      14.3  22:59        SW
--------------------------------------------------------------------------------------------------------------
Avg:     1.7     9.4     25    -7.9     21      86     1020.6      28.1      3.7      44.2     17      W-SW


Distribution WD Values         4039
Distribution WD N-NO       11.4%
Distribution WD NO          7.4%
Distribution WD NO-O        3.3%
Distribution WD O           1.5%
Distribution WD O-SO        0.4%
Distribution WD SO          0.5%
Distribution WD SO-S        1.3%
Distribution WD S           2.3%
Distribution WD S-SW        3.4%
Distribution WD SW          9.6%
Distribution WD SW-W       23.4%
Distribution WD W          15.6%
Distribution WD W-NW        2.1%
Distribution WD NW          1.7%
Distribution WD NW-N        3.4%
Distribution WD N          12.6%

Rain days >0.0 l/m Month     16
Rain days >2.0 l/m Month     5 
Rain days >20.0 l/m Month    0


Ice days    max <  0C      6
Cold days   min <= 0C     16
Cool days   max < 10C     31
Summer days max >=25C      0
Hot days    max >=30C      0 

Last year same Month: Ice days    max <  0C      0
Last year same Month: Cold days   min <= 0C     16
Last year same Month: Cool days   max < 10C     28
Last year same Month: Summer days max >=25C      0
Last year same Month: Hot days    max >=30C      0 

 1999-2004  Werner Krenn / Mischa Thurnherr - Wetterstation Bedien- und Auswertesoftware - V2.85.0.6