MONTHLY CLIMATOLOGICAL SUMMARY for November   2004

CITY: Mannheim-Seckenheim    ELEV: 96 m  LAT: 49 27' 47"   LONG: 8 33' 26" 

    TEMPERATURE (C), BAROMETER (hPa), RAIN  (l/m), WIND SPEED (km/h)

        MEAN            TEMPERATURE                                              WIND                   DOM
 DAY    TEMP    HIGH   TIME     LOW   TIME     HUM       Baro      Rain    SPEED      HIGH   TIME       DIR
--------------------------------------------------------------------------------------------------------------
   1    10.6    12.4  13:45     8.5  00:29      81     1016.9       0.0      4.5      14.1  13:30        NO
   2    11.3    12.5  13:05    10.7  21:59      84     1017.5       0.0      3.7      13.1  13:55      N-NO
   3    11.9    15.8  14:56     9.8  23:46      86     1019.3       0.0      0.7       8.2  14:26        NO
   4    11.5    13.4  15:11     8.5  02:11      91     1020.6       1.1      0.4       6.7  10:26      W-SW
   5    10.4    12.8  12:06     6.7  22:06      78     1026.0       1.4      4.3      19.1  12:11         W
   6     7.3     9.2  15:41     4.6  05:46      85     1024.0       1.8      1.0       9.1  03:06      W-SW
   7     6.0     9.9  14:26     2.4  23:51      86     1021.2       0.0      2.3      15.8  13:11         N
   8     4.1     9.0  13:26     0.6  07:41      85     1018.6       0.0      0.8       8.7  12:16         W
   9     2.4     4.3  12:35     0.4  22:10      83     1012.5       3.6      4.9      17.1  18:36         W
  10     1.9     3.5  13:12     0.3  04:06      91     1010.6      16.2      0.9       6.6  00:41        SW
  11     3.2     4.2  14:33     2.0  06:23      87     1018.3       0.0      3.0       9.8  10:13      N-NO
  12     4.5     5.1  13:04     3.7  23:39      83     1022.3       0.7      2.4      13.5  21:04      W-SW
  13     5.0     7.5  13:13     3.1  22:14      80     1024.3       5.0      6.7      23.0  12:14         W
  14     2.4     6.4  13:34    -0.9  22:04      83     1031.2       0.0      3.1      12.8  15:54      N-NO
  15    -0.9     1.0  14:24    -3.1  08:04      92     1029.2       0.4      0.6       6.4  14:34        NO
  16     3.4     5.4  22:24    -0.2  00:03      88     1028.3       0.0      1.8      10.0  13:23        SW
  17     7.3     9.5  22:04     4.7  01:24      84     1025.0       0.0      7.6      17.6  16:29      W-SW
  18     9.4     9.9  11:29     8.0  23:20      81     1015.4       0.4     16.5      30.4  10:19      W-SW
  19     5.2     8.6  05:04     1.5  23:54      72     1011.6       2.9     18.3      47.5  05:54         W
  20     2.1     4.8  13:19    -0.8  23:54      67     1022.7       0.0      8.6      32.0  15:04         W
  21     0.7     3.8  21:54    -2.7  05:49      80     1026.9       2.2      0.6       6.4  13:34        NO
  22     8.0    10.8  14:18     3.1  00:04      90     1020.0      10.1      8.5      19.6  08:19      W-SW
  23     9.4    13.0  14:09     3.0  23:58      81     1024.0       0.7      8.9      30.1  12:33         W
  24     1.2     5.0  15:19    -1.8  23:19      87     1033.1       0.4      0.6       6.1  09:39        NO
  25    -1.0     2.4  14:39    -2.9  07:39      90     1029.0       0.0      0.7       7.8  20:44      W-SW
  26     3.4     6.7  16:29    -1.0  00:04      91     1025.5       0.4      1.7      12.3  16:19        NO
  27     7.3     9.5  14:19     5.4  00:04      90     1024.5       1.8      0.4       4.4  16:54      W-SW
  28     6.3     7.6  13:14     5.3  05:54      89     1016.8       1.4      1.2       7.6  12:04        SW
  29     6.3     8.0  14:49     3.6  23:54      86     1015.5       0.0      2.5      15.0  17:14        NO
  30     4.1     7.2  13:49     1.0  07:44      84     1012.5       0.4      3.5      18.3  12:19         N
--------------------------------------------------------------------------------------------------------------
Avg:     5.5    15.8      3    -3.1     15      85     1021.4      50.8      4.0      47.5     19      W-SW


Distribution WD Values         3981
Distribution WD N-NO       10.6%
Distribution WD NO         12.3%
Distribution WD NO-O        5.4%
Distribution WD O           1.7%
Distribution WD O-SO        0.4%
Distribution WD SO          0.1%
Distribution WD SO-S        0.3%
Distribution WD S           0.7%
Distribution WD S-SW        1.2%
Distribution WD SW          4.8%
Distribution WD SW-W       21.9%
Distribution WD W          18.1%
Distribution WD W-NW        4.1%
Distribution WD NW          3.7%
Distribution WD NW-N        3.7%
Distribution WD N          11.1%

Rain days >0.0 l/m Month     18
Rain days >2.0 l/m Month     6 
Rain days >20.0 l/m Month    0


Ice days    max <  0C      0
Cold days   min <= 0C      8
Cool days   max < 10C     23
Summer days max >=25C      0
Hot days    max >=30C      0 

Last year same Month: Ice days    max <  0C      0
Last year same Month: Cold days   min <= 0C      0
Last year same Month: Cool days   max < 10C     11
Last year same Month: Summer days max >=25C      0
Last year same Month: Hot days    max >=30C      0 

 1999-2004  Werner Krenn / Mischa Thurnherr - Wetterstation Bedien- und Auswertesoftware - V2.85.0.3