MONTHLY CLIMATOLOGICAL SUMMARY for September  2004

CITY: Mannheim-Seckenheim    ELEV: 96 m  LAT: 49 27' 47"   LONG: 8 33' 26" 

    TEMPERATURE (C), BAROMETER (hPa), RAIN  (l/m), WIND SPEED (km/h)

        MEAN            TEMPERATURE                                              WIND                   DOM
 DAY    TEMP    HIGH   TIME     LOW   TIME     HUM       Baro      Rain    SPEED      HIGH   TIME       DIR
--------------------------------------------------------------------------------------------------------------
   1    15.5    23.6  16:14     8.4  06:24      70     1018.7       0.0      1.1      11.9  16:29        NO
   2    17.8    27.3  16:19     9.5  06:59      62     1018.2       0.0      1.8      12.6  13:39      O-NO
   3    20.3    29.8  15:54    12.6  07:04      73     1022.0       0.0      0.6      10.3  15:09         W
   4    21.9    29.9  16:19    14.9  07:04      71     1027.0       0.0      1.7      10.8  18:39        NO
   5    22.0    29.6  16:00    15.0  07:04      59     1025.9       0.0      3.0      13.1  16:15         O
   6    21.1    27.9  15:54    14.0  07:19      57     1023.7       0.0      3.8      14.0  13:29        NO
   7    21.6    27.6  13:59    14.6  07:35      54     1025.7       0.0      5.9      15.8  16:19        NO
   8    20.3    26.7  16:14    15.8  07:34      56     1028.8       0.0      5.5      17.0  17:24        NO
   9    19.3    25.9  16:14    12.6  06:54      38     1027.6       0.0      5.3      14.0  13:59         O
  10    20.5    28.1  16:14    13.2  05:09      38     1020.6       0.0      3.4      12.6  00:04      O-NO
  11    21.1    26.4  14:55    17.8  07:20      69     1017.6       1.4      4.2      19.9  16:10         W
  12    18.0    21.8  14:35    12.1  23:55      67     1017.2       9.7      7.3      23.2  16:15         W
  13    16.5    23.6  15:30    11.2  01:15      66     1014.2       0.0      3.3      18.8  16:10      W-SW
  14    17.3    21.2  16:25    14.7  23:55      77     1011.8       3.6      3.0      20.6  18:15      W-SW
  15    15.1    20.0  13:59    11.8  07:20      76     1017.6       2.2      4.8      27.1  14:44         W
  16    12.7    19.8  16:00     7.0  07:04      68     1025.9       0.0      3.8      13.5  17:49        NO
  17    13.2    22.8  16:15     6.5  05:10      67     1024.8       0.0      2.1      13.5  14:35        NO
  18    15.0    25.3  16:25     7.2  07:00      72     1018.6       0.0      2.2      12.6  15:25      W-SW
  19    14.9    19.6  16:05    11.9  01:50      83     1017.1       0.0      0.9       9.8  17:11      W-SW
  20    15.2    20.0  14:20    10.2  05:10      68     1017.2       0.0      6.4      24.8  15:51      W-SW
  21    16.3    19.3  15:25    14.2  23:55      50     1016.2       0.0     16.7      36.5  16:00         W
  22    13.7    15.4  15:25    11.9  05:25      61     1017.4       1.4     14.9      32.4  21:20         W
  23    14.7    17.7  14:05    11.8  23:35      87     1007.5      11.2     15.3      34.0  13:35      W-SW
  24    12.0    15.9  15:35     8.3  05:30      75     1012.4       1.8      6.7      27.8  15:50         W
  25    11.9    14.1  16:30    10.6  04:50      78     1018.7       4.0      5.5      25.5  13:11         W
  26    11.1    14.3  15:20     9.0  07:15      93     1021.9       2.9      1.0      11.5  04:56      W-SW
  27    13.1    16.5  13:20    10.9  01:25      92     1022.2       1.1      2.6      14.0  12:30      W-SW
  28    15.3    20.3  13:30    12.2  06:20      88     1020.0       0.0      2.2      11.2  14:55      W-SW
  29    15.2    18.6  16:20    11.9  23:55      83     1016.7       0.4      4.1      20.0  14:10         W
  30    13.6    19.1  14:35     9.8  07:30      76     1020.7       0.0      1.3       8.1  14:15      O-NO
--------------------------------------------------------------------------------------------------------------
Avg:    16.5    29.9      4     6.5     17      69     1019.8      39.6      4.7      36.5     21         W


Distribution WD Values         4404
Distribution WD N-NO        5.2%
Distribution WD NO         11.1%
Distribution WD NO-O       10.0%
Distribution WD O           8.1%
Distribution WD O-SO        1.0%
Distribution WD SO          0.3%
Distribution WD SO-S        0.3%
Distribution WD S           0.5%
Distribution WD S-SW        0.8%
Distribution WD SW          4.1%
Distribution WD SW-W       22.6%
Distribution WD W          24.2%
Distribution WD W-NW        3.8%
Distribution WD NW          2.5%
Distribution WD NW-N        1.6%
Distribution WD N           4.0%

Rain days >0.0 l/m Month     11
Rain days >2.0 l/m Month     6 
Rain days >20.0 l/m Month    0


Ice days    max <  0C      0
Cold days   min <= 0C      0
Cool days   max < 10C      0
Summer days max >=25C     11
Hot days    max >=30C      0 

Last year same Month: Ice days    max <  0C      0
Last year same Month: Cold days   min <= 0C      0
Last year same Month: Cool days   max < 10C      0
Last year same Month: Summer days max >=25C     12
Last year same Month: Hot days    max >=30C      3 

 1999-2004  Werner Krenn / Mischa Thurnherr - Wetterstation Bedien- und Auswertesoftware - V2.84.9b0