MONTHLY CLIMATOLOGICAL SUMMARY for August     2004

CITY: Mannheim-Seckenheim    ELEV: 96 m  LAT: 49 27' 47"   LONG: 8 33' 26" 

    TEMPERATURE (C), BAROMETER (hPa), RAIN  (l/m), WIND SPEED (km/h)

        MEAN            TEMPERATURE                                              WIND                   DOM
 DAY    TEMP    HIGH   TIME     LOW   TIME     HUM       Baro      Rain    SPEED      HIGH   TIME       DIR
--------------------------------------------------------------------------------------------------------------
   1    25.1    30.1  15:04    20.2  06:24      51     1016.7       0.0      4.7      12.3  16:10        NO
   2    24.1    30.9  14:54    16.9  06:14      51     1014.7       0.0      3.0      12.0  16:54        NO
   3    24.2    32.5  16:49    15.7  06:39      49     1010.6       0.0      1.8       9.8  12:44        NO
   4    25.2    31.3  17:14    19.1  06:14      49     1009.5       0.0      2.2      12.0  18:59        NO
   5    26.3    33.4  15:14    17.6  05:59      37     1009.5       0.0      5.1      19.6  14:14      O-NO
   6    24.7    30.3  15:09    19.1  06:29      58     1012.1       0.0      1.1      10.4  14:54         W
   7    23.0    30.4  15:14    18.3  23:29      75     1012.9       3.6      2.6      18.0  17:54        NO
   8    24.2    32.6  16:15    17.2  04:50      63     1010.0       0.0      3.9      17.3  13:35      O-NO
   9    25.8    33.5  15:55    17.3  06:29      45     1010.2       0.0      4.8      19.8  14:40      O-NO
  10    26.3    31.7  14:19    21.5  23:55      38     1011.0       0.0      6.3      17.6  06:45         O
  11    23.1    29.3  16:50    19.0  06:40      69     1012.3       2.5      2.6      17.2  12:10        NO
  12    22.5    32.9  15:20    15.8  23:34      69     1008.8       9.7      3.9      28.5  17:35         W
  13    18.8    23.1  16:05    15.8  02:35      75     1009.8       0.7     10.0      27.2  10:50         W
  14    17.1    19.6  18:40    15.2  06:50      90     1014.5      13.7      5.4      17.6  07:55         W
  15    20.4    27.4  16:30    16.5  02:50      76     1020.0       0.0      0.9      10.6  16:25         W
  16    19.4    26.3  12:20    14.7  06:25      82     1011.7       1.1      1.9      11.5  18:19         W
  17    20.5    25.2  16:00    17.3  06:45      83     1008.6       0.0      1.5      12.6  13:35         W
  18    23.6    31.1  16:50    17.4  07:15      66     1007.8       7.9      3.4      30.7  23:15         W
  19    21.5    26.5  14:15    17.9  06:50      76     1010.8       5.0      4.1      20.0  01:15         W
  20    21.0    26.3  16:15    15.7  23:55      66     1010.7       1.1      6.8      22.5  20:44         W
  21    16.4    22.0  14:16    12.4  23:56      80     1014.0       9.0      5.9      23.3  13:41         W
  22    15.0    21.7  16:17     9.5  06:37      76     1022.4       0.4      1.1       8.8  11:52        NO
  23    18.6    26.7  15:43    11.6  06:18      65     1017.4       0.4      1.8      13.3  14:43         W
  24    18.5    22.5  17:23    15.9  05:04      80     1013.1      20.5      2.9      22.3  20:44         W
  25    17.0    20.1  13:14    14.2  05:44      72     1012.4       2.5      6.9      24.8  14:44         W
  26    16.4    21.9  14:39    13.9  05:59      85     1014.0      18.4      3.8      26.0  15:14         W
  27    17.4    24.3  16:44    11.1  03:24      73     1015.7       0.0      4.5      20.5  17:24         W
  28    18.4    20.3  16:19    17.2  07:23      78     1014.0       3.2      2.2      11.9  13:29      W-SW
  29    19.3    25.0  16:54    15.5  06:44      82     1014.6       6.5      1.7      22.0  13:29         W
  30    16.8    21.2  16:24    14.3  21:49      82     1013.7       3.6      5.1      23.1  19:59         W
  31    15.3    20.8  13:44    10.9  05:09      74     1017.5       0.4      2.0      27.0  18:49         W
--------------------------------------------------------------------------------------------------------------
Avg:    20.8    33.5      9     9.5     22      68     1012.9     110.2      3.7      30.7     18         W


Distribution WD Values         4230
Distribution WD N-NO        4.4%
Distribution WD NO          9.0%
Distribution WD NO-O       11.0%
Distribution WD O           8.8%
Distribution WD O-SO        0.7%
Distribution WD SO          0.4%
Distribution WD SO-S        0.2%
Distribution WD S           0.3%
Distribution WD S-SW        0.5%
Distribution WD SW          3.5%
Distribution WD SW-W       16.3%
Distribution WD W          31.6%
Distribution WD W-NW        6.1%
Distribution WD NW          2.2%
Distribution WD NW-N        1.8%
Distribution WD N           3.2%

Rain days >0.0 l/m Month     19
Rain days >2.0 l/m Month     13 
Rain days >20.0 l/m Month    1


Ice days    max <  0C      0
Cold days   min <= 0C      0
Cool days   max < 10C      0
Summer days max >=25C     20
Hot days    max >=30C     12 

Last year same Month: Ice days    max <  0C      0
Last year same Month: Cold days   min <= 0C      0
Last year same Month: Cool days   max < 10C      0
Last year same Month: Summer days max >=25C     29
Last year same Month: Hot days    max >=30C     20 

 1999-2004  Werner Krenn / Mischa Thurnherr - Wetterstation Bedien- und Auswertesoftware - V2.84.8c