MONTHLY CLIMATOLOGICAL SUMMARY for Juli       2004

CITY: Mannheim-Seckenheim    ELEV: 96 m  LAT: 49 27' 47"   LONG: 8 33' 26" 

    TEMPERATURE (C), BAROMETER (hPa), RAIN  (l/m), WIND SPEED (km/h)

        MEAN            TEMPERATURE                                              WIND                   DOM
 DAY    TEMP    HIGH   TIME     LOW   TIME     HUM       Baro      Rain    SPEED      HIGH   TIME       DIR
--------------------------------------------------------------------------------------------------------------
   1    19.8    22.2  16:28    17.3  23:58      50     1012.8       0.0      6.4      20.1  17:43         W
   2    16.4    20.5  13:03    13.6  06:08      74     1014.8       4.3      3.6      23.7  12:18         W
   3    16.4    22.0  17:59    11.6  04:49      70     1016.7       2.2      6.3      25.3  11:34         W
   4    18.6    24.3  16:18    13.9  06:10      56     1017.2       0.0      4.2      22.0  20:03         W
   5    20.2    27.0  16:49    13.0  04:59      58     1016.3       0.0      6.3      26.0  15:34         W
   6    20.5    26.7  16:39    15.2  06:44      46     1019.7       0.0      6.5      16.1  15:14        NO
   7    21.6    25.8  11:09    18.2  05:49      56     1014.1       2.9      4.6      14.3  01:13      O-NO
   8    19.1    23.7  14:19    15.6  07:19      82     1011.0      35.6      3.1      26.6  06:08         W
   9    17.0    19.6  13:04    12.8  23:59      69     1012.7       0.0     10.4      32.4  14:09         W
  10    15.4    21.9  16:25    10.0  05:14      70     1015.7       0.4      4.5      20.0  21:09         W
  11    14.9    20.5  14:29    10.1  05:24      74     1013.1       0.7      4.2      20.4  13:54         W
  12    15.9    20.7  16:09    12.1  06:09      73     1011.7       0.4      4.5      20.0  13:54         W
  13    16.0    20.4  15:49    13.4  05:39      64     1016.3       0.4      5.3      22.3  15:44      N-NO
  14    18.1    23.2  17:04    11.4  05:48      60     1019.0       0.0      3.5      15.7  16:34         W
  15    20.3    24.2  17:16    16.9  01:26      72     1016.9       0.4      4.0      20.3  17:01         W
  16    22.5    29.1  17:16    16.3  03:40      65     1016.1       0.0      3.3      16.4  14:26         W
  17    23.2    32.0  17:21    16.1  04:51      65     1014.7       0.0      2.7      35.8  21:01         W
  18    24.1    32.1  15:41    16.3  05:56      59     1015.7       0.0      3.8      24.1  20:06         W
  19    23.4    28.5  15:37    18.2  08:07      66     1017.7       4.7      2.6      40.4  07:12        NO
  20    20.8    24.4  18:43    17.8  05:53      81     1014.1       3.6      1.8      10.8  17:37         W
  21    24.8    32.3  15:54    16.3  06:19      62     1015.6       0.0      2.1      16.0  17:04         W
  22    25.2    30.8  15:59    19.8  06:49      62     1018.0       3.6      2.3      11.3  04:43        NO
  23    23.8    33.0  15:13    19.7  23:19      73     1017.5      41.4      3.4      23.5  15:48        NO
  24    22.2    26.7  16:59    18.9  01:49      69     1021.4       0.7      6.9      18.9  15:29         N
  25    20.6    27.4  15:44    12.9  05:54      57     1018.7       0.0      4.2      18.9  18:39      N-NO
  26    17.6    22.6  15:34    15.3  05:44      76     1015.5       2.5      2.8      15.0  16:14         W
  27    18.0    24.1  17:09    11.7  06:24      63     1019.4       0.0      3.2      14.6  15:34        NO
  28    19.6    27.3  16:44    11.1  05:19      53     1019.8       0.0      4.0      14.3  14:19      O-NO
  29    21.9    29.1  17:04    13.4  06:34      42     1016.8       0.0      4.5      17.5  11:14      O-NO
  30    22.8    31.2  15:49    13.7  05:59      50     1017.5       0.0      2.1      11.3  16:54        NO
  31    23.9    32.1  16:09    15.2  05:54      55     1018.6       0.0      0.8       9.2  16:44         W
--------------------------------------------------------------------------------------------------------------
Avg:    20.1    33.0     23    10.0     10      64     1016.3     103.7      4.1      40.4     19         W


Distribution WD Values         4760
Distribution WD N-NO        7.4%
Distribution WD NO         12.1%
Distribution WD NO-O        8.8%
Distribution WD O           5.5%
Distribution WD O-SO        0.4%
Distribution WD SO          0.4%
Distribution WD SO-S        0.1%
Distribution WD S           0.3%
Distribution WD S-SW        0.5%
Distribution WD SW          2.6%
Distribution WD SW-W       11.7%
Distribution WD W          30.1%
Distribution WD W-NW        7.0%
Distribution WD NW          3.6%
Distribution WD NW-N        2.7%
Distribution WD N           6.6%

Rain days >0.0 l/m Month     15
Rain days >2.0 l/m Month     9 
Rain days >20.0 l/m Month    2


Ice days    max <  0C      0
Cold days   min <= 0C      0
Cool days   max < 10C      0
Summer days max >=25C     16
Hot days    max >=30C      7 

Last year same Month: Ice days    max <  0C      0
Last year same Month: Cold days   min <= 0C      0
Last year same Month: Cool days   max < 10C      0
Last year same Month: Summer days max >=25C     25
Last year same Month: Hot days    max >=30C      8 

 1999-2004  Werner Krenn / Mischa Thurnherr - Wetterstation Bedien- und Auswertesoftware - V2.84.7