MONTHLY CLIMATOLOGICAL SUMMARY for Juni       2004

CITY: Mannheim-Seckenheim    ELEV: 96 m  LAT: 49 27' 47"   LONG: 8 33' 26" 

    TEMPERATURE (C), BAROMETER (hPa), RAIN  (l/m), WIND SPEED (km/h)

        MEAN            TEMPERATURE                                              WIND                   DOM
 DAY    TEMP    HIGH   TIME     LOW   TIME     HUM       Baro      Rain    SPEED      HIGH   TIME       DIR
--------------------------------------------------------------------------------------------------------------
   1    16.2    35.1  16:11     8.2  05:11      67     1016.5       0.0      2.4      32.4  20:16         W
   2    15.4    35.1  16:11     8.2  05:11      82     1017.4       0.0      2.7      32.4  20:16         W
   3    17.2    35.1  16:11     8.2  05:11      73     1021.6       0.0      7.2      32.4  20:16         N
   4    15.3    35.1  16:11     8.2  05:11      83     1021.0       1.4      2.4      32.4  20:16         W
   5    14.7    35.1  16:11     8.2  05:11      77     1017.1       0.7      5.3      32.4  20:16         N
   6    16.2    35.1  16:11     8.2  05:11      68     1019.9       0.0      2.0      32.4  20:16        NO
   7    19.7    35.1  16:11     8.2  05:11      58     1020.6       0.0      1.7      32.4  20:16        NO
   8    23.3    35.1  16:11     8.2  05:11      55     1020.3       0.0      1.3      32.4  20:16         W
   9    26.2    35.1  16:11     8.2  05:11      51     1019.7       0.0      3.0      32.4  20:16         W
  10    23.6    35.1  16:11     8.2  05:11      68     1019.2       5.4      3.1      32.4  20:16         W
  11    21.2    35.1  16:11     8.2  05:11      70     1018.2       2.9      5.6      32.4  20:16         W
  12    16.7    35.1  16:11     8.2  05:11      74     1019.5       1.8      5.3      32.4  20:16         W
  13    15.3    35.1  16:11     8.2  05:11      74     1026.0       0.4      5.3      32.4  20:16        NO
  14    18.7    35.1  16:11     8.2  05:11      59     1027.7       0.0      5.4      32.4  20:16      N-NO
  15    21.2    35.1  16:11     8.2  05:11      59     1019.3       0.0      5.1      32.4  20:16         W
  16    17.9    35.1  16:11     8.2  05:11      52     1018.4       0.0      9.8      32.4  20:16      N-NO
  17    19.3    35.1  16:11     8.2  05:11      53     1012.8       0.0      8.6      32.4  20:16         W
  18    17.8    35.1  16:11     8.2  05:11      53     1007.8       0.0      6.7      32.4  20:16         W
  19    13.8    35.1  16:11     8.2  05:11      79     1006.7       5.0      1.7      32.4  20:16         W
  20    14.7    35.1  16:11     8.2  05:11      69     1007.8       1.4      2.5      32.4  20:16         W
  21    15.7    35.1  16:11     8.2  05:11      68     1012.3       4.3      3.4      32.4  20:16         W
  22    17.3    35.1  16:11     8.2  05:11      71     1015.5       0.0      1.5      32.4  20:16         W
  23    21.3    35.1  16:11     8.2  05:11      56     1008.0       0.0     12.4      32.4  20:16         W
  24    18.6    35.1  16:11     8.2  05:11      41     1012.2       0.0     12.3      32.4  20:16         W
  25    17.4    35.1  16:11     8.2  05:11      47     1017.8       0.0      7.9      32.4  20:16         W
  26    18.8    35.1  16:11     8.2  05:11      47     1021.7       0.0      1.8      32.4  20:16         W
  27    23.2    35.1  16:11     8.2  05:11      47     1017.7       0.0      5.1      32.4  20:16         W
  28    22.1    35.1  16:11     8.2  05:11      39     1023.1       0.0      8.7      32.4  20:16         W
  29    20.0    35.1  16:11     8.2  05:11      43     1024.0       0.0      4.3      32.4  20:16         N
  30    21.3    35.1  16:11     8.2  05:11      45     1017.9       0.0      1.5      32.4  20:16         W
--------------------------------------------------------------------------------------------------------------
Avg:    18.7    35.1      9     8.2      6      61     1017.6      23.4      4.9      32.4     23         W


Distribution WD Values         4759
Distribution WD N-NO        9.4%
Distribution WD NO         10.5%
Distribution WD NO-O        4.1%
Distribution WD O           2.3%
Distribution WD O-SO        0.4%
Distribution WD SO          0.2%
Distribution WD SO-S        0.1%
Distribution WD S           0.3%
Distribution WD S-SW        0.4%
Distribution WD SW          1.5%
Distribution WD SW-W        9.8%
Distribution WD W          32.6%
Distribution WD W-NW       10.9%
Distribution WD NW          5.6%
Distribution WD NW-N        3.5%
Distribution WD N           8.4%

Rain days >0.0 l/m Month     9
Rain days >2.0 l/m Month     4 
Rain days >20.0 l/m Month    0


Ice days    max <  0C      0
Cold days   min <= 0C      0
Cool days   max < 10C      0
Summer days max >=25C     14
Hot days    max >=30C      4 

Last year same Month: Ice days    max <  0C      0
Last year same Month: Cold days   min <= 0C      0
Last year same Month: Cool days   max < 10C      0
Last year same Month: Summer days max >=25C     27
Last year same Month: Hot days    max >=30C     19 

 1999-2004  Werner Krenn / Mischa Thurnherr - Wetterstation Bedien- und Auswertesoftware - V2.84.4