MONTHLY CLIMATOLOGICAL SUMMARY for Mai        2004

CITY: Mannheim-Seckenheim    ELEV: 96 m  LAT: 49 27' 47"   LONG: 8 33' 26" 

    TEMPERATURE (C), BAROMETER (hPa), RAIN  (l/m), WIND SPEED (km/h)

        MEAN            TEMPERATURE                                              WIND                   DOM
 DAY    TEMP    HIGH   TIME     LOW   TIME     HUM       Baro      Rain    SPEED      HIGH   TIME       DIR
--------------------------------------------------------------------------------------------------------------
   1    15.4    18.3  00:00    11.9  23:55      73     1006.1       1.1      1.4      14.9  11:30         W
   2    15.6    22.5  15:25     9.6  06:40      61     1008.8       0.0      2.0      15.6  14:50         W
   3    15.6    22.8  14:15     7.2  06:45      61     1004.2       0.0      1.9      14.6  18:30         W
   4    17.0    23.6  14:40    12.1  07:50      61      994.4       1.4      3.0      15.9  13:55         W
   5    11.7    14.9  17:00     9.3  23:55      76      989.9       3.6      2.0      12.5  10:15         W
   6     9.7    12.5  12:00     8.0  03:50      89      994.5       7.9      1.5      10.2  17:30         W
   7     9.1    11.0  17:25     8.2  02:55      93      999.4      15.5      4.8      20.4  14:45         W
   8     8.5     9.6  16:55     7.5  23:20      91     1000.1       4.7      8.0      22.3  16:35         W
   9     9.0    11.4  14:05     7.2  01:35      95     1004.7       6.1      1.2      11.8  03:20         W
  10    12.0    16.4  17:16     8.8  06:46      87     1011.8       0.4      0.6       6.9  14:31      W-SW
  11    13.8    22.1  16:25     6.2  06:06      78     1016.2       3.2      2.1      22.1  18:05         W
  12    12.9    17.7  16:15     9.5  05:35      74     1016.2       0.0      6.6      19.3  16:10        NO
  13    11.6    15.8  16:35     8.8  10:00      71     1017.4       0.0      5.6      20.7  13:45      N-NO
  14    13.2    19.2  15:10     5.9  06:25      67     1022.4       0.0      2.8      11.6  14:55        NO
  15    14.8    21.0  15:35     7.5  05:56      63     1026.0       0.0      4.7      16.2  16:40        NO
  16    16.1    22.1  16:10    11.0  06:15      59     1026.1       0.0      5.3      15.5  11:51        NO
  17    17.3    24.9  16:50     8.8  06:25      52     1024.5       0.0      3.2      15.1  17:50        NO
  18    18.8    26.7  16:45     9.9  06:05      60     1022.4       0.0      3.3      16.4  17:05      N-NO
  19    19.5    27.4  16:45    10.9  06:15      56     1022.6       0.0      2.5      15.0  17:15         W
  20    19.2    26.0  15:05    11.4  06:06      59     1018.2       0.0      3.8      14.6  15:50        NO
  21    15.2    20.8  13:20    11.4  23:45      65     1014.2       0.0      8.3      26.6  16:40      N-NO
  22    11.1    14.2  15:00     6.6  23:56      50     1021.9       0.0      9.3      20.0  10:40      N-NO
  23    10.5    16.3  17:55     5.9  00:55      51     1024.2       0.0      6.7      18.6  12:46      N-NO
  24    11.8    19.3  15:56     2.3  06:00      52     1024.9       0.0      4.4      15.7  16:45        NO
  25    14.1    21.9  16:30     5.0  05:30      51     1021.0       0.0      4.1      16.5  15:55        NO
  26    14.7    21.0  16:45     7.0  05:35      54     1018.0       0.0      6.3      17.4  19:16      N-NO
  27    14.2    20.3  15:35     7.1  06:06      44     1021.2       0.0      6.6      16.8  19:00      N-NO
  28    14.5    21.0  16:50     7.3  05:56      47     1024.6       0.0      4.4      15.3  16:10        NO
  29    16.6    24.5  16:50     7.0  05:51      46     1024.8       0.0      3.5      14.7  16:25      O-NO
  30    18.8    27.3  16:46     8.9  05:35      35     1020.6       0.0      3.0      17.0  13:00        NO
  31    17.9    22.9  15:40    13.1  23:41      58     1018.2      10.1      6.3      19.7  01:26         W
--------------------------------------------------------------------------------------------------------------
Avg:    14.2    27.4     19     2.3     24      64     1014.8      54.0      4.2      26.6     21        NO


Distribution WD Values         4722
Distribution WD N-NO       16.3%
Distribution WD NO         18.4%
Distribution WD NO-O        7.6%
Distribution WD O           3.4%
Distribution WD O-SO        0.4%
Distribution WD SO          0.2%
Distribution WD SO-S        0.1%
Distribution WD S           0.2%
Distribution WD S-SW        0.3%
Distribution WD SW          1.7%
Distribution WD SW-W        7.2%
Distribution WD W          16.4%
Distribution WD W-NW        5.5%
Distribution WD NW          4.6%
Distribution WD NW-N        5.0%
Distribution WD N          12.5%

Rain days >0.0 l/m Month     10
Rain days >2.0 l/m Month     7 
Rain days >20.0 l/m Month    0


Ice days    max <  0C      0
Cold days   min <= 0C      0
Cool days   max < 10C      1
Summer days max >=25C      4
Hot days    max >=30C      0 

Last year same Month: Ice days    max <  0C      0
Last year same Month: Cold days   min <= 0C      0
Last year same Month: Cool days   max < 10C      0
Last year same Month: Summer days max >=25C     11
Last year same Month: Hot days    max >=30C      2 

 1999-2004  Werner Krenn / Mischa Thurnherr - Wetterstation Bedien- und Auswertesoftware - V2.83.5