MONTHLY CLIMATOLOGICAL SUMMARY for April      2004

CITY: Mannheim-Seckenheim    ELEV: 96 m  LAT: 49 27' 47"   LONG: 8 33' 26" 

    TEMPERATURE (C), BAROMETER (hPa), RAIN  (l/m), WIND SPEED (km/h)

        MEAN            TEMPERATURE                                              WIND                   DOM
 DAY    TEMP    HIGH   TIME     LOW   TIME     HUM       Baro      Rain    SPEED      HIGH   TIME       DIR
--------------------------------------------------------------------------------------------------------------
   1    12.3    22.9  16:04     4.7  05:24      55     1011.7       0.0      2.3      13.8  17:39         O
   2    14.3    22.3  16:30     5.9  07:20      52     1011.7       0.0      1.5      15.1  21:55        NO
   3    13.9    18.4  15:05    10.1  23:45      54     1021.0       0.0      5.1      17.7  10:40         W
   4    11.1    16.3  17:54     8.0  22:55      65     1021.0       0.7      4.5      24.0  17:54         W
   5     9.5    12.8  15:39     7.0  10:59      73     1015.3       5.0      6.9      27.8  19:29         W
   6     7.5    11.5  15:49     4.8  08:04      78     1006.1       9.4      6.3      28.0  13:59         W
   7     6.4    11.0  17:05     3.6  03:20      78     1007.9       2.2      5.9      28.3  15:50         W
   8     6.5    12.0  16:15     3.2  23:45      78     1013.6       5.4      4.2      24.4  16:35         W
   9     6.0    12.1  17:05     0.4  06:10      77     1014.5       0.4      5.5      20.0  14:35        NO
  10     7.9    14.3  17:00     3.0  05:34      72     1013.3       0.0      5.4      20.6  17:55      N-NO
  11     8.4    12.5  18:09     4.2  07:44      64     1018.8       0.0      4.8      15.9  11:44        NO
  12     9.5    16.1  16:15     1.8  06:15      53     1022.1       0.0      5.8      16.6  16:20        NO
  13     9.2    12.4  14:40     4.4  06:49      63     1020.8       0.0      5.8      15.5  17:55        NO
  14    11.6    17.5  16:09     7.0  23:50      50     1020.9       0.0      4.6      18.0  10:44      O-NO
  15    11.1    20.2  15:24     2.8  05:39      56     1019.4       0.0      0.8      14.4  16:29         W
  16    13.8    23.0  15:49     4.4  07:04      53     1015.4       0.0      3.5      15.6  16:29      O-NO
  17    15.0    24.9  15:59     6.9  05:44      53     1005.6       0.0      4.0      22.8  21:44         W
  18    14.2    21.1  16:53    10.5  06:59      62      997.8       0.0      5.4      23.5  19:34         W
  19    11.2    15.4  15:49     8.6  21:54      52      999.8       0.0      4.8      20.0  11:04         W
  20    12.2    17.6  15:09     6.0  03:54      52     1008.1       0.0      2.4      13.1  15:39         W
  21    16.2    23.2  15:19    10.9  05:03      62     1015.4       0.0      1.7      12.5  15:14         W
  22    17.1    27.5  15:59     7.7  06:45      59     1014.5       0.0      1.7      10.5  14:54         W
  23    13.4    16.1  00:04     7.7  23:59      74     1020.1       0.0      9.1      22.5  18:05         N
  24    11.8    19.0  17:14     5.5  04:10      63     1025.4       0.0      5.7      20.1  16:34        NO
  25    12.9    19.1  15:54     8.2  00:55      54     1026.3       0.0      5.0      13.9  18:04        NO
  26    13.8    21.9  16:29     5.3  05:34      52     1022.1       0.0      3.2      16.6  15:44      O-NO
  27    16.3    23.9  16:34     8.2  06:24      50     1013.4       0.0      3.9      15.8  11:29      O-NO
  28    17.5    25.6  15:35    11.5  06:35      59     1009.4       0.0      3.8      16.0  20:55        NO
  29    17.0    22.4  17:10    12.7  05:01      72     1004.7       2.2      3.3      11.8  13:50        NO
  30    19.8    27.6  15:40    11.8  06:30      51      998.7       0.0      3.2      15.1  00:40         W
--------------------------------------------------------------------------------------------------------------
Avg:    12.2    27.6     30     0.4      9      61     1013.8      25.2      4.3      28.3      7         W


Distribution WD Values         4779
Distribution WD N-NO       11.5%
Distribution WD NO         18.9%
Distribution WD NO-O       12.3%
Distribution WD O           7.8%
Distribution WD O-SO        0.6%
Distribution WD SO          0.0%
Distribution WD SO-S        0.1%
Distribution WD S           0.1%
Distribution WD S-SW        0.2%
Distribution WD SW          1.2%
Distribution WD SW-W        7.9%
Distribution WD W          25.5%
Distribution WD W-NW        3.2%
Distribution WD NW          1.9%
Distribution WD NW-N        1.6%
Distribution WD N           7.1%

Rain days >0.0 l/m Month     7
Rain days >2.0 l/m Month     5 
Rain days >20.0 l/m Month    0


Ice days    max <  0C      0
Cold days   min <= 0C      0
Cool days   max < 10C      0
Summer days max >=25C      3
Hot days    max >=30C      0 

Last year same Month: Ice days    max <  0C      0
Last year same Month: Cold days   min <= 0C      7
Last year same Month: Cool days   max < 10C      5
Last year same Month: Summer days max >=25C      5
Last year same Month: Hot days    max >=30C      0 

 1999-2004  Werner Krenn / Mischa Thurnherr - Wetterstation Bedien- und Auswertesoftware - V2.83.3