MONTHLY CLIMATOLOGICAL SUMMARY for Mrz       2004

CITY: Mannheim-Seckenheim    ELEV: 96 m  LAT: 49 27' 47"   LONG: 8 33' 26" 

    TEMPERATURE (C), BAROMETER (hPa), RAIN  (l/m), WIND SPEED (km/h)

        MEAN            TEMPERATURE                                              WIND                   DOM
 DAY    TEMP    HIGH   TIME     LOW   TIME     HUM       Baro      Rain    SPEED      HIGH   TIME       DIR
--------------------------------------------------------------------------------------------------------------
   1     0.0     4.2  15:13    -3.5  07:03      55     1029.0       0.0      4.7      19.3  12:03        NO
   2     0.4     1.4  13:04    -0.8  03:49      87     1031.6       2.5      0.3       6.5  01:29        NO
   3     2.0     9.1  16:14    -2.0  07:48      73     1031.5       0.0      0.8      12.1  12:29         W
   4     1.0     8.4  16:43    -3.9  06:53      68     1026.3       0.0      0.1       4.0  13:03      O-NO
   5     2.7     7.7  15:23    -2.0  03:58      55     1020.5       0.0      4.9      17.1  11:38      O-NO
   6     1.8     4.0  18:28    -0.1  05:33      81     1018.8       4.3      0.5      12.1  18:53         W
   7     3.5     6.9  16:28     1.5  01:38      77     1023.1       1.1      0.7       8.9  11:53         W
   8     1.9     5.0  13:44    -2.5  23:59      74     1027.5       0.4      3.5      15.5  12:19      N-NO
   9     0.2     5.4  15:28    -3.3  01:54      78     1027.6       5.4      1.2      11.8  16:33        NO
  10    -0.4     3.0  14:28    -3.6  03:33      78     1023.3       0.7      1.1       7.4  05:03      N-NO
  11     1.0     3.9  13:33    -1.2  00:03      74     1020.8       0.7      0.7       5.8  10:08        NO
  12     3.6    10.1  14:58    -3.2  05:33      71     1016.0       0.7      0.6       6.8  09:58      O-NO
  13     7.6    10.7  15:43     5.7  02:44      85     1019.2       2.5      0.3       9.6  05:38         W
  14     9.1    15.2  15:48     5.1  07:13      73     1028.4       0.0      1.6      12.6  11:38         W
  15    10.5    15.7  16:28     6.4  04:43      65     1031.9       0.0      2.7      21.6  13:03         W
  16    11.3    20.7  15:58     5.5  06:28      69     1032.9       0.0      0.5       9.5  11:58         W
  17    12.1    24.0  15:28     3.5  06:43      67     1029.1       0.0      0.8      11.0  14:28      W-SW
  18    13.4    23.5  14:58     5.8  05:43      65     1023.6       0.0      0.6       9.8  15:08         W
  19    14.1    16.6  14:08    11.5  07:13      57     1020.7       0.0     10.0      28.4  21:03         W
  20    12.7    14.8  20:53    10.4  05:23      82     1014.9       1.1     12.4      28.7  23:48         W
  21    11.0    15.4  16:13     6.9  22:17      67     1009.7       1.1     16.0      33.7  03:43         W
  22     7.7    11.7  13:43     4.0  23:58      72     1011.9       2.5      6.4      30.5  14:38         W
  23     6.4    11.1  15:08     2.6  01:23      78     1012.2       0.0      2.7      17.8  13:23        NO
  24     6.4     9.3  13:13     3.8  05:43      64     1013.8       0.0      9.0      22.0  15:23      N-NO
  25     4.2     6.3  14:33     1.9  23:25      62     1017.3       0.0      5.1      13.4  14:48        NO
  26     3.3     7.7  12:35    -0.7  07:00      66     1018.2       0.0      5.5      16.0  09:15        NO
  27     2.8     7.9  15:25    -1.5  23:35      64     1017.3       0.0      1.8       9.6  12:40        NO
  28     3.9    12.7  17:05    -3.5  07:14      59     1019.8       0.0      0.8       8.2  15:50        NO
  29     6.4    17.3  16:20    -2.5  07:10      58     1021.1       0.0      2.4      17.2  19:00      O-NO
  30    11.1    19.3  16:24     3.5  05:39      42     1016.5       0.0      6.5      21.6  14:24      O-NO
  31    11.2    19.6  15:55     3.9  07:25      50     1013.0       0.0      1.1      12.6  00:29      O-NO
--------------------------------------------------------------------------------------------------------------
Avg:     5.9    24.0     17    -3.9      4      68     1021.5      23.0      3.4      33.7     21         W


Distribution WD Values         3479
Distribution WD N-NO       12.7%
Distribution WD NO         18.6%
Distribution WD NO-O       11.4%
Distribution WD O           5.1%
Distribution WD O-SO        0.5%
Distribution WD SO          0.2%
Distribution WD SO-S        0.1%
Distribution WD S           0.2%
Distribution WD S-SW        0.2%
Distribution WD SW          1.4%
Distribution WD SW-W       10.6%
Distribution WD W          24.5%
Distribution WD W-NW        2.0%
Distribution WD NW          1.4%
Distribution WD NW-N        2.3%
Distribution WD N           8.8%

Rain days >0.0 l/m Month     12
Rain days >2.0 l/m Month     5 
Rain days >20.0 l/m Month    0


Ice days    max <  0C      0
Cold days   min <= 0C     15
Cool days   max < 10C     15
Summer days max >=25C      0
Hot days    max >=30C      0 

Last year same Month: Ice days    max <  0C      0
Last year same Month: Cold days   min <= 0C      8
Last year same Month: Cool days   max < 10C      2
Last year same Month: Summer days max >=25C      0
Last year same Month: Hot days    max >=30C      0 

 1999-2004  Werner Krenn / Mischa Thurnherr - Wetterstation Bedien- und Auswertesoftware - V2.83.1