MONTHLY CLIMATOLOGICAL SUMMARY for Februar    2004

CITY: Mannheim-Seckenheim    ELEV: 96 m  LAT: 49 27' 47"   LONG: 8 33' 26" 

    TEMPERATURE (C), BAROMETER (hPa), RAIN  (l/m), WIND SPEED (km/h)

        MEAN            TEMPERATURE                                              WIND                   DOM
 DAY    TEMP    HIGH   TIME     LOW   TIME     HUM       Baro      Rain    SPEED      HIGH   TIME       DIR
--------------------------------------------------------------------------------------------------------------
   1    11.0    12.6  14:48     9.3  22:29      59     1019.3       0.0     11.7      38.7  02:39         W
   2    11.3    12.6  14:49    10.2  00:04      64     1024.2       0.0      6.1      18.3  15:44         W
   3    10.1    14.0  14:19     6.3  07:59      68     1030.9       0.0      0.9       8.8  15:09         W
   4     9.5    13.7  15:03     6.2  07:38      62     1031.7       0.0      1.0       7.6  10:43        NO
   5    10.4    14.1  13:59     7.0  01:34      58     1028.3       0.0      2.0      11.3  23:49         W
   6    12.6    15.6  16:04     9.0  06:59      53     1021.4       0.0      3.4      23.8  23:08         W
   7    10.2    15.5  00:28     6.2  20:58      54     1016.7       0.4     15.8      39.1  11:19         W
   8     4.9     7.6  13:24     2.6  19:39      70     1014.4       7.6     16.9      38.9  13:34         W
   9     3.5     5.5  13:24     1.6  07:29      61     1029.8       0.0     15.0      29.9  16:44         W
  10     3.0     6.9  14:19    -0.4  05:33      61     1032.3       1.4      2.8      14.5  22:38         W
  11     1.8     2.9  15:19     0.3  01:39      98     1024.5      16.9      0.2       5.7  13:29      O-NO
  12     2.2     4.9  16:09    -0.2  21:34      87     1032.9       0.0      0.1       3.4  14:29      O-NO
  13     4.1     7.6  15:34     1.2  00:04      78     1033.5       0.0      0.0       2.1  14:49         O
  14     5.7     7.5  15:09     4.3  08:14      85     1027.2       0.0      0.1       3.5  15:14        NO
  15     5.9     8.0  14:38     4.2  06:44      84     1025.0       0.0      0.3       5.4  14:08      N-NO
  16     4.1    11.0  15:04    -0.3  07:54      76     1027.8       0.0      0.7       9.2  14:24         W
  17     1.5     6.1  14:04    -2.0  07:39      84     1027.2       0.4      2.2      12.0  15:59        NO
  18     3.5     6.3  14:34     1.2  07:24      70     1022.6       0.4      2.1      17.2  22:49      N-NO
  19     1.5     3.9  12:03    -1.0  07:08      61     1020.5       0.0     10.3      31.5  16:13      O-NO
  20     2.3     8.1  15:28    -1.5  07:33      50     1021.7       0.0      4.6      23.3  00:08      O-NO
  21     1.7     6.3  16:23    -2.2  04:23      60     1012.7       0.0      0.7       8.1  07:28        NO
  22     2.5     3.5  12:33     1.3  00:28      72     1007.3       1.8      1.9      16.8  20:43        NO
  23     0.9     4.7  14:14    -1.6  07:49      65     1013.9       0.0      5.3      15.8  15:04      N-NO
  24    -0.7     4.6  15:33    -6.0  07:34      64     1017.7       0.0      1.0       8.5  12:58         W
  25     0.1     1.0  12:08    -0.9  01:48      71     1009.3       1.0      1.5      11.0  11:48      W-SW
  26     0.2     3.5  16:18    -3.9  23:34      72     1003.7       5.0      1.2      11.0  15:28         W
  27    -1.5     5.2  13:09    -5.7  06:49      67     1000.9       0.0      0.7      13.6  16:04         W
  28    -1.1     5.5  13:53    -4.7  05:48      67     1004.3       0.0      1.4      17.0  13:38         W
  29    -0.4     4.5  15:23    -4.2  03:03      66     1016.4       0.0      2.9      14.5  17:39        NO
--------------------------------------------------------------------------------------------------------------
Avg:     4.2    15.6      6    -6.0     24      68     1020.6      34.8      3.9      39.1      7         W


Distribution WD Values         3304
Distribution WD N-NO        7.6%
Distribution WD NO         10.4%
Distribution WD NO-O        8.7%
Distribution WD O           2.8%
Distribution WD O-SO        0.2%
Distribution WD SO          0.1%
Distribution WD SO-S        0.1%
Distribution WD S           0.4%
Distribution WD S-SW        0.5%
Distribution WD SW          1.8%
Distribution WD SW-W       13.4%
Distribution WD W          41.9%
Distribution WD W-NW        3.8%
Distribution WD NW          1.7%
Distribution WD NW-N        1.9%
Distribution WD N           4.8%

Rain days >0.0 l/m Month     9
Rain days >2.0 l/m Month     3 
Rain days >20.0 l/m Month    0


Ice days    max <  0C      0
Cold days   min <= 0C     14
Cool days   max < 10C     21
Summer days max >=25C      0
Hot days    max >=30C      0 

Last year same Month: Ice days    max <  0C      2
Last year same Month: Cold days   min <= 0C     25
Last year same Month: Cool days   max < 10C     22
Last year same Month: Summer days max >=25C      0
Last year same Month: Hot days    max >=30C      0 

 1999-2003  Werner Krenn / Mischa Thurnherr - Wetterstation Bedien- und Auswertesoftware - V2.82.6