MONTHLY CLIMATOLOGICAL SUMMARY for November   2003

CITY: Mannheim-Seckenheim    ELEV: 96 m  LAT: 49 28' 7"   LONG: 8 33' 26" 

    TEMPERATURE (C), BAROMETER (hPa), RAIN  (l/m), WIND SPEED (km/h)

        MEAN            TEMPERATURE                                              WIND                   DOM
 DAY    TEMP    HIGH   TIME     LOW   TIME     HUM       Baro      Rain    SPEED      HIGH   TIME       DIR
--------------------------------------------------------------------------------------------------------------
   1     9.4    12.3  12:48     7.4  00:03      88      996.4       3.6      1.0      11.8  09:23         W
   2     9.7    12.1  12:33     6.6  08:33      73     1008.9       0.0      2.1      16.1  11:08         W
   3    11.7    15.5  14:18     9.7  06:48      72     1015.0       3.6      8.0      25.1  13:53         W
   4     9.0    15.9  14:28     4.4  23:53      86     1030.9       0.4      0.6       9.7  12:48         W
   5     6.6    15.1  14:53     1.8  07:24      85     1033.3       0.4      0.6       8.1  23:13         O
   6     5.9    12.9  14:08     1.0  06:58      78     1031.9       0.0      0.8       9.0  23:38         W
   7     7.6    11.4  14:10     4.3  06:30      59     1030.1       0.0     11.0      24.1  16:40      O-NO
   8     7.8    12.2  14:19     3.9  23:59      58     1022.6       0.0      5.1      25.9  01:40         O
   9     5.0    12.9  14:29     0.5  07:54      85     1025.6       0.0      0.2       5.2  14:44         O
  10     4.5    12.0  14:09     0.4  07:19      89     1025.5       0.0      0.5       6.9  23:19         O
  11     5.3     6.0  14:24     4.6  00:04      78     1025.2       0.0      0.9       8.9  01:19         O
  12     4.7     5.2  00:34     4.3  21:49      80     1023.1       0.0      0.2       5.6  16:39         O
  13     5.8     9.7  15:03     2.8  23:14      91     1027.5       0.4      0.0       0.4  12:18         N
  14     5.0     8.6  14:04     2.4  00:34      93     1023.8       0.4      0.5       8.5  15:13         W
  15     7.1    11.5  15:34     2.0  23:49      89     1018.8       0.0      0.1       3.1  08:34         W
  16     5.5     8.2  20:39     2.0  00:04      98     1014.4      12.6      1.2      15.3  23:29      W-NW
  17     6.7     8.3  13:29     5.5  05:24      77     1025.6       1.1      3.6      17.3  00:14         W
  18     6.9     9.2  23:14     4.8  03:59      94     1027.5       7.9      1.3       8.2  06:39         W
  19    10.0    11.0  15:39     9.0  07:39      89     1026.3       0.0      0.8       7.8  12:39         W
  20     7.9    10.0  00:04     3.4  23:49      89     1020.7       0.0      0.3       7.1  10:54      W-SW
  21     4.8    10.4  14:29     1.5  07:44      96     1015.7       0.4      0.1       5.4  13:39         W
  22     7.3    11.5  14:49     2.9  02:49      91     1012.0       0.0      0.1       4.2  13:09      W-SW
  23     7.2    10.4  13:48     4.5  07:48      94     1009.5       0.0      0.1       5.2  09:43         W
  24     8.8    13.5  14:09     6.1  22:04      91     1009.1       1.4      0.2       7.0  02:14         W
  25     9.3    12.2  13:49     6.9  00:04      91     1011.6       0.0      0.1       4.9  06:39      N-NO
  26     8.5    11.7  15:14     4.5  21:19      86     1006.0       0.4      0.3       5.0  14:04      O-NO
  27     7.4     8.8  13:29     6.3  00:39      97      999.7       5.4      0.9      11.6  23:38      N-NO
  28     6.3     7.8  00:03     5.2  23:43      93     1009.5       9.4      7.9      21.0  05:53        NW
  29     5.0     6.0  14:48     4.3  23:19      85     1016.2       0.0      0.9       8.0  00:28        NO
  30     5.0     7.7  15:03     1.6  06:29      91     1011.6       0.4      0.1       4.2  00:44      O-NO
--------------------------------------------------------------------------------------------------------------
Avg:     7.1    15.9      4     0.4     10      86     1018.5      47.5      1.7      25.9      8         W


Distribution WD Values         1872
Distribution WD N-NO        4.220%
Distribution WD NO          7.479%
Distribution WD NO-O       12.821%
Distribution WD O          14.103%
Distribution WD O-SO        0.427%
Distribution WD SO          0.160%
Distribution WD SO-S        0.107%
Distribution WD S           0.267%
Distribution WD S-SW        0.534%
Distribution WD SW          2.618%
Distribution WD SW-W       10.791%
Distribution WD W          24.412%
Distribution WD W-NW        6.624%
Distribution WD NW          6.464%
Distribution WD NW-N        4.006%
Distribution WD N           4.968%

Rain days >0.0 l/m Month     15
Rain days >2.0 l/m Month     6
Rain days >20.0 l/m Month    0


Ice days    max <  0C      0
Cold days   min <= 0C      0
Cool days   max < 10C     11
Summer days max >=25C      0
Hot days    max >=30C      0

Last year same Month: Ice days    max <  0C      0
Last year same Month: Cold days   min <= 0C      1
Last year same Month: Cool days   max < 10C     10
Last year same Month: Summer days max >=25C      0
Last year same Month: Hot days    max >=30C      0

 1999-2020  Werner Krenn - Wetterstation Bedien- und Auswertesoftware - V2.99.8.8