MONTHLY CLIMATOLOGICAL SUMMARY for Juni       2003

CITY: Mannheim-Seckenheim    ELEV: 96 m  LAT: 49 28' 7"   LONG: 8 33' 26" 

    TEMPERATURE (C), BAROMETER (hPa), RAIN  (l/m), WIND SPEED (km/h)

        MEAN            TEMPERATURE                                              WIND                   DOM
 DAY    TEMP    HIGH   TIME     LOW   TIME     HUM       Baro      Rain    SPEED      HIGH   TIME       DIR
--------------------------------------------------------------------------------------------------------------
   1    22.0    30.2  16:53    16.0  03:13      75     1012.8       0.0      1.5      11.0  17:33        NO
   2    23.3    31.6  15:03    15.7  05:13      65     1011.4       0.0      1.4      15.6  07:28         W
   3    23.7    31.7  16:23    17.6  04:28      70     1013.8       0.7      0.8      13.3  18:53         W
   4    25.5    33.3  17:39    18.5  04:18      62     1014.9       0.0      1.3      13.5  15:09         W
   5    24.4    31.2  17:48    18.4  06:13      65     1018.3       0.0      2.4      16.8  18:33         W
   6    23.2    29.3  15:32    16.5  06:08      62     1021.0       0.0      2.0      13.3  12:27      N-NO
   7    25.5    33.3  16:58    19.1  02:12      60     1018.3       0.0      0.7       9.5  13:18         W
   8    25.3    32.8  14:59    18.7  05:49      65     1014.1       0.0      2.9      31.2  18:54         W
   9    22.0    28.1  16:13    16.1  05:48      48     1020.5       0.0      2.7      16.8  03:33        NO
  10    24.9    34.8  16:19    14.9  05:09      54     1016.6       0.0      1.6      17.6  22:14         W
  11    25.4    32.2  16:14    18.5  05:49      60     1019.7       0.4      1.8      11.3  15:24         W
  12    26.0    36.4  17:14    18.3  05:49      57     1018.6       0.0      1.9      22.6  20:39      O-NO
  13    24.1    29.8  15:24    19.1  05:44      69     1020.9       0.0      2.5      11.6  20:19        NO
  14    22.3    30.5  13:24    17.4  05:59      72     1020.2      11.2      1.8      30.2  14:59         W
  15    22.5    28.0  16:19    16.8  06:44      70     1018.3       0.0      2.0      11.0  15:29        NO
  16    22.7    28.5  16:04    16.8  06:14      53     1015.1       0.0      4.2      13.8  17:49        NO
  17    24.2    32.1  15:49    16.1  05:28      49     1011.9       1.8      2.3      19.6  22:34        NO
  18    20.6    24.6  18:03    18.0  04:18      73     1018.0       0.0      5.3      21.0  17:58         W
  19    20.2    23.2  19:13    17.5  04:43      72     1023.5       0.0      3.4      14.9  20:28         W
  20    22.4    27.4  17:08    17.8  23:53      55     1019.5       1.1      9.2      25.6  15:08         W
  21    18.6    24.7  16:53    11.3  05:59      47     1020.3       0.0      3.3      14.4  13:53        NO
  22    22.7    32.6  16:54    11.6  05:34      48     1014.2       0.0      1.9      12.6  13:24        NO
  23    25.9    36.3  14:44    16.1  04:49      52     1009.9       0.0      6.8      23.9  21:54         W
  24    24.8    30.6  16:24    18.1  06:44      46     1017.6       0.0      4.9      21.3  14:34         W
  25    22.5    29.4  17:04    15.5  05:54      48     1020.1       0.0      4.7      15.2  19:39        NO
  26    23.8    32.0  15:19    14.4  05:34      43     1015.9       0.0      3.0      14.6  17:14        NO
  27    22.2    30.0  14:59    15.4  05:44      58     1014.9       0.0      1.3      11.3  15:49         W
  28    22.7    29.1  16:23    17.4  06:43      68     1014.5       0.0      2.0      12.4  14:58        NO
  29    24.1    32.1  17:09    16.5  05:53      56     1009.7       0.0      1.6      13.0  18:29         W
  30    24.1    33.4  15:39    16.5  05:19      59     1005.0       0.4      2.7      20.5  17:49         W
--------------------------------------------------------------------------------------------------------------
Avg:    23.4    36.4     12    11.3     21      59     1016.3      15.5      2.8      31.2      8         W


Distribution WD Values         3554
Distribution WD N-NO       10.805%
Distribution WD NO         15.391%
Distribution WD NO-O        7.850%
Distribution WD O           4.164%
Distribution WD O-SO        1.041%
Distribution WD SO          0.253%
Distribution WD SO-S        0.141%
Distribution WD S           0.253%
Distribution WD S-SW        0.169%
Distribution WD SW          0.872%
Distribution WD SW-W        5.656%
Distribution WD W          26.055%
Distribution WD W-NW       10.917%
Distribution WD NW          4.615%
Distribution WD NW-N        3.714%
Distribution WD N           8.104%

Rain days >0.0 l/m Month     6
Rain days >2.0 l/m Month     1
Rain days >20.0 l/m Month    0


Ice days    max <  0C      0
Cold days   min <= 0C      0
Cool days   max < 10C      0
Summer days max >=25C     27
Hot days    max >=30C     19

Last year same Month: Ice days    max <  0C      0
Last year same Month: Cold days   min <= 0C      0
Last year same Month: Cool days   max < 10C      0
Last year same Month: Summer days max >=25C     22
Last year same Month: Hot days    max >=30C      5

 1999-2020  Werner Krenn - Wetterstation Bedien- und Auswertesoftware - V2.99.8.8