MONTHLY CLIMATOLOGICAL SUMMARY for Mrz       2003

CITY: Mannheim-Seckenheim    ELEV: 96 m  LAT: 49 28' 7"   LONG: 8 33' 26" 

    TEMPERATURE (C), BAROMETER (hPa), RAIN  (l/m), WIND SPEED (km/h)

        MEAN            TEMPERATURE                                              WIND                   DOM
 DAY    TEMP    HIGH   TIME     LOW   TIME     HUM       Baro      Rain    SPEED      HIGH   TIME       DIR
--------------------------------------------------------------------------------------------------------------
   1     8.6    11.9  15:49     6.3  07:19      76     1021.4       2.5      0.3       5.2  20:59      O-NO
   2     8.5    11.9  12:24     6.3  23:04      89     1014.0       8.3      0.8      15.1  11:29      W-SW
   3     6.0     7.1  15:09     5.1  23:59      90     1020.0       8.3      0.1       5.2  17:59        NO
   4     6.8    12.0  15:14     2.5  02:44      77     1024.2       0.0      0.6       6.8  11:44        NO
   5     9.8    15.0  16:14     6.7  00:04      69     1020.5       0.4      0.7       7.8  23:29      O-NO
   6     8.1    10.4  00:04     5.5  07:49      72     1016.1       5.4      3.0      19.6  17:14      W-NW
   7     6.3    11.8  15:54     0.5  06:44      71     1024.2       0.0      0.4       6.8  20:54         W
   8     8.0    13.5  15:04     4.1  02:49      59     1024.1       0.0      4.7      23.7  10:59         W
   9     9.9    17.0  15:04     6.0  23:59      55     1024.6       0.0      2.2      16.5  16:29         W
  10    11.1    20.4  15:38     3.6  07:04      54     1026.3       0.0      1.1      11.6  15:08         W
  11    14.2    19.8  14:34    10.0  04:13      47     1020.5       0.0      3.0      23.1  15:04         W
  12    11.0    16.0  00:09     8.1  07:20      67     1023.1       5.4      7.4      25.3  03:25         W
  13     7.1    11.2  15:44     3.2  23:49      55     1033.9       0.0      6.4      18.1  10:29        NO
  14     4.4     9.4  13:50     0.5  06:09      47     1034.7       0.0      6.4      20.1  18:14      O-NO
  15     4.6    10.6  14:15    -0.1  05:50      54     1040.0       0.0      6.6      20.3  13:00      O-NO
  16     5.8    14.0  16:10     0.1  03:20      50     1042.5       0.0      3.0      15.6  15:00        NO
  17     5.8    15.0  15:25    -1.7  05:35      61     1034.7       0.0      2.8      18.8  22:50        NO
  18     5.8    15.3  15:45    -1.0  06:30      58     1032.7       0.0      2.3      11.1  15:55        NO
  19     6.7    16.0  15:05    -1.2  07:10      61     1029.1       0.0      1.2      11.8  15:20        NO
  20     5.7    12.7  16:10     0.4  06:50      62     1027.1       0.0      2.1      14.3  11:25      N-NO
  21     5.4    12.4  14:45    -0.5  05:30      61     1026.2       0.0      2.4      17.1  17:45      O-NO
  22     7.0    15.6  15:34    -0.8  06:49      25     1026.9       0.0      2.2      13.6  16:49      O-NO
  23     7.8    18.7  16:00    -1.1  06:49      25     1028.2       0.0      0.5       6.6  01:09      O-NO
  24     9.5    22.1  15:55    -0.7  06:40      46     1028.2       0.0      0.3       6.5  14:35         W
  25    12.8    22.7  15:09     4.1  06:09      51     1023.8       0.0      0.8       7.9  17:09        NO
  26    13.1    19.9  14:10     9.5  23:59      77     1020.2       2.5      1.5      14.4  15:05        NO
  27    11.9    20.6  16:19     5.8  05:24      77     1018.2       0.0      0.2       5.9  13:19        NO
  28    13.6    23.8  15:44     5.2  06:49      65     1014.9       0.0      0.5      10.8  18:15         W
  29    16.0    23.0  16:10    10.4  03:35      60     1014.0       0.4      0.9      12.7  15:05         W
  30    15.0    22.6  15:00     9.1  07:00      71     1015.2       0.4      1.8      16.9  18:49        NO
  31    11.4    16.1  16:05     7.2  23:50      50     1022.2       0.0      5.8      16.6  10:55        NO
--------------------------------------------------------------------------------------------------------------
Avg:     9.0    23.8     28    -1.7     17      61     1024.9      33.5      2.3      25.3     12        NO


Distribution WD Values         2803
Distribution WD N-NO       12.594%
Distribution WD NO         19.372%
Distribution WD NO-O       17.196%
Distribution WD O           8.313%
Distribution WD O-SO        0.749%
Distribution WD SO          0.392%
Distribution WD SO-S        0.143%
Distribution WD S           0.214%
Distribution WD S-SW        0.285%
Distribution WD SW          0.749%
Distribution WD SW-W        5.316%
Distribution WD W          15.055%
Distribution WD W-NW        3.960%
Distribution WD NW          3.211%
Distribution WD NW-N        2.497%
Distribution WD N           9.954%

Rain days >0.0 l/m Month     9
Rain days >2.0 l/m Month     6
Rain days >20.0 l/m Month    0


Ice days    max <  0C      0
Cold days   min <= 0C      8
Cool days   max < 10C      2
Summer days max >=25C      0
Hot days    max >=30C      0

Last year same Month: Ice days    max <  0C      0
Last year same Month: Cold days   min <= 0C      7
Last year same Month: Cool days   max < 10C      6
Last year same Month: Summer days max >=25C      0
Last year same Month: Hot days    max >=30C      0

 1999-2020  Werner Krenn - Wetterstation Bedien- und Auswertesoftware - V2.99.8.8